{"id":41955,"date":"2026-04-19T15:24:49","date_gmt":"2026-04-19T15:24:49","guid":{"rendered":"https:\/\/singuli.wpress.me\/index.php\/proizvod\/neutro-roberts-manneti-dermazero-dezodorans-u-sticku-40-ml\/"},"modified":"2026-04-20T12:33:42","modified_gmt":"2026-04-20T12:33:42","slug":"neutro-roberts-manneti-dermazero-dezodorans-u-sticku-40-ml","status":"publish","type":"product","link":"https:\/\/singuli.wpress.me\/index.php\/proizvod\/neutro-roberts-manneti-dermazero-dezodorans-u-sticku-40-ml\/","title":{"rendered":"NEUTRO ROBERTS Manneti Dermazero, dezodorans u sticku, 40\u00a0ml"},"content":{"rendered":"<p>Neutro Roberts deo stick Dermazero donosi naprednu za\u0161titu od znojenja i neugodnih mirisa. <\/p>\n<p>Inovativna formula donosi hipoalergensku za\u0161titu od znojenja \u010dime ko\u017ei osigurava svu potrebnu njegu za obavljanje svih aktivnosti tijekom dana. <\/p>\n<p>Neutro Roberts deo stick Dermazero ne sadr\u017ei alkohol, parabene i aluminijske soli pa je njegovo kori\u0161tenje mogu\u0107e na razli\u010ditim tipovima ko\u017ee. <\/p>\n<p>Nova formula minimizira rizik od nastajanja alergija.<\/p>\n","protected":false},"excerpt":{"rendered":"<p>\u0160titi tijelo od neugodnih mirisa<br \/>\nSprje\u010dava nastajanje znoja<br \/>\nOsigurava hipoalergensku za\u0161titu<\/p>\n","protected":false},"featured_media":0,"template":"","meta":{"_seopress_robots_primary_cat":"","_seopress_titles_title":"","_seopress_titles_desc":"","_seopress_robots_index":"","iawp_total_views":0},"product_brand":[412],"product_cat":[285,268],"product_tag":[],"class_list":{"0":"post-41955","1":"product","2":"type-product","3":"status-publish","5":"product_brand-neutro-roberts","6":"product_cat-dezodoransi-268","7":"product_cat-kozmetika-2","9":"first","10":"outofstock","11":"shipping-taxable","12":"purchasable","13":"product-type-simple"},"_links":{"self":[{"href":"https:\/\/singuli.wpress.me\/index.php\/wp-json\/wp\/v2\/product\/41955","targetHints":{"allow":["GET"]}}],"collection":[{"href":"https:\/\/singuli.wpress.me\/index.php\/wp-json\/wp\/v2\/product"}],"about":[{"href":"https:\/\/singuli.wpress.me\/index.php\/wp-json\/wp\/v2\/types\/product"}],"version-history":[{"count":0,"href":"https:\/\/singuli.wpress.me\/index.php\/wp-json\/wp\/v2\/product\/41955\/revisions"}],"wp:attachment":[{"href":"https:\/\/singuli.wpress.me\/index.php\/wp-json\/wp\/v2\/media?parent=41955"}],"wp:term":[{"taxonomy":"product_brand","embeddable":true,"href":"https:\/\/singuli.wpress.me\/index.php\/wp-json\/wp\/v2\/product_brand?post=41955"},{"taxonomy":"product_cat","embeddable":true,"href":"https:\/\/singuli.wpress.me\/index.php\/wp-json\/wp\/v2\/product_cat?post=41955"},{"taxonomy":"product_tag","embeddable":true,"href":"https:\/\/singuli.wpress.me\/index.php\/wp-json\/wp\/v2\/product_tag?post=41955"}],"curies":[{"name":"wp","href":"https:\/\/api.w.org\/{rel}","templated":true}]}}