{"id":41966,"date":"2026-04-19T15:24:51","date_gmt":"2026-04-19T15:24:51","guid":{"rendered":"https:\/\/singuli.wpress.me\/index.php\/proizvod\/dr-oetker-vitalis-cokoladni-musli-375-g\/"},"modified":"2026-04-20T12:33:42","modified_gmt":"2026-04-20T12:33:42","slug":"dr-oetker-vitalis-cokoladni-musli-375-g","status":"publish","type":"product","link":"https:\/\/singuli.wpress.me\/index.php\/proizvod\/dr-oetker-vitalis-cokoladni-musli-375-g\/","title":{"rendered":"DR. OETKER Vitalis, \u010dokoladni musli, 375\u00a0g"},"content":{"rendered":"<p>Puno prave mlije\u010dne \u010dokolade \u010dini Vitalis \u010cokoladne m\u00fcsle neodoljivim u\u017eitkom jer su komadi\u0107i fine mlije\u010dne i tamne \u010dokolade nje\u017eni i neodoljivo ukusni. <\/p>\n<p>S vrijednim integralnim\u00a0 zobenim pahuljicama, popsima i bademima, Vitalis \u010cokoladni m\u00fcsli postaju nezamjenjivim \u010dokoladnim u\u017eitkom. <\/p>\n<p>Vitalis \u010cokoladni m\u00fcsli u trendu su kod potro\u0161a\u010da i svojim odabranim sastojcima i profinjenom recepturom brinu o zdravom i ukusnom po\u010detku novog dana. <\/p>\n<p>Vitalis \u010cokoladni m\u00fcsli \u2013 zapo\u010dnite dan pravim \u010dokoladnim u\u017eitkom!<\/p>\n<p>Skladi\u0161tenje:\u00a0Nakon upotrebe dobro zatvorite vre\u0107icu kako bi m\u00fcsli ostali svje\u017ei i hrskavi. Upotreba:\u00a040 g Vitalisa + 60 ml mlijeka (1.5% m.m.)<\/p>\n","protected":false},"excerpt":{"rendered":"<p>Puno prave mlije\u010dne \u010dokolade<br \/>\nKomadi\u0107i mlije\u010dne i tamne \u010dokolade<br \/>\nOdabrani sastojci i profinjena receptura<\/p>\n","protected":false},"featured_media":0,"template":"","meta":{"_seopress_robots_primary_cat":"","_seopress_titles_title":"","_seopress_titles_desc":"","_seopress_robots_index":"","iawp_total_views":0},"product_brand":[328],"product_cat":[261,307],"product_tag":[],"class_list":{"0":"post-41966","1":"product","2":"type-product","3":"status-publish","5":"product_brand-dr-oetker","6":"product_cat-hrana-i-pice","7":"product_cat-zitarice-i-dorucak-261","9":"first","10":"outofstock","11":"shipping-taxable","12":"purchasable","13":"product-type-simple"},"_links":{"self":[{"href":"https:\/\/singuli.wpress.me\/index.php\/wp-json\/wp\/v2\/product\/41966","targetHints":{"allow":["GET"]}}],"collection":[{"href":"https:\/\/singuli.wpress.me\/index.php\/wp-json\/wp\/v2\/product"}],"about":[{"href":"https:\/\/singuli.wpress.me\/index.php\/wp-json\/wp\/v2\/types\/product"}],"version-history":[{"count":0,"href":"https:\/\/singuli.wpress.me\/index.php\/wp-json\/wp\/v2\/product\/41966\/revisions"}],"wp:attachment":[{"href":"https:\/\/singuli.wpress.me\/index.php\/wp-json\/wp\/v2\/media?parent=41966"}],"wp:term":[{"taxonomy":"product_brand","embeddable":true,"href":"https:\/\/singuli.wpress.me\/index.php\/wp-json\/wp\/v2\/product_brand?post=41966"},{"taxonomy":"product_cat","embeddable":true,"href":"https:\/\/singuli.wpress.me\/index.php\/wp-json\/wp\/v2\/product_cat?post=41966"},{"taxonomy":"product_tag","embeddable":true,"href":"https:\/\/singuli.wpress.me\/index.php\/wp-json\/wp\/v2\/product_tag?post=41966"}],"curies":[{"name":"wp","href":"https:\/\/api.w.org\/{rel}","templated":true}]}}