{"id":42011,"date":"2026-04-19T15:25:05","date_gmt":"2026-04-19T15:25:05","guid":{"rendered":"https:\/\/singuli.wpress.me\/index.php\/proizvod\/braun-combipack-10b-zamjenska-mrezica-i-noz\/"},"modified":"2026-04-20T12:33:42","modified_gmt":"2026-04-20T12:33:42","slug":"braun-combipack-10b-zamjenska-mrezica-i-noz","status":"publish","type":"product","link":"https:\/\/singuli.wpress.me\/index.php\/proizvod\/braun-combipack-10b-zamjenska-mrezica-i-noz\/","title":{"rendered":"BRAUN Combipack 10B, zamjenska mre\u017eica i no\u017e"},"content":{"rendered":"<p><span style=\"font-weight: bold\">Braun Combipack 10B<\/span> (serija 1 i FreeControl) je mre\u017eica za brijanje i o\u0161trica.<\/p>\n<p>Preporu\u010da se mijenjati mre\u017eicu i o\u0161tricu svakih 18 mjeseci jer se prosje\u010dnom upotrebom tijekom tog vremena ukloni pribli\u017eno 6.000.000 dlaka, \u0161to istro\u0161i o\u0161tricu i mre\u017eicu.<\/p>\n<p>Odlikuje ga tehnologija SmartFoil koja svojim jedinstvenim uzorcima bilje\u017ei rast dla\u010dica u razli\u010ditim smjerovima.<\/p>\n<p>Prikladno za modele:<br \/>\n&#8211; Serije 1\u2013170<br \/>\n&#8211; Serije 1\u2013190<br \/>\n&#8211; FreeControl 1715<br \/>\n&#8211; FreeControl 1775<\/p>\n","protected":false},"excerpt":{"rendered":"<p>Prikladno za: Series 1-170, Series 1-190, FreeControl 1715 i FreeControl 1775.<br \/>\nBraun preporu\u010duje zamjenu glave brija\u010da svakih 18 mjeseci.<br \/>\nJednostavna zamjena.<\/p>\n","protected":false},"featured_media":0,"template":"","meta":{"_seopress_robots_primary_cat":"","_seopress_titles_title":"","_seopress_titles_desc":"","_seopress_robots_index":"","iawp_total_views":0},"product_brand":[144],"product_cat":[280,192,279],"product_tag":[],"class_list":{"0":"post-42011","1":"product","2":"type-product","3":"status-publish","5":"product_brand-braun","6":"product_cat-aparati-za-muskarce-279","7":"product_cat-aparati-za-osobnu-njegu","8":"product_cat-brijanje-i-sisanje-192","10":"first","11":"outofstock","12":"shipping-taxable","13":"purchasable","14":"product-type-simple"},"_links":{"self":[{"href":"https:\/\/singuli.wpress.me\/index.php\/wp-json\/wp\/v2\/product\/42011","targetHints":{"allow":["GET"]}}],"collection":[{"href":"https:\/\/singuli.wpress.me\/index.php\/wp-json\/wp\/v2\/product"}],"about":[{"href":"https:\/\/singuli.wpress.me\/index.php\/wp-json\/wp\/v2\/types\/product"}],"version-history":[{"count":0,"href":"https:\/\/singuli.wpress.me\/index.php\/wp-json\/wp\/v2\/product\/42011\/revisions"}],"wp:attachment":[{"href":"https:\/\/singuli.wpress.me\/index.php\/wp-json\/wp\/v2\/media?parent=42011"}],"wp:term":[{"taxonomy":"product_brand","embeddable":true,"href":"https:\/\/singuli.wpress.me\/index.php\/wp-json\/wp\/v2\/product_brand?post=42011"},{"taxonomy":"product_cat","embeddable":true,"href":"https:\/\/singuli.wpress.me\/index.php\/wp-json\/wp\/v2\/product_cat?post=42011"},{"taxonomy":"product_tag","embeddable":true,"href":"https:\/\/singuli.wpress.me\/index.php\/wp-json\/wp\/v2\/product_tag?post=42011"}],"curies":[{"name":"wp","href":"https:\/\/api.w.org\/{rel}","templated":true}]}}