{"id":42017,"date":"2026-04-19T15:25:08","date_gmt":"2026-04-19T15:25:08","guid":{"rendered":"https:\/\/singuli.wpress.me\/index.php\/proizvod\/bison-pu-flex-silikonsko-brtvilo-na-bazi-poliuretana-300-ml\/"},"modified":"2026-04-20T12:33:42","modified_gmt":"2026-04-20T12:33:42","slug":"bison-pu-flex-silikonsko-brtvilo-na-bazi-poliuretana-300-ml","status":"publish","type":"product","link":"https:\/\/singuli.wpress.me\/index.php\/proizvod\/bison-pu-flex-silikonsko-brtvilo-na-bazi-poliuretana-300-ml\/","title":{"rendered":"BISON Pu Flex, silikonsko brtvilo, na bazi poliuretana, 300\u00a0ml"},"content":{"rendered":"<p>Brtvilo za brtvljenje i lijepljenje u ekstremnim (vremenskim) uvjetima.<\/p>\n<p>Pogodno za vodootporno brtvljenje spojeva du\u017e okvira prozora i dimnjaka, pukotina na zidovima. Tako\u0111er prikladno za lijepljenje crijepa i dijelova krovnih \u017eljebova. Ve\u017ee se za mnoge gra\u0111evinske materijale, kao \u0161to su cigle, drvo, kamen i razne vrste plastike.<\/p>\n","protected":false},"excerpt":{"rendered":"<p>Na bazi poliuretana<br \/>\nVodootporno<br \/>\nZa unutarnju i vanjsku upotrebu<\/p>\n","protected":false},"featured_media":0,"template":"","meta":{"_seopress_robots_primary_cat":"","_seopress_titles_title":"","_seopress_titles_desc":"","_seopress_robots_index":"","iawp_total_views":0},"product_brand":[494],"product_cat":[264,238],"product_tag":[],"class_list":{"0":"post-42017","1":"product","2":"type-product","3":"status-publish","5":"product_brand-bison","6":"product_cat-ljepila-i-brtvila-238","7":"product_cat-sve-za-dom","9":"first","10":"outofstock","11":"shipping-taxable","12":"purchasable","13":"product-type-simple"},"_links":{"self":[{"href":"https:\/\/singuli.wpress.me\/index.php\/wp-json\/wp\/v2\/product\/42017","targetHints":{"allow":["GET"]}}],"collection":[{"href":"https:\/\/singuli.wpress.me\/index.php\/wp-json\/wp\/v2\/product"}],"about":[{"href":"https:\/\/singuli.wpress.me\/index.php\/wp-json\/wp\/v2\/types\/product"}],"version-history":[{"count":0,"href":"https:\/\/singuli.wpress.me\/index.php\/wp-json\/wp\/v2\/product\/42017\/revisions"}],"wp:attachment":[{"href":"https:\/\/singuli.wpress.me\/index.php\/wp-json\/wp\/v2\/media?parent=42017"}],"wp:term":[{"taxonomy":"product_brand","embeddable":true,"href":"https:\/\/singuli.wpress.me\/index.php\/wp-json\/wp\/v2\/product_brand?post=42017"},{"taxonomy":"product_cat","embeddable":true,"href":"https:\/\/singuli.wpress.me\/index.php\/wp-json\/wp\/v2\/product_cat?post=42017"},{"taxonomy":"product_tag","embeddable":true,"href":"https:\/\/singuli.wpress.me\/index.php\/wp-json\/wp\/v2\/product_tag?post=42017"}],"curies":[{"name":"wp","href":"https:\/\/api.w.org\/{rel}","templated":true}]}}