{"id":42047,"date":"2026-04-19T15:25:21","date_gmt":"2026-04-19T15:25:21","guid":{"rendered":"https:\/\/singuli.wpress.me\/index.php\/proizvod\/pampers-fresh-clean-vlazne-maramice-80-kom\/"},"modified":"2026-04-20T12:33:42","modified_gmt":"2026-04-20T12:33:42","slug":"pampers-fresh-clean-vlazne-maramice-80-kom","status":"publish","type":"product","link":"https:\/\/singuli.wpress.me\/index.php\/proizvod\/pampers-fresh-clean-vlazne-maramice-80-kom\/","title":{"rendered":"PAMPERS Fresh Clean, vla\u017ene maramice, 80\u00a0kom"},"content":{"rendered":"<p>Ko\u017ea va\u0161e bebe je vrlo nje\u017ena i zaslu\u017euje nje\u017eno \u010di\u0161\u0107enje svih osjetljivih dijelova tijela, kao \u0161to su stra\u017enjica, ruke i lice. Pampers Fresh Clean maramice sada pru\u017eaju jo\u0161 bolje \u010di\u0161\u0107enje zahvaljuju\u0107i mekanoj i gustoj tkanini ugodnog mirisa koja \u0107e odu\u0161eviti i vas i va\u0161u bebu. Enzimi u mokra\u0107i i kakici mijenjaju pH vrijednost ko\u017ee, pove\u0107avaju\u0107i rizik od iritacija i osipa.<\/p>\n<p>Sve Pampers maramice za \u010di\u0161\u0107enje sadr\u017ee jedinstvenu formulu koja je u\u010dinkovitija u za\u0161titi prirodnog pH ko\u017ee od pamuka i vode kako bi nje\u017ena bebina ko\u017ea bila \u010dista i za\u0161ti\u0107ena od iritacija. Pampers Fresh Clean maramice dermatolo\u0161ki su ispitane i odobrene od strane dermatologa Skin Health Alliance. Budu\u0107i da su maramice Pampers Fresh Clean dizajnirane imaju\u0107i na umu nje\u017enu ko\u017eu novoro\u0111en\u010dadi, ne sadr\u017ee alkohol ni bojila.<\/p>\n<p>&#8211; U\u010dinkovito \u010diste podru\u010dje ispod pelena, ruke i lice djeteta.<br \/>\n&#8211; Dje\u010dje maramice za \u010di\u0161\u0107enje s jedinstvenom formulom koja bolje \u0161titi prirodnu pH vrijednost ko\u017ee od pamuka i vode.<br \/>\n&#8211; Dermatolo\u0161ki ispitano.<br \/>\n&#8211; 0% alkohola, bojila.<br \/>\n&#8211; Mekana i gusta tkanina \u010disti prljav\u0161tinu.<br \/>\n&#8211; Napravljen od vlakana biljnog podrijetla.<br \/>\n&#8211; Odobreno od strane dermatologa Skin Health Alliance.<\/p>\n","protected":false},"excerpt":{"rendered":"<p>S osvje\u017eavaju\u0107im mirisom za ugodnije \u010di\u0161\u0107enje<br \/>\nMekane ali \u010dvrste, za nje\u017eno \u010di\u0161\u0107enje<br \/>\nDermatolo\u0161ki testirane vla\u017ene maramice<\/p>\n","protected":false},"featured_media":0,"template":"","meta":{"_seopress_robots_primary_cat":"","_seopress_titles_title":"","_seopress_titles_desc":"","_seopress_robots_index":"","iawp_total_views":0},"product_brand":[444],"product_cat":[268,278],"product_tag":[],"class_list":{"0":"post-42047","1":"product","2":"type-product","3":"status-publish","5":"product_brand-pampers","6":"product_cat-kozmetika-2","7":"product_cat-njega-tijela-268","9":"first","10":"instock","11":"shipping-taxable","12":"purchasable","13":"product-type-simple"},"_links":{"self":[{"href":"https:\/\/singuli.wpress.me\/index.php\/wp-json\/wp\/v2\/product\/42047","targetHints":{"allow":["GET"]}}],"collection":[{"href":"https:\/\/singuli.wpress.me\/index.php\/wp-json\/wp\/v2\/product"}],"about":[{"href":"https:\/\/singuli.wpress.me\/index.php\/wp-json\/wp\/v2\/types\/product"}],"version-history":[{"count":0,"href":"https:\/\/singuli.wpress.me\/index.php\/wp-json\/wp\/v2\/product\/42047\/revisions"}],"wp:attachment":[{"href":"https:\/\/singuli.wpress.me\/index.php\/wp-json\/wp\/v2\/media?parent=42047"}],"wp:term":[{"taxonomy":"product_brand","embeddable":true,"href":"https:\/\/singuli.wpress.me\/index.php\/wp-json\/wp\/v2\/product_brand?post=42047"},{"taxonomy":"product_cat","embeddable":true,"href":"https:\/\/singuli.wpress.me\/index.php\/wp-json\/wp\/v2\/product_cat?post=42047"},{"taxonomy":"product_tag","embeddable":true,"href":"https:\/\/singuli.wpress.me\/index.php\/wp-json\/wp\/v2\/product_tag?post=42047"}],"curies":[{"name":"wp","href":"https:\/\/api.w.org\/{rel}","templated":true}]}}