{"id":42067,"date":"2026-04-19T15:25:29","date_gmt":"2026-04-19T15:25:29","guid":{"rendered":"https:\/\/singuli.wpress.me\/index.php\/proizvod\/duck-deep-action-marine-gel-750-ml-2\/"},"modified":"2026-04-21T00:27:15","modified_gmt":"2026-04-21T00:27:15","slug":"duck-deep-action-marine-gel-750-ml-2","status":"publish","type":"product","link":"https:\/\/singuli.wpress.me\/index.php\/proizvod\/duck-deep-action-marine-gel-750-ml-2\/","title":{"rendered":"DUCK Deep Action Marine, gel, 750\u00a0ml"},"content":{"rendered":"<p>Duck\u00ae Deep Action Gel, miris marine dopire do skrivenih bakterija i ne\u010disto\u0107a ispod ruba WC \u0161koljke.<\/p>\n<p>Ubija 99.9% bakterija! Osvje\u017eite WC \u0161koljku Duck\u00ae gelom s dubinskim djelovanjem s osvje\u017eavaju\u0107im Duck\u00ae mirisom, bez o\u0161trog mirisa WC \u010dista\u010da.<\/p>\n<p>Uklanja ne\u010disto\u0107e, kamenac\/mineralne naslage te neugodne mirise.<\/p>\n<p><span style=\"font-weight: bold\">Upute za uporabu: <\/span><br \/>\n1. Kako biste otvorili proizvod stisnite \u010dep s obje strane i odvrnite. <br \/>\n2. Nagnite proizvod kako bi se vrat napunio gelom. <br \/>\n3. Ravnomjerno nanesite Duck\u00ae Deep Action Gel ispod ruba WC \u0161koljke.<br \/>\n4. Za \u010di\u0161\u0107enje i uklanjanje neugodnih mirisa: ostavite gel da djeluje 5 minuta. Pro\u010detkajte iznad i ispod ruba i zatim pustite vodu. Za uklanjanje izrazito tvrdokornih mrlja: ponovno nanesite, ostavite da djeluje 60 minuta ili preko no\u0107i.<br \/>\n5. Proizvod \u010dvrsto zatvorite nakon upotrebe. <\/p>\n","protected":false},"excerpt":{"rendered":"<p>Uklanja neugodne mirise<br \/>\nUni\u0161tava 99,9% bakterija<br \/>\nDjeluje za 5 minuta<\/p>\n","protected":false},"featured_media":0,"template":"","meta":{"_seopress_robots_primary_cat":"","_seopress_titles_title":"","_seopress_titles_desc":"","_seopress_robots_index":"","iawp_total_views":0},"product_brand":[410],"product_cat":[284,238],"product_tag":[],"class_list":{"0":"post-42067","1":"product","2":"type-product","3":"status-publish","5":"product_brand-duck","6":"product_cat-sredstva-za-ciscenje-238","7":"product_cat-sve-za-dom","9":"first","10":"instock","11":"shipping-taxable","12":"purchasable","13":"product-type-simple"},"_links":{"self":[{"href":"https:\/\/singuli.wpress.me\/index.php\/wp-json\/wp\/v2\/product\/42067","targetHints":{"allow":["GET"]}}],"collection":[{"href":"https:\/\/singuli.wpress.me\/index.php\/wp-json\/wp\/v2\/product"}],"about":[{"href":"https:\/\/singuli.wpress.me\/index.php\/wp-json\/wp\/v2\/types\/product"}],"version-history":[{"count":0,"href":"https:\/\/singuli.wpress.me\/index.php\/wp-json\/wp\/v2\/product\/42067\/revisions"}],"wp:attachment":[{"href":"https:\/\/singuli.wpress.me\/index.php\/wp-json\/wp\/v2\/media?parent=42067"}],"wp:term":[{"taxonomy":"product_brand","embeddable":true,"href":"https:\/\/singuli.wpress.me\/index.php\/wp-json\/wp\/v2\/product_brand?post=42067"},{"taxonomy":"product_cat","embeddable":true,"href":"https:\/\/singuli.wpress.me\/index.php\/wp-json\/wp\/v2\/product_cat?post=42067"},{"taxonomy":"product_tag","embeddable":true,"href":"https:\/\/singuli.wpress.me\/index.php\/wp-json\/wp\/v2\/product_tag?post=42067"}],"curies":[{"name":"wp","href":"https:\/\/api.w.org\/{rel}","templated":true}]}}