{"id":42069,"date":"2026-04-19T15:25:30","date_gmt":"2026-04-19T15:25:30","guid":{"rendered":"https:\/\/singuli.wpress.me\/index.php\/proizvod\/pronto-set-tekucina-za-drvene-povrsine-750ml-sprej-za-namjestaj-300ml\/"},"modified":"2026-04-20T12:33:43","modified_gmt":"2026-04-20T12:33:43","slug":"pronto-set-tekucina-za-drvene-povrsine-750ml-sprej-za-namjestaj-300ml","status":"publish","type":"product","link":"https:\/\/singuli.wpress.me\/index.php\/proizvod\/pronto-set-tekucina-za-drvene-povrsine-750ml-sprej-za-namjestaj-300ml\/","title":{"rendered":"PRONTO, set, teku\u0107ina za drvene povr\u0161ine 750ml + sprej za namje\u0161taj 300ml"},"content":{"rendered":"<p>Njeguju\u0107a formula <span style=\"font-weight: bold\">Pronto\u00ae Legno Pulito<\/span> teku\u0107ine za \u010di\u0161\u0107enje drvenih povr\u0161ina s lako\u0107om uklanja prljav\u0161tinu, nagla\u0161ava prirodnu ljepotu drvenih povr\u0161ina te ne ostavlja ljepljive tragove.<br \/>\n<span style=\"font-weight: bold\">Upute za uporabu: <\/span><br \/>\nUlijte 2 \u010depa Pronto\u00ae teku\u0107ine u 5 litara tople vode. Nanesite spu\u017evom ili krpom na obra\u0111ene povr\u0161ine. Nije potrebno ispirati ili su\u0161iti krpom. Ako se koristi na osjetljivim povr\u0161inama najprije provjerite u\u010dinak na maloj, manje vidljivoj povr\u0161ini. Ne koristite nerazrije\u0111eno.<\/p>\n<p><span style=\"font-weight: bold\">Pronto\u00ae Classic<\/span> sprej za namje\u0161taj nagla\u0161ava prirodnu ljepotu ve\u0107ine tvrdih povr\u0161ina u va\u0161em domu uklanjaju\u0107i pra\u0161inu i otiske prstiju te pru\u017ea za\u0161titni, sjajni premaz bez tragova.<br \/>\nUklanja: pra\u0161inu, ne\u010disto\u0107e, otiske prstiju i mrlje.<br \/>\n<span style=\"font-weight: bold\">Upute za uporabu: <\/span><br \/>\nPrije uporabe obavezno pro\u010ditati upute na ambala\u017ei. Ne okretati \u010dep boce. Dobro protresti. Uspravno dr\u017eati bocu i raspr\u0161iti minimalno 15 cm od povr\u0161ine ili direktno na krpu. Za najbolje rezultate odmah polirajte mekom, \u010distom krpom. Ne koristiti na podovima, unutar kupaonice i na neobra\u0111enom drvu. Prije uporabe provjerite u\u010dinak na maloj, manje vidljivoj povr\u0161ini. <br \/>\nPROIZVOD JE NAMJENJEN ZA UPORABU NA: obra\u0111enom drvenom namje\u0161taju, obra\u0111enoj ko\u017ei, granitu, nehr\u0111aju\u0107em \u010deliku, laminatu i kvarcu. <\/p>\n<p><\/p>\n","protected":false},"excerpt":{"rendered":"<p>Nagla\u0161ava prirodnu ljepotu drvenih povr\u0161ina<br \/>\nS lako\u0107om uklanja prljav\u0161tinu<br \/>\nSprej uklanja pra\u0161inu, ne\u010disto\u0107e, otiske prstiju i mrlje<\/p>\n","protected":false},"featured_media":0,"template":"","meta":{"_seopress_robots_primary_cat":"","_seopress_titles_title":"","_seopress_titles_desc":"","_seopress_robots_index":"","iawp_total_views":0},"product_brand":[815],"product_cat":[274,238],"product_tag":[],"class_list":{"0":"post-42069","1":"product","2":"type-product","3":"status-publish","5":"product_brand-pronto","6":"product_cat-kucanski-pribor-238","7":"product_cat-sve-za-dom","9":"first","10":"instock","11":"shipping-taxable","12":"purchasable","13":"product-type-simple"},"_links":{"self":[{"href":"https:\/\/singuli.wpress.me\/index.php\/wp-json\/wp\/v2\/product\/42069","targetHints":{"allow":["GET"]}}],"collection":[{"href":"https:\/\/singuli.wpress.me\/index.php\/wp-json\/wp\/v2\/product"}],"about":[{"href":"https:\/\/singuli.wpress.me\/index.php\/wp-json\/wp\/v2\/types\/product"}],"version-history":[{"count":0,"href":"https:\/\/singuli.wpress.me\/index.php\/wp-json\/wp\/v2\/product\/42069\/revisions"}],"wp:attachment":[{"href":"https:\/\/singuli.wpress.me\/index.php\/wp-json\/wp\/v2\/media?parent=42069"}],"wp:term":[{"taxonomy":"product_brand","embeddable":true,"href":"https:\/\/singuli.wpress.me\/index.php\/wp-json\/wp\/v2\/product_brand?post=42069"},{"taxonomy":"product_cat","embeddable":true,"href":"https:\/\/singuli.wpress.me\/index.php\/wp-json\/wp\/v2\/product_cat?post=42069"},{"taxonomy":"product_tag","embeddable":true,"href":"https:\/\/singuli.wpress.me\/index.php\/wp-json\/wp\/v2\/product_tag?post=42069"}],"curies":[{"name":"wp","href":"https:\/\/api.w.org\/{rel}","templated":true}]}}