{"id":42090,"date":"2026-04-19T15:25:36","date_gmt":"2026-04-19T15:25:36","guid":{"rendered":"https:\/\/singuli.wpress.me\/index.php\/proizvod\/gillette-labs-zagrijani-brijac-pocetni-komplet\/"},"modified":"2026-04-21T00:27:15","modified_gmt":"2026-04-21T00:27:15","slug":"gillette-labs-zagrijani-brijac-pocetni-komplet","status":"publish","type":"product","link":"https:\/\/singuli.wpress.me\/index.php\/proizvod\/gillette-labs-zagrijani-brijac-pocetni-komplet\/","title":{"rendered":"GILLETTE Labs, zagrijani brija\u010d, po\u010detni komplet"},"content":{"rendered":"<p>Predstavljamo prvi zagrijani brija\u010d u svijetu, koji je razvio GilletteLabs! Grije na dodir gumba i pru\u017ea osje\u0107aj kao kada se pri brijanju koristi vru\u0107 ru\u010dnik. <\/p>\n<p>Dizajniran kako bi pretvorio brijanje iz jo\u0161 jedne svakodnevne obaveze u ugodno iskustvo, zagrijani brija\u010d koristi revolucionarnu grija\u0107u trakicu koja sa svakim potezom grije i \u010dini brijanje ugodnijim. Jednim pritiskom na gumb jednostavno birate izme\u0111u dvije razine topline kako bi brija\u010d bio upravo onoliko zagrijan koliko vama odgovara. <\/p>\n<p>Brija\u010d ima Gilletteove najnaprednije i najtanje o\u0161trice koje omogu\u0107uju najugodnije brijanje.<\/p>\n","protected":false},"excerpt":{"rendered":"<p>Napredna tehnologija s pet o\u0161trica<br \/>\nPrilagodljiva umiruju\u0107a toplina<br \/>\nPotpuno vodootporan brija\u010d<\/p>\n","protected":false},"featured_media":0,"template":"","meta":{"_seopress_robots_primary_cat":"","_seopress_titles_title":"","_seopress_titles_desc":"","_seopress_robots_index":"","iawp_total_views":0},"product_brand":[323],"product_cat":[280,192,279],"product_tag":[],"class_list":{"0":"post-42090","1":"product","2":"type-product","3":"status-publish","5":"product_brand-gillette","6":"product_cat-aparati-za-muskarce-279","7":"product_cat-aparati-za-osobnu-njegu","8":"product_cat-brijanje-i-sisanje-192","10":"first","11":"outofstock","12":"shipping-taxable","13":"purchasable","14":"product-type-simple"},"_links":{"self":[{"href":"https:\/\/singuli.wpress.me\/index.php\/wp-json\/wp\/v2\/product\/42090","targetHints":{"allow":["GET"]}}],"collection":[{"href":"https:\/\/singuli.wpress.me\/index.php\/wp-json\/wp\/v2\/product"}],"about":[{"href":"https:\/\/singuli.wpress.me\/index.php\/wp-json\/wp\/v2\/types\/product"}],"version-history":[{"count":0,"href":"https:\/\/singuli.wpress.me\/index.php\/wp-json\/wp\/v2\/product\/42090\/revisions"}],"wp:attachment":[{"href":"https:\/\/singuli.wpress.me\/index.php\/wp-json\/wp\/v2\/media?parent=42090"}],"wp:term":[{"taxonomy":"product_brand","embeddable":true,"href":"https:\/\/singuli.wpress.me\/index.php\/wp-json\/wp\/v2\/product_brand?post=42090"},{"taxonomy":"product_cat","embeddable":true,"href":"https:\/\/singuli.wpress.me\/index.php\/wp-json\/wp\/v2\/product_cat?post=42090"},{"taxonomy":"product_tag","embeddable":true,"href":"https:\/\/singuli.wpress.me\/index.php\/wp-json\/wp\/v2\/product_tag?post=42090"}],"curies":[{"name":"wp","href":"https:\/\/api.w.org\/{rel}","templated":true}]}}