{"id":42130,"date":"2026-04-19T15:25:49","date_gmt":"2026-04-19T15:25:49","guid":{"rendered":"https:\/\/singuli.wpress.me\/index.php\/proizvod\/raid-zamka-za-zohare-6-kom\/"},"modified":"2026-04-20T12:33:43","modified_gmt":"2026-04-20T12:33:43","slug":"raid-zamka-za-zohare-6-kom","status":"publish","type":"product","link":"https:\/\/singuli.wpress.me\/index.php\/proizvod\/raid-zamka-za-zohare-6-kom\/","title":{"rendered":"RAID, zamka, za \u017eohare, 6\u00a0kom"},"content":{"rendered":"<p>Raid\u00ae Klopka za \u017eohare u\u010dinkovito uni\u0161tava \u017eohare, djeluju\u0107i tijekom 3 mjeseca. <\/p>\n<p>Kontinuirano djeluje 24 sata na dan. <\/p>\n<p>Djelotvorna je protiv svih vrsta \u017eohara. <\/p>\n<p>Prakti\u010dna za uporabu, ne prlja i nema mirisa. <\/p>\n<p>Preporu\u010duje se za odstranjivanje \u017eohara iz stanova, podruma, gara\u017ea, barova, kantina, bolnica i ostalih mjesta gdje se pojavljuju \u017eohari. <\/p>\n<p>Tako\u0111er je efikasna i na otvorenim prostorima: balkonima, terasama, dvori\u0161tima. <\/p>\n","protected":false},"excerpt":{"rendered":"<p>Uni\u0161tava \u017eohare<br \/>\nZa unutarnje i vanjske prostore<br \/>\nDjeluje 3 mjeseca<\/p>\n","protected":false},"featured_media":0,"template":"","meta":{"_seopress_robots_primary_cat":"","_seopress_titles_title":"","_seopress_titles_desc":"","_seopress_robots_index":"","iawp_total_views":0},"product_brand":[457],"product_cat":[274,238],"product_tag":[],"class_list":{"0":"post-42130","1":"product","2":"type-product","3":"status-publish","5":"product_brand-raid","6":"product_cat-kucanski-pribor-238","7":"product_cat-sve-za-dom","9":"first","10":"outofstock","11":"shipping-taxable","12":"purchasable","13":"product-type-simple"},"_links":{"self":[{"href":"https:\/\/singuli.wpress.me\/index.php\/wp-json\/wp\/v2\/product\/42130","targetHints":{"allow":["GET"]}}],"collection":[{"href":"https:\/\/singuli.wpress.me\/index.php\/wp-json\/wp\/v2\/product"}],"about":[{"href":"https:\/\/singuli.wpress.me\/index.php\/wp-json\/wp\/v2\/types\/product"}],"version-history":[{"count":0,"href":"https:\/\/singuli.wpress.me\/index.php\/wp-json\/wp\/v2\/product\/42130\/revisions"}],"wp:attachment":[{"href":"https:\/\/singuli.wpress.me\/index.php\/wp-json\/wp\/v2\/media?parent=42130"}],"wp:term":[{"taxonomy":"product_brand","embeddable":true,"href":"https:\/\/singuli.wpress.me\/index.php\/wp-json\/wp\/v2\/product_brand?post=42130"},{"taxonomy":"product_cat","embeddable":true,"href":"https:\/\/singuli.wpress.me\/index.php\/wp-json\/wp\/v2\/product_cat?post=42130"},{"taxonomy":"product_tag","embeddable":true,"href":"https:\/\/singuli.wpress.me\/index.php\/wp-json\/wp\/v2\/product_tag?post=42130"}],"curies":[{"name":"wp","href":"https:\/\/api.w.org\/{rel}","templated":true}]}}