{"id":42142,"date":"2026-04-19T15:25:54","date_gmt":"2026-04-19T15:25:54","guid":{"rendered":"https:\/\/singuli.wpress.me\/index.php\/proizvod\/autan-sport-losion-protiv-uboda-komaraca-100-ml\/"},"modified":"2026-04-20T12:33:43","modified_gmt":"2026-04-20T12:33:43","slug":"autan-sport-losion-protiv-uboda-komaraca-100-ml","status":"publish","type":"product","link":"https:\/\/singuli.wpress.me\/index.php\/proizvod\/autan-sport-losion-protiv-uboda-komaraca-100-ml\/","title":{"rendered":"AUTAN Sport, losion, protiv uboda komaraca, 100\u00a0ml"},"content":{"rendered":"<p>Autan\u00ae Sport losion je repelentsko sredstvo koje pru\u017ea za\u0161titu od komaraca do 8 sati, \u010dak i prilikom znojenja i prisutnosti vlage. <\/p>\n<p>Pogodan je za cijelu obitelj, putnike, trenere i ostale aktivne osobe.<\/p>\n<p><span style=\"font-weight: bold\">Upute za uporabu:<\/span><br \/>\nKoriste\u0107i raspr\u0161iva\u010d nanesite sredstvo na izlo\u017eenu ko\u017eu te rukama jednakomjerno razma\u017eite (pribli\u017eno 6-7 pokreta rukom \/ ~ 1 ml po podlaktici).<br \/>\nZa nano\u0161enje na odraslo ili djetetovo lice: raspr\u0161ite sredstvo na dlan odrasle osobe i tanko prema\u017eite lice izbjegavaju\u0107i o\u010di i usta. Ponovite postupak nakon \u0161to primjetite gubitak djelotvornosti.<\/p>\n","protected":false},"excerpt":{"rendered":"<p>Pru\u017ea za\u0161titu od komaraca do 8 sati<br \/>\nIdealno za aktivne osobe<br \/>\nDjelotvoran prilikom znojenja i prisutnosti vlage<\/p>\n","protected":false},"featured_media":0,"template":"","meta":{"_seopress_robots_primary_cat":"","_seopress_titles_title":"","_seopress_titles_desc":"","_seopress_robots_index":"","iawp_total_views":0},"product_brand":[821],"product_cat":[268,278],"product_tag":[],"class_list":{"0":"post-42142","1":"product","2":"type-product","3":"status-publish","5":"product_brand-autan","6":"product_cat-kozmetika-2","7":"product_cat-njega-tijela-268","9":"first","10":"instock","11":"shipping-taxable","12":"purchasable","13":"product-type-simple"},"_links":{"self":[{"href":"https:\/\/singuli.wpress.me\/index.php\/wp-json\/wp\/v2\/product\/42142","targetHints":{"allow":["GET"]}}],"collection":[{"href":"https:\/\/singuli.wpress.me\/index.php\/wp-json\/wp\/v2\/product"}],"about":[{"href":"https:\/\/singuli.wpress.me\/index.php\/wp-json\/wp\/v2\/types\/product"}],"version-history":[{"count":0,"href":"https:\/\/singuli.wpress.me\/index.php\/wp-json\/wp\/v2\/product\/42142\/revisions"}],"wp:attachment":[{"href":"https:\/\/singuli.wpress.me\/index.php\/wp-json\/wp\/v2\/media?parent=42142"}],"wp:term":[{"taxonomy":"product_brand","embeddable":true,"href":"https:\/\/singuli.wpress.me\/index.php\/wp-json\/wp\/v2\/product_brand?post=42142"},{"taxonomy":"product_cat","embeddable":true,"href":"https:\/\/singuli.wpress.me\/index.php\/wp-json\/wp\/v2\/product_cat?post=42142"},{"taxonomy":"product_tag","embeddable":true,"href":"https:\/\/singuli.wpress.me\/index.php\/wp-json\/wp\/v2\/product_tag?post=42142"}],"curies":[{"name":"wp","href":"https:\/\/api.w.org\/{rel}","templated":true}]}}