{"id":42156,"date":"2026-04-19T15:25:58","date_gmt":"2026-04-19T15:25:58","guid":{"rendered":"https:\/\/singuli.wpress.me\/index.php\/proizvod\/braun-silkepil-9-flex-9002-3d-epilator\/"},"modified":"2026-04-20T12:33:43","modified_gmt":"2026-04-20T12:33:43","slug":"braun-silkepil-9-flex-9002-3d-epilator","status":"publish","type":"product","link":"https:\/\/singuli.wpress.me\/index.php\/proizvod\/braun-silkepil-9-flex-9002-3d-epilator\/","title":{"rendered":"BRAUN SilkEpil 9 Flex 9002 3D, epilator"},"content":{"rendered":"<p>Braun Silk-\u00e9pil 9 Flex 9-002, epilator s fleksibilnom glavom za lak\u0161e uklanjanje dla\u010dica <\/p>\n<p>LAKO\u0106A KORI\u0160TENJA: Prvi epilator na svijetu s potpuno fleksibilnom glavom za lak\u0161e uklanjanje dla\u010dica.<br \/>\nGLATKA KO\u017dA: Tehnologija pinceta MicroGrip (40 pinceta) pru\u017ea glatku ko\u017eu tjednima, a ne danima.<br \/>\nPRAKTI\u010cNOST: Ergonomska dr\u0161ka s protukliznim hvati\u0161tem, savr\u0161ena za epilaciju pod tu\u0161em.<br \/>\nUGODNOST: Mo\u017ee se koristiti pod vodom za ugodniju epilaciju, a tehnologija SensoSmart\u2122 osigurava adekvatan pritisak.<br \/>\nMULTIFUNKCIONALNOST: Epilator ima i brija\u0107u glavu koja se mo\u017ee koristiti umjesto epilacijske na osjetljivim podru\u010djima.<\/p>\n<p>Uska, ergonomska dr\u0161ka<br \/>\nPotpuno nov oblik dr\u0161ke s protukliznim hvati\u0161tem posebno je prakti\u010dan pod tu\u0161em te omogu\u0107uje lak\u0161e, preciznije rukovanje, \u010dine\u0107i epilator savr\u0161enim za ona te\u0161ko dostupna podru\u010dja.<\/p>\n<p>Odr\u017eavanje bikini-zone<br \/>\nPripremite se za dan na pla\u017ei bez petljancija koje znaju pratiti uklanjanje dla\u010dica voskom. Ova potpuno fleksibilna glava omogu\u0107it \u0107e vam jednostavnu epilaciju. Bez boli. Bez zakazivanja termina. Samo tjedni i tjedni glatke ko\u017ee kao iz salona.<\/p>\n<p>Glatki pazusi<br \/>\nObucite svoj omiljeni top bez brige o tome kako vam izgledaju pazusi jer oni \u0107e biti meki i glatki. Za izuzetno osjetljiva podru\u010dja preporu\u010dujemo brija\u0107u glavu koju dobivate u ovom kompletu.<\/p>\n<p>Za cijelo tijelo<br \/>\nZahvaljuju\u0107i fleksibilnoj glavi lako mo\u017eete epilirati dla\u010dice na cijelom tijelu, \u010dak i one na zahtjevnijim podru\u010djima. Tehnologija MicroGrip s 40% \u0161irom glavom uklanja vi\u0161e dla\u010dica jednim potezom za u\u010dinkovitiju epilaciju.<\/p>\n<p>Vi\u0161e ne\u0107ete propustiti nijednu dla\u010dicu<br \/>\nPobrinite se da vam ne promakne ni jedna dla\u010dica kako bi va\u0161a ko\u017ea du\u017ee bila glatka. U tome \u0107e vam pomo\u0107i posebna zna\u010dajka, svjetlo Smartlight koje otkriva i najtanje dla\u010dice kako biste vi mogli u\u017eivati u predivno glatkoj ko\u017ei.<\/p>\n<p>Pincete MicroGrip<br \/>\nSvojim \u0161irokim, dugim i dubokim pincetama, Silk-\u00e9pil 9 Flex precizno uklanja i najkra\u0107e dla\u010dice, koje ni vosak ne mo\u017ee uhvatiti.<\/p>\n<p>Senzor pritiska<br \/>\nTehnologija SensoSmart\u2122 vodi vas kroz epilaciju vode\u0107i ra\u010duna o tome da koristite adekvatnu razinu pritiska na ko\u017eu. Kada priti\u0161\u0107ete presna\u017eno, pali se crveno svjetlo.<\/p>\n<p>Wet &amp; Dry<br \/>\nUre\u0111aj je 100% vodootporan pa se mo\u017eete epilirati u kadi ili pod tu\u0161em. Kada se provodi redovito i pod vodom, epilacija postaje gotovo bezbolna. <\/p>\n<p>Brijanje i podrezivanje<br \/>\nBrija\u0107a glava pretvara epilator u pravi pravcati brija\u0107i aparat, dok glava s trimerom omogu\u0107uje podrezivanje dla\u010dica.<\/p>\n<p>Opis proizvoda:<br \/>\nNovi Braun Silk-\u00e9pil 9 Flex 9-002 prvi je epilator na svijetu s potpuno fleksibilnom glavom za lako uklanjanje dla\u010dica. U\u017eivajte u tjednima glatke ko\u017ee, kao nakon salonskih tretmana, zahvaljuju\u0107i tehnologiji MicroGrip i 40% \u0161iroj glavi koja uklanja i dla\u010dice duljine tek 0,5 mm. S ovim epilatorom dolaze jo\u0161 dvije glave: brija\u0107a i ona s trimerom za jako osjetljiva podru\u010dja.<\/p>\n<p>Sadr\u017eaj pakiranja:<br \/>\n1 X epilator<br \/>\n1 X brija\u0107a glava<br \/>\n1 X glava s trimerom<br \/>\n1 X vre\u0107ica<br \/>\n1 X \u010detkica za \u010di\u0161\u0107enje<br \/>\n1 X punja\u010d<\/p>\n","protected":false},"excerpt":{"rendered":"<p>Prvi epilator na svijetu s potpuno fleksibilnom glavom za lak\u0161e uklanjanje dla\u010dica<br \/>\nTehnologija pinceta MicroGrip (40 pinceta) pru\u017ea glatku ko\u017eu tjednima, a ne danima<br \/>\nErgonomska dr\u0161ka s protukliznim hvati\u0161tem, savr\u0161ena za epilaciju pod tu\u0161em<\/p>\n","protected":false},"featured_media":0,"template":"","meta":{"_seopress_robots_primary_cat":"","_seopress_titles_title":"","_seopress_titles_desc":"","_seopress_robots_index":"","iawp_total_views":0},"product_brand":[144],"product_cat":[192,282,281],"product_tag":[],"class_list":{"0":"post-42156","1":"product","2":"type-product","3":"status-publish","5":"product_brand-braun","6":"product_cat-aparati-za-osobnu-njegu","7":"product_cat-aparati-za-zene-281","8":"product_cat-epilatori-i-ipl-192","10":"first","11":"outofstock","12":"shipping-taxable","13":"purchasable","14":"product-type-simple"},"_links":{"self":[{"href":"https:\/\/singuli.wpress.me\/index.php\/wp-json\/wp\/v2\/product\/42156","targetHints":{"allow":["GET"]}}],"collection":[{"href":"https:\/\/singuli.wpress.me\/index.php\/wp-json\/wp\/v2\/product"}],"about":[{"href":"https:\/\/singuli.wpress.me\/index.php\/wp-json\/wp\/v2\/types\/product"}],"version-history":[{"count":0,"href":"https:\/\/singuli.wpress.me\/index.php\/wp-json\/wp\/v2\/product\/42156\/revisions"}],"wp:attachment":[{"href":"https:\/\/singuli.wpress.me\/index.php\/wp-json\/wp\/v2\/media?parent=42156"}],"wp:term":[{"taxonomy":"product_brand","embeddable":true,"href":"https:\/\/singuli.wpress.me\/index.php\/wp-json\/wp\/v2\/product_brand?post=42156"},{"taxonomy":"product_cat","embeddable":true,"href":"https:\/\/singuli.wpress.me\/index.php\/wp-json\/wp\/v2\/product_cat?post=42156"},{"taxonomy":"product_tag","embeddable":true,"href":"https:\/\/singuli.wpress.me\/index.php\/wp-json\/wp\/v2\/product_tag?post=42156"}],"curies":[{"name":"wp","href":"https:\/\/api.w.org\/{rel}","templated":true}]}}