{"id":42157,"date":"2026-04-19T15:25:59","date_gmt":"2026-04-19T15:25:59","guid":{"rendered":"https:\/\/singuli.wpress.me\/index.php\/proizvod\/lavazza-xxl-mljevena-kava-qualita-oro-3x250g\/"},"modified":"2026-04-20T12:33:43","modified_gmt":"2026-04-20T12:33:43","slug":"lavazza-xxl-mljevena-kava-qualita-oro-3x250g","status":"publish","type":"product","link":"https:\/\/singuli.wpress.me\/index.php\/proizvod\/lavazza-xxl-mljevena-kava-qualita-oro-3x250g\/","title":{"rendered":"LAVAZZA XXL, mljevena kava, Qualita Oro, 3x250g"},"content":{"rendered":"<p><span style=\"font-weight: bold\">Qualit\u00e0 Oro<\/span> je prva Lavazzina mje\u0161avina, koju je 1956. godine stvorio Luigi Lavazza u svojoj maloj pr\u017eionici u Torinu.<br \/>\nTajna recepta pre\u0161la je s oca na sina, zadr\u017eavaju\u0107i isti profil visoke kvalitete ve\u0107 du\u017ee od 50 godina, do danas.<br \/>\nIzvrsnost mje\u0161avine Qualit\u00e0 Oro rezultat je dugogodi\u0161nje stru\u010dnosti tvrtke Lavazza u kombiniranju i pr\u017eenju.<br \/>\nIzvrsnost kvalitete Qualit\u00e0 Oro kave o\u010duvana je \u010detiri generacije. Jedinstvena je kombinacija 6 vrsta Arabica zrna. Savr\u0161ena simfonija za vrhunski okus iznova, jo\u0161 od davne 1956. godine.<br \/>\nMljevena kava Lavazza Qualit\u00e1 Oro kreirana je za prave stru\u010dnjake i ljubitelje kave. Zahvaljuju\u0107i posebnom na\u010dinu pr\u017eenja, rezultat je kava sa savr\u0161enom kremastom strukturom, savr\u0161enim okusom i intenzivnom aromom.<\/p>\n<p>Sastav: 100 % Arabica<br \/>\nIntenzitet: 5\/10<br \/>\nProfil okusa (aroma): Cvjetni \/vo\u0107ni<br \/>\nPr\u017eenje: Srednje<\/p>\n","protected":false},"excerpt":{"rendered":"<p>100% Arabica<br \/>\nIntenzitet: 5\/10<br \/>\nAroma: cvjetni\/vo\u0107ni<\/p>\n","protected":false},"featured_media":0,"template":"","meta":{"_seopress_robots_primary_cat":"","_seopress_titles_title":"","_seopress_titles_desc":"","_seopress_robots_index":"","iawp_total_views":0},"product_brand":[393],"product_cat":[261,275],"product_tag":[],"class_list":{"0":"post-42157","1":"product","2":"type-product","3":"status-publish","5":"product_brand-lavazza","6":"product_cat-hrana-i-pice","7":"product_cat-kava-i-cajevi-261","9":"first","10":"instock","11":"shipping-taxable","12":"purchasable","13":"product-type-simple"},"_links":{"self":[{"href":"https:\/\/singuli.wpress.me\/index.php\/wp-json\/wp\/v2\/product\/42157","targetHints":{"allow":["GET"]}}],"collection":[{"href":"https:\/\/singuli.wpress.me\/index.php\/wp-json\/wp\/v2\/product"}],"about":[{"href":"https:\/\/singuli.wpress.me\/index.php\/wp-json\/wp\/v2\/types\/product"}],"version-history":[{"count":0,"href":"https:\/\/singuli.wpress.me\/index.php\/wp-json\/wp\/v2\/product\/42157\/revisions"}],"wp:attachment":[{"href":"https:\/\/singuli.wpress.me\/index.php\/wp-json\/wp\/v2\/media?parent=42157"}],"wp:term":[{"taxonomy":"product_brand","embeddable":true,"href":"https:\/\/singuli.wpress.me\/index.php\/wp-json\/wp\/v2\/product_brand?post=42157"},{"taxonomy":"product_cat","embeddable":true,"href":"https:\/\/singuli.wpress.me\/index.php\/wp-json\/wp\/v2\/product_cat?post=42157"},{"taxonomy":"product_tag","embeddable":true,"href":"https:\/\/singuli.wpress.me\/index.php\/wp-json\/wp\/v2\/product_tag?post=42157"}],"curies":[{"name":"wp","href":"https:\/\/api.w.org\/{rel}","templated":true}]}}