{"id":42163,"date":"2026-04-19T15:26:01","date_gmt":"2026-04-19T15:26:01","guid":{"rendered":"https:\/\/singuli.wpress.me\/index.php\/proizvod\/laica-vt3205-aparat-za-vakumiranje\/"},"modified":"2026-04-21T00:27:15","modified_gmt":"2026-04-21T00:27:15","slug":"laica-vt3205-aparat-za-vakumiranje","status":"publish","type":"product","link":"https:\/\/singuli.wpress.me\/index.php\/proizvod\/laica-vt3205-aparat-za-vakumiranje\/","title":{"rendered":"LAICA VT3205, aparat za vakumiranje"},"content":{"rendered":"<p>Vakum ure\u0111aj VT3205 je kompaktnog dizajna i lako ga mo\u017eete pospremiti u ladicu. Omogu\u0107uje postavljanje dvostrukog zatvaranja (normalno &#8211; nje\u017eno). Opremljen je bazom s magnetima, tako da ure\u0111aj mo\u017eete pri\u010dvrstiti na metal (npr. hladnjak). Ku\u0107i\u0161te je opremljeno i reza\u010dem. Omogu\u0107uje potpuno automatsko vakumiranje, djelomi\u010dno vakumiranje i zavarivanje. Izra\u0111eno u skladu s europskim sigurnosnim standardima.<\/p>\n","protected":false},"excerpt":{"rendered":"<p>S kompaktnim dizajnom za jednostavno skladi\u0161tenje.<br \/>\nOmogu\u0107uje potpuno automatsko vakumiranje, djelomi\u010dno vakumiranje i zavarivanje.<br \/>\nKu\u0107i\u0161te je opremljeno reza\u010dem.<\/p>\n","protected":false},"featured_media":0,"template":"","meta":{"_seopress_robots_primary_cat":"","_seopress_titles_title":"","_seopress_titles_desc":"","_seopress_robots_index":"","iawp_total_views":0},"product_brand":[148],"product_cat":[266,265,160],"product_tag":[],"class_list":{"0":"post-42163","1":"product","2":"type-product","3":"status-publish","5":"product_brand-laica","6":"product_cat-aparati-za-kuhanje-265","7":"product_cat-kuhinjski-aparati-160","8":"product_cat-mali-kucanski-aparati","10":"first","11":"outofstock","12":"shipping-taxable","13":"purchasable","14":"product-type-simple"},"_links":{"self":[{"href":"https:\/\/singuli.wpress.me\/index.php\/wp-json\/wp\/v2\/product\/42163","targetHints":{"allow":["GET"]}}],"collection":[{"href":"https:\/\/singuli.wpress.me\/index.php\/wp-json\/wp\/v2\/product"}],"about":[{"href":"https:\/\/singuli.wpress.me\/index.php\/wp-json\/wp\/v2\/types\/product"}],"version-history":[{"count":0,"href":"https:\/\/singuli.wpress.me\/index.php\/wp-json\/wp\/v2\/product\/42163\/revisions"}],"wp:attachment":[{"href":"https:\/\/singuli.wpress.me\/index.php\/wp-json\/wp\/v2\/media?parent=42163"}],"wp:term":[{"taxonomy":"product_brand","embeddable":true,"href":"https:\/\/singuli.wpress.me\/index.php\/wp-json\/wp\/v2\/product_brand?post=42163"},{"taxonomy":"product_cat","embeddable":true,"href":"https:\/\/singuli.wpress.me\/index.php\/wp-json\/wp\/v2\/product_cat?post=42163"},{"taxonomy":"product_tag","embeddable":true,"href":"https:\/\/singuli.wpress.me\/index.php\/wp-json\/wp\/v2\/product_tag?post=42163"}],"curies":[{"name":"wp","href":"https:\/\/api.w.org\/{rel}","templated":true}]}}