{"id":42184,"date":"2026-04-19T15:26:12","date_gmt":"2026-04-19T15:26:12","guid":{"rendered":"https:\/\/singuli.wpress.me\/index.php\/proizvod\/helix-ult-prof-av-l-0w30-motorno-ulje-za-osobna-vozila-209-l\/"},"modified":"2026-04-21T00:27:16","modified_gmt":"2026-04-21T00:27:16","slug":"helix-ult-prof-av-l-0w30-motorno-ulje-za-osobna-vozila-209-l","status":"publish","type":"product","link":"https:\/\/singuli.wpress.me\/index.php\/proizvod\/helix-ult-prof-av-l-0w30-motorno-ulje-za-osobna-vozila-209-l\/","title":{"rendered":"HELIX ULT. PROF AV-L 0W30, motorno ulje za osobna vozila, 209\u00a0l"},"content":{"rendered":"<p>Potpuno sinteti\u010dko motorno ulje &#8211; prilago\u0111eno da udovolji posebnim zahtjevima proizvo\u0111a\u010da motora visokih performansi, uklju\u010duju\u0107i Audi i VW, kao i motore koji zahtijevaju ACEA C3 specifikaciju.<\/p>\n<p>Ulje zadovoljava: VW test u\u0161tede goriva (PV 1451), VW PV 1449 test stvaranja naslaga na klipovima i pove\u0107anja viskoznosti, VW 1452 test za \u010disto\u0107u klipova i test zaglavljivanja klipnog prstena kao i mnoge druge testove.<\/p>\n<p><span style=\"font-weight: bold\">Specifikacija: <\/span>ACEA C3, Porsche C30, VW 504.00\/507.00.<\/p>\n","protected":false},"excerpt":{"rendered":"<p>Prilago\u0111eno da udovolji posebnim zahtjevima proizvo\u0111a\u010da motora visokih performansi<br \/>\nPove\u0107ava u\u0161tedu goriva<br \/>\nSpecifikacija u opisu<\/p>\n","protected":false},"featured_media":0,"template":"","meta":{"_seopress_robots_primary_cat":"","_seopress_titles_title":"","_seopress_titles_desc":"","_seopress_robots_index":"","iawp_total_views":0},"product_brand":[398],"product_cat":[243,272],"product_tag":[],"class_list":{"0":"post-42184","1":"product","2":"type-product","3":"status-publish","5":"product_brand-helix","6":"product_cat-automobili-i-motori","7":"product_cat-motorna-ulja-243","9":"first","10":"instock","11":"shipping-taxable","12":"purchasable","13":"product-type-simple"},"_links":{"self":[{"href":"https:\/\/singuli.wpress.me\/index.php\/wp-json\/wp\/v2\/product\/42184","targetHints":{"allow":["GET"]}}],"collection":[{"href":"https:\/\/singuli.wpress.me\/index.php\/wp-json\/wp\/v2\/product"}],"about":[{"href":"https:\/\/singuli.wpress.me\/index.php\/wp-json\/wp\/v2\/types\/product"}],"version-history":[{"count":0,"href":"https:\/\/singuli.wpress.me\/index.php\/wp-json\/wp\/v2\/product\/42184\/revisions"}],"wp:attachment":[{"href":"https:\/\/singuli.wpress.me\/index.php\/wp-json\/wp\/v2\/media?parent=42184"}],"wp:term":[{"taxonomy":"product_brand","embeddable":true,"href":"https:\/\/singuli.wpress.me\/index.php\/wp-json\/wp\/v2\/product_brand?post=42184"},{"taxonomy":"product_cat","embeddable":true,"href":"https:\/\/singuli.wpress.me\/index.php\/wp-json\/wp\/v2\/product_cat?post=42184"},{"taxonomy":"product_tag","embeddable":true,"href":"https:\/\/singuli.wpress.me\/index.php\/wp-json\/wp\/v2\/product_tag?post=42184"}],"curies":[{"name":"wp","href":"https:\/\/api.w.org\/{rel}","templated":true}]}}