{"id":42213,"date":"2026-04-19T15:26:23","date_gmt":"2026-04-19T15:26:23","guid":{"rendered":"https:\/\/singuli.wpress.me\/index.php\/proizvod\/always-dailies-normal-freshprotect-dnevni-ulosci-60-kom\/"},"modified":"2026-04-20T12:33:44","modified_gmt":"2026-04-20T12:33:44","slug":"always-dailies-normal-freshprotect-dnevni-ulosci-60-kom","status":"publish","type":"product","link":"https:\/\/singuli.wpress.me\/index.php\/proizvod\/always-dailies-normal-freshprotect-dnevni-ulosci-60-kom\/","title":{"rendered":"ALWAYS Dailies Normal Fresh&amp;Protect, dnevni ulo\u0161ci, 60\u00a0kom"},"content":{"rendered":"<p>Zadr\u017eite svje\u017einu tratin\u010dice cijeli dan s dnevnim ulo\u0161cima Always Dailies Normal Fresh &amp; Protect . Predstavljaju savr\u0161enu kombinaciju udobnosti i za\u0161tite tako da se mo\u017eete pouzdati u njih svaki dan, a uz to ih ne\u0107ete ni osjetiti. Idealni za vaginalni iscjedak, kao dodatna za\u0161tita za neredovite i slabe mjese\u010dnice ili za svaki slabi iscjedak.<\/p>\n","protected":false},"excerpt":{"rendered":"<p>Fleksibilni dnevni ulo\u0161ci za neprimjetnu za\u0161titu<br \/>\nZa cjelodnevni osje\u0107aj svje\u017eine<br \/>\nS tehnologijom neutralizacije neugodnih mirisa<\/p>\n","protected":false},"featured_media":0,"template":"","meta":{"_seopress_robots_primary_cat":"","_seopress_titles_title":"","_seopress_titles_desc":"","_seopress_robots_index":"","iawp_total_views":0},"product_brand":[449],"product_cat":[211,288],"product_tag":[],"class_list":{"0":"post-42213","1":"product","2":"type-product","3":"status-publish","5":"product_brand-always","6":"product_cat-njega-majke-i-djeteta","7":"product_cat-zenska-higijena-211","9":"first","10":"instock","11":"shipping-taxable","12":"purchasable","13":"product-type-simple"},"_links":{"self":[{"href":"https:\/\/singuli.wpress.me\/index.php\/wp-json\/wp\/v2\/product\/42213","targetHints":{"allow":["GET"]}}],"collection":[{"href":"https:\/\/singuli.wpress.me\/index.php\/wp-json\/wp\/v2\/product"}],"about":[{"href":"https:\/\/singuli.wpress.me\/index.php\/wp-json\/wp\/v2\/types\/product"}],"version-history":[{"count":0,"href":"https:\/\/singuli.wpress.me\/index.php\/wp-json\/wp\/v2\/product\/42213\/revisions"}],"wp:attachment":[{"href":"https:\/\/singuli.wpress.me\/index.php\/wp-json\/wp\/v2\/media?parent=42213"}],"wp:term":[{"taxonomy":"product_brand","embeddable":true,"href":"https:\/\/singuli.wpress.me\/index.php\/wp-json\/wp\/v2\/product_brand?post=42213"},{"taxonomy":"product_cat","embeddable":true,"href":"https:\/\/singuli.wpress.me\/index.php\/wp-json\/wp\/v2\/product_cat?post=42213"},{"taxonomy":"product_tag","embeddable":true,"href":"https:\/\/singuli.wpress.me\/index.php\/wp-json\/wp\/v2\/product_tag?post=42213"}],"curies":[{"name":"wp","href":"https:\/\/api.w.org\/{rel}","templated":true}]}}