{"id":42233,"date":"2026-04-19T15:26:29","date_gmt":"2026-04-19T15:26:29","guid":{"rendered":"https:\/\/singuli.wpress.me\/index.php\/proizvod\/domo-do7347h-tower-keramicki-grijac\/"},"modified":"2026-04-20T12:33:44","modified_gmt":"2026-04-20T12:33:44","slug":"domo-do7347h-tower-keramicki-grijac","status":"publish","type":"product","link":"https:\/\/singuli.wpress.me\/index.php\/proizvod\/domo-do7347h-tower-keramicki-grijac\/","title":{"rendered":"DOMO DO7347H Tower, kerami\u010dki grija\u010d"},"content":{"rendered":"<p>Sna\u017eno grijanje snage 2000 W koje u\u010dinkovito distribuira toplinu u sobi<br \/>\nOptimalna raspodjela topline zahvaljuju\u0107i inovativnoj centrifugalnoj tehnologiji<\/p>\n","protected":false},"excerpt":{"rendered":"<p>Opremljen je timerom i\u00a0ima 2\u00a0postavke snage<br \/>\nSigurnosni senzor\u00a0pru\u017ea sigurnu upotrebu<br \/>\nIma ugra\u0111enu ru\u010dku za jednostavno no\u0161enje<\/p>\n","protected":false},"featured_media":0,"template":"","meta":{"_seopress_robots_primary_cat":"","_seopress_titles_title":"","_seopress_titles_desc":"","_seopress_robots_index":"","iawp_total_views":0},"product_brand":[255],"product_cat":[184,160],"product_tag":[],"class_list":{"0":"post-42233","1":"product","2":"type-product","3":"status-publish","5":"product_brand-domo","6":"product_cat-kvaliteta-zraka-i-grijanje","7":"product_cat-mali-kucanski-aparati","9":"first","10":"outofstock","11":"shipping-taxable","12":"purchasable","13":"product-type-simple"},"_links":{"self":[{"href":"https:\/\/singuli.wpress.me\/index.php\/wp-json\/wp\/v2\/product\/42233","targetHints":{"allow":["GET"]}}],"collection":[{"href":"https:\/\/singuli.wpress.me\/index.php\/wp-json\/wp\/v2\/product"}],"about":[{"href":"https:\/\/singuli.wpress.me\/index.php\/wp-json\/wp\/v2\/types\/product"}],"version-history":[{"count":0,"href":"https:\/\/singuli.wpress.me\/index.php\/wp-json\/wp\/v2\/product\/42233\/revisions"}],"wp:attachment":[{"href":"https:\/\/singuli.wpress.me\/index.php\/wp-json\/wp\/v2\/media?parent=42233"}],"wp:term":[{"taxonomy":"product_brand","embeddable":true,"href":"https:\/\/singuli.wpress.me\/index.php\/wp-json\/wp\/v2\/product_brand?post=42233"},{"taxonomy":"product_cat","embeddable":true,"href":"https:\/\/singuli.wpress.me\/index.php\/wp-json\/wp\/v2\/product_cat?post=42233"},{"taxonomy":"product_tag","embeddable":true,"href":"https:\/\/singuli.wpress.me\/index.php\/wp-json\/wp\/v2\/product_tag?post=42233"}],"curies":[{"name":"wp","href":"https:\/\/api.w.org\/{rel}","templated":true}]}}