{"id":42251,"date":"2026-04-19T15:26:35","date_gmt":"2026-04-19T15:26:35","guid":{"rendered":"https:\/\/singuli.wpress.me\/index.php\/proizvod\/cunga-lunga-guma-za-zvakanje-glazirana-loptica-2-8-g\/"},"modified":"2026-04-20T12:33:44","modified_gmt":"2026-04-20T12:33:44","slug":"cunga-lunga-guma-za-zvakanje-glazirana-loptica-2-8-g","status":"publish","type":"product","link":"https:\/\/singuli.wpress.me\/index.php\/proizvod\/cunga-lunga-guma-za-zvakanje-glazirana-loptica-2-8-g\/","title":{"rendered":"\u010cUNGA LUNGA, guma za \u017evakanje, glazirana loptica, 2.8\u00a0g"},"content":{"rendered":"<p>Ukusne \u017evaka\u0107e gume s okusom jagode, cole, \u0161umskog vo\u0107a i limuna.<\/p>\n<p>\u010cuvati na suhom i hladnom mjestu.<\/p>\n","protected":false},"excerpt":{"rendered":"<p>Glazirana loptica<br \/>\nUkusne \u017evaka\u010de gume<br \/>\nRazni okusi<\/p>\n","protected":false},"featured_media":0,"template":"","meta":{"_seopress_robots_primary_cat":"","_seopress_titles_title":"","_seopress_titles_desc":"","_seopress_robots_index":"","iawp_total_views":0},"product_brand":[850],"product_cat":[261,277],"product_tag":[],"class_list":{"0":"post-42251","1":"product","2":"type-product","3":"status-publish","5":"product_brand-cunga-lunga","6":"product_cat-hrana-i-pice","7":"product_cat-slatkisi-i-grickalice-261","9":"first","10":"instock","11":"shipping-taxable","12":"purchasable","13":"product-type-simple"},"_links":{"self":[{"href":"https:\/\/singuli.wpress.me\/index.php\/wp-json\/wp\/v2\/product\/42251","targetHints":{"allow":["GET"]}}],"collection":[{"href":"https:\/\/singuli.wpress.me\/index.php\/wp-json\/wp\/v2\/product"}],"about":[{"href":"https:\/\/singuli.wpress.me\/index.php\/wp-json\/wp\/v2\/types\/product"}],"version-history":[{"count":0,"href":"https:\/\/singuli.wpress.me\/index.php\/wp-json\/wp\/v2\/product\/42251\/revisions"}],"wp:attachment":[{"href":"https:\/\/singuli.wpress.me\/index.php\/wp-json\/wp\/v2\/media?parent=42251"}],"wp:term":[{"taxonomy":"product_brand","embeddable":true,"href":"https:\/\/singuli.wpress.me\/index.php\/wp-json\/wp\/v2\/product_brand?post=42251"},{"taxonomy":"product_cat","embeddable":true,"href":"https:\/\/singuli.wpress.me\/index.php\/wp-json\/wp\/v2\/product_cat?post=42251"},{"taxonomy":"product_tag","embeddable":true,"href":"https:\/\/singuli.wpress.me\/index.php\/wp-json\/wp\/v2\/product_tag?post=42251"}],"curies":[{"name":"wp","href":"https:\/\/api.w.org\/{rel}","templated":true}]}}