{"id":42271,"date":"2026-04-19T15:26:42","date_gmt":"2026-04-19T15:26:42","guid":{"rendered":"https:\/\/singuli.wpress.me\/index.php\/proizvod\/naturella-dnevni-ulosci-chamomile-light-20-kom\/"},"modified":"2026-04-20T12:33:44","modified_gmt":"2026-04-20T12:33:44","slug":"naturella-dnevni-ulosci-chamomile-light-20-kom","status":"publish","type":"product","link":"https:\/\/singuli.wpress.me\/index.php\/proizvod\/naturella-dnevni-ulosci-chamomile-light-20-kom\/","title":{"rendered":"NATURELLA, dnevni ulo\u0161ci, Chamomile Light, 20\u00a0kom"},"content":{"rendered":"<p>\u017delite li da vas cijelog dana prati ugodan osje\u0107aj svje\u017eine, isprobajte prozra\u010dne dnevne ulo\u0161ke Naturella Normal Calendula Tenderness s blagim mirisom nadahnutim cvijetom nevena. Njihov povr\u0161inski sloj mekan poput cvjetnih latica nje\u017ean je u dodiru s ko\u017eom, \u0161to je potvrdio i njema\u010dki dermatolo\u0161ki institut za testiranje proDERM. Premda su tanki tek 0,9 mm, dnevni ulo\u0161ci Naturella Normal Calendula Tenderness osiguravaju pouzdanu za\u0161titu donjeg rublja od vaginalnog iscjetka, neredovite mjese\u010dnice i iscjetka prije mjese\u010dnice. Za podjednako nje\u017enu za\u0161titu tijekom mjese\u010dnice isprobajte higijenske ulo\u0161ke Naturella.<\/p>\n","protected":false},"excerpt":{"rendered":"<p>S mirisom nadahnutim kamilicom<br \/>\nZa cjelodnevnu svje\u017einu<br \/>\nMekani i nje\u017eni prema ko\u017ei intimnih dijelova tijela<\/p>\n","protected":false},"featured_media":0,"template":"","meta":{"_seopress_robots_primary_cat":"","_seopress_titles_title":"","_seopress_titles_desc":"","_seopress_robots_index":"","iawp_total_views":0},"product_brand":[438],"product_cat":[211,288],"product_tag":[],"class_list":{"0":"post-42271","1":"product","2":"type-product","3":"status-publish","5":"product_brand-naturella","6":"product_cat-njega-majke-i-djeteta","7":"product_cat-zenska-higijena-211","9":"first","10":"outofstock","11":"shipping-taxable","12":"purchasable","13":"product-type-simple"},"_links":{"self":[{"href":"https:\/\/singuli.wpress.me\/index.php\/wp-json\/wp\/v2\/product\/42271","targetHints":{"allow":["GET"]}}],"collection":[{"href":"https:\/\/singuli.wpress.me\/index.php\/wp-json\/wp\/v2\/product"}],"about":[{"href":"https:\/\/singuli.wpress.me\/index.php\/wp-json\/wp\/v2\/types\/product"}],"version-history":[{"count":0,"href":"https:\/\/singuli.wpress.me\/index.php\/wp-json\/wp\/v2\/product\/42271\/revisions"}],"wp:attachment":[{"href":"https:\/\/singuli.wpress.me\/index.php\/wp-json\/wp\/v2\/media?parent=42271"}],"wp:term":[{"taxonomy":"product_brand","embeddable":true,"href":"https:\/\/singuli.wpress.me\/index.php\/wp-json\/wp\/v2\/product_brand?post=42271"},{"taxonomy":"product_cat","embeddable":true,"href":"https:\/\/singuli.wpress.me\/index.php\/wp-json\/wp\/v2\/product_cat?post=42271"},{"taxonomy":"product_tag","embeddable":true,"href":"https:\/\/singuli.wpress.me\/index.php\/wp-json\/wp\/v2\/product_tag?post=42271"}],"curies":[{"name":"wp","href":"https:\/\/api.w.org\/{rel}","templated":true}]}}