{"id":42276,"date":"2026-04-19T15:26:44","date_gmt":"2026-04-19T15:26:44","guid":{"rendered":"https:\/\/singuli.wpress.me\/index.php\/proizvod\/uhu-ljepljiva-traka-transparent-3x7-5m\/"},"modified":"2026-04-20T12:33:44","modified_gmt":"2026-04-20T12:33:44","slug":"uhu-ljepljiva-traka-transparent-3x7-5m","status":"publish","type":"product","link":"https:\/\/singuli.wpress.me\/index.php\/proizvod\/uhu-ljepljiva-traka-transparent-3x7-5m\/","title":{"rendered":"UHU, ljepljiva traka, transparent, 3&#215;7.5m"},"content":{"rendered":"<p>Prozirna ljepljiva traka za mnoge zadatke kod ku\u0107e, u \u0161koli i uredu. <\/p>\n<p>Idealno za pri\u010dvr\u0161\u0107ivanje i pakiranje. <\/p>\n<p>Dolazi u prakti\u010dnom dr\u017ea\u010du za kolut koji se mo\u017ee ponovno puniti.<\/p>\n","protected":false},"excerpt":{"rendered":"<p>Univerzalna uporaba<br \/>\nBez otpala<br \/>\nPrakti\u010dno pakiranje<\/p>\n","protected":false},"featured_media":0,"template":"","meta":{"_seopress_robots_primary_cat":"","_seopress_titles_title":"","_seopress_titles_desc":"","_seopress_robots_index":"","iawp_total_views":0},"product_brand":[445],"product_cat":[264,238],"product_tag":[],"class_list":{"0":"post-42276","1":"product","2":"type-product","3":"status-publish","5":"product_brand-uhu","6":"product_cat-ljepila-i-brtvila-238","7":"product_cat-sve-za-dom","9":"first","10":"outofstock","11":"shipping-taxable","12":"purchasable","13":"product-type-simple"},"_links":{"self":[{"href":"https:\/\/singuli.wpress.me\/index.php\/wp-json\/wp\/v2\/product\/42276","targetHints":{"allow":["GET"]}}],"collection":[{"href":"https:\/\/singuli.wpress.me\/index.php\/wp-json\/wp\/v2\/product"}],"about":[{"href":"https:\/\/singuli.wpress.me\/index.php\/wp-json\/wp\/v2\/types\/product"}],"version-history":[{"count":0,"href":"https:\/\/singuli.wpress.me\/index.php\/wp-json\/wp\/v2\/product\/42276\/revisions"}],"wp:attachment":[{"href":"https:\/\/singuli.wpress.me\/index.php\/wp-json\/wp\/v2\/media?parent=42276"}],"wp:term":[{"taxonomy":"product_brand","embeddable":true,"href":"https:\/\/singuli.wpress.me\/index.php\/wp-json\/wp\/v2\/product_brand?post=42276"},{"taxonomy":"product_cat","embeddable":true,"href":"https:\/\/singuli.wpress.me\/index.php\/wp-json\/wp\/v2\/product_cat?post=42276"},{"taxonomy":"product_tag","embeddable":true,"href":"https:\/\/singuli.wpress.me\/index.php\/wp-json\/wp\/v2\/product_tag?post=42276"}],"curies":[{"name":"wp","href":"https:\/\/api.w.org\/{rel}","templated":true}]}}