{"id":42291,"date":"2026-04-19T15:26:48","date_gmt":"2026-04-19T15:26:48","guid":{"rendered":"https:\/\/singuli.wpress.me\/index.php\/proizvod\/shout-sredstvo-za-uklanjanje-mrlja-500-ml-2\/"},"modified":"2026-04-20T12:33:44","modified_gmt":"2026-04-20T12:33:44","slug":"shout-sredstvo-za-uklanjanje-mrlja-500-ml-2","status":"publish","type":"product","link":"https:\/\/singuli.wpress.me\/index.php\/proizvod\/shout-sredstvo-za-uklanjanje-mrlja-500-ml-2\/","title":{"rendered":"SHOUT, sredstvo za uklanjanje mrlja, 500\u00a0ml"},"content":{"rendered":"<p>Shout\u00ae Odstranjiva\u010d mrlja uklanja ve\u0107inu tvrdokornih mrlja prvim nano\u0161enjem, \u010dak i kod niskih temperatura. <\/p>\n<p>Uklanja mrlje pomo\u0107u enzima koji prodiru u tkanine te razgra\u0111uje najtvrdokornije mrlje od trave, umaka, kave, vo\u0107a, vina te masne mrlje.<\/p>\n<p><span style=\"font-weight: bold\">Uputstvo za uporabu:<\/span><\/p>\n<p>1. Prije pranja nanesite sredstvo izravno na mrlje tako da ih potpuno prekrijete.<br \/>\n2. Ostavite da djeluje 1 minutu, zatim operite s uobi\u010dajenim deterd\u017eentom u stroju za pranje ili ru\u010dno u toploj vodi. Ne ostavljajte sredstvo da se osu\u0161i na tkanini.<br \/>\n3. Za postojanije mrlje, protrljajte nazubljenim bo\u010dnim dijelom boce da bi omogu\u0107ili lak\u0161e prodiranje sredstva u vlakna i time ga u\u010dinili jo\u0161 djelotvornijim. Kod obojanih tkanina koje mogu izblijediti, prethodno isprobajte sredstvo na skrivenom dijelu tkanine.<\/p>\n<p><img decoding=\"async\" src=\"https:\/\/prod-minio-orbico.nd0.pl\/orbico.ohr\/Piktogrami\/upozorenje.jpg\" alt=\"Upozorenje\" width=\"100\" height=\"100\"><br \/>\n<img decoding=\"async\" src=\"https:\/\/prod-minio-orbico.nd0.pl\/orbico.ohr\/Piktogrami\/Zapaljivo.png\" alt=\"Zapaljivo\" width=\"100\" height=\"100\"><\/p>\n<p>\nUPOZORENJA: Teku\u0107i omek\u0161iva\u010d mo\u017ee pove\u0107ati zapaljivost tkanine. Primjena ve\u0107e doze od preporu\u010dene mo\u017ee pove\u0107ati ovaj u\u010dinak. Nemojte koristiti proizvod: Na dje\u010djoj odje\u0107i za spavanje i na odje\u0107i ozna\u010denoj kao vatrootporna, jer mo\u017ee smanjiti njihovu otpornost na vatru. Na odje\u0107i izra\u0111enoj od lepr\u0161avijeg materijala (kao \u0161to je flis, bar\u0161un, \u0161enil ili frotir). \u010cuvati izvan dohvata djece. Dr\u017eati dalje od o\u010diju.<br \/> <br \/>\nU SLU\u010cAJU DODIRA S O\u010cIMA: oprezno ispirati vodom nekoliko minuta.<\/p>\n","protected":false},"excerpt":{"rendered":"<p>Uklanja ve\u0107inu tvrdokornih mrlja prvim nano\u0161enjem, \u010dak i kod niskih temperatura<br \/>\nUklanja mrlje pomo\u0107u enzima koji prodiru u tkanine<br \/>\nRazgra\u0111uje najtvrdokornije mrlje<\/p>\n","protected":false},"featured_media":0,"template":"","meta":{"_seopress_robots_primary_cat":"","_seopress_titles_title":"","_seopress_titles_desc":"","_seopress_robots_index":"","iawp_total_views":0},"product_brand":[422],"product_cat":[283,238],"product_tag":[],"class_list":{"0":"post-42291","1":"product","2":"type-product","3":"status-publish","5":"product_brand-shout","6":"product_cat-pranje-rublja-238","7":"product_cat-sve-za-dom","9":"first","10":"outofstock","11":"shipping-taxable","12":"purchasable","13":"product-type-simple"},"_links":{"self":[{"href":"https:\/\/singuli.wpress.me\/index.php\/wp-json\/wp\/v2\/product\/42291","targetHints":{"allow":["GET"]}}],"collection":[{"href":"https:\/\/singuli.wpress.me\/index.php\/wp-json\/wp\/v2\/product"}],"about":[{"href":"https:\/\/singuli.wpress.me\/index.php\/wp-json\/wp\/v2\/types\/product"}],"version-history":[{"count":0,"href":"https:\/\/singuli.wpress.me\/index.php\/wp-json\/wp\/v2\/product\/42291\/revisions"}],"wp:attachment":[{"href":"https:\/\/singuli.wpress.me\/index.php\/wp-json\/wp\/v2\/media?parent=42291"}],"wp:term":[{"taxonomy":"product_brand","embeddable":true,"href":"https:\/\/singuli.wpress.me\/index.php\/wp-json\/wp\/v2\/product_brand?post=42291"},{"taxonomy":"product_cat","embeddable":true,"href":"https:\/\/singuli.wpress.me\/index.php\/wp-json\/wp\/v2\/product_cat?post=42291"},{"taxonomy":"product_tag","embeddable":true,"href":"https:\/\/singuli.wpress.me\/index.php\/wp-json\/wp\/v2\/product_tag?post=42291"}],"curies":[{"name":"wp","href":"https:\/\/api.w.org\/{rel}","templated":true}]}}