{"id":42295,"date":"2026-04-19T15:26:49","date_gmt":"2026-04-19T15:26:49","guid":{"rendered":"https:\/\/singuli.wpress.me\/index.php\/proizvod\/bissell-multi-surface-natural-sredstvo-za-ciscenje-1-l\/"},"modified":"2026-04-20T12:33:44","modified_gmt":"2026-04-20T12:33:44","slug":"bissell-multi-surface-natural-sredstvo-za-ciscenje-1-l","status":"publish","type":"product","link":"https:\/\/singuli.wpress.me\/index.php\/proizvod\/bissell-multi-surface-natural-sredstvo-za-ciscenje-1-l\/","title":{"rendered":"BISSELL Multi Surface Natural, sredstvo za \u010di\u0161\u0107enje, 1\u00a0l"},"content":{"rendered":"<p>Univerzalna otopina za \u010di\u0161\u0107enje tvrdih povr\u0161ina, s biljnim sastojcima nudi sigurno \u010di\u0161\u0107enje svih podnih povr\u0161ina. Sa svje\u017eim cvjetnim mirisom.<\/p>\n<p>Upute za uporabu: Prije uporabe protresite bo\u010dicu i nanesite formulu prema uputama za uporabu aparata. Za Crosswave usisava\u010de, napunite spremnik formule ru\u010dnom toplom vodom iz slavine do prve ili druge linije, ovisno o povr\u0161ini koju treba o\u010distiti. Zatim dodajte formulu. Ova svestrana, koncentrirana formula rje\u0161ava nerede na raznim povr\u0161inama, uklju\u010duju\u0107i zape\u010da\u0107ene drvene podove, plo\u010dice, laminat i tepih. Posebna formula za \u010di\u0161\u0107enje otporna je na nered, ali sigurna za djecu i ku\u0107ne ljubimce. Ne ostavlja zamu\u0107ene ili \u0161tetne ostatke.<\/p>\n","protected":false},"excerpt":{"rendered":"<p>Univerzalna otopina za \u010di\u0161\u0107enje tvrdih povr\u0161ina<br \/>\nSa sastojcima biljnog podrijetla<br \/>\nSa svje\u017eim cvjetnim mirisom<\/p>\n","protected":false},"featured_media":0,"template":"","meta":{"_seopress_robots_primary_cat":"","_seopress_titles_title":"","_seopress_titles_desc":"","_seopress_robots_index":"","iawp_total_views":0},"product_brand":[819],"product_cat":[160,271],"product_tag":[],"class_list":{"0":"post-42295","1":"product","2":"type-product","3":"status-publish","5":"product_brand-bissell","6":"product_cat-mali-kucanski-aparati","7":"product_cat-usisavaci-i-ciscenje-160","9":"first","10":"outofstock","11":"shipping-taxable","12":"purchasable","13":"product-type-simple"},"_links":{"self":[{"href":"https:\/\/singuli.wpress.me\/index.php\/wp-json\/wp\/v2\/product\/42295","targetHints":{"allow":["GET"]}}],"collection":[{"href":"https:\/\/singuli.wpress.me\/index.php\/wp-json\/wp\/v2\/product"}],"about":[{"href":"https:\/\/singuli.wpress.me\/index.php\/wp-json\/wp\/v2\/types\/product"}],"version-history":[{"count":0,"href":"https:\/\/singuli.wpress.me\/index.php\/wp-json\/wp\/v2\/product\/42295\/revisions"}],"wp:attachment":[{"href":"https:\/\/singuli.wpress.me\/index.php\/wp-json\/wp\/v2\/media?parent=42295"}],"wp:term":[{"taxonomy":"product_brand","embeddable":true,"href":"https:\/\/singuli.wpress.me\/index.php\/wp-json\/wp\/v2\/product_brand?post=42295"},{"taxonomy":"product_cat","embeddable":true,"href":"https:\/\/singuli.wpress.me\/index.php\/wp-json\/wp\/v2\/product_cat?post=42295"},{"taxonomy":"product_tag","embeddable":true,"href":"https:\/\/singuli.wpress.me\/index.php\/wp-json\/wp\/v2\/product_tag?post=42295"}],"curies":[{"name":"wp","href":"https:\/\/api.w.org\/{rel}","templated":true}]}}