{"id":42314,"date":"2026-04-19T15:26:57","date_gmt":"2026-04-19T15:26:57","guid":{"rendered":"https:\/\/singuli.wpress.me\/index.php\/proizvod\/kelloggs-granola-classic-380-g\/"},"modified":"2026-04-21T00:27:17","modified_gmt":"2026-04-21T00:27:17","slug":"kelloggs-granola-classic-380-g","status":"publish","type":"product","link":"https:\/\/singuli.wpress.me\/index.php\/proizvod\/kelloggs-granola-classic-380-g\/","title":{"rendered":"KELLOGG&#8217;S, granola, Classic, 380\u00a0g"},"content":{"rendered":"<p><span style=\"font-weight: bold\">Kellogg&#8217;s Classic granola<\/span> ukusna je kreacija koja \u0107e odu\u0161eviti va\u0161e nepce. <\/p>\n<p>Zapo\u010dnite dan s ovim divnim grozdovima cjelovite zobi punog okusa i teksture. <\/p>\n<p>Kellogg&#8217;s Classic Granola napravljena je od zdravih sastojaka i izvrstan je izvor vlakana i proteina koji vam daju hranjive tvari potrebne za po\u010detak dana!<\/p>\n","protected":false},"excerpt":{"rendered":"<p>Ukusna hrskava granola<br \/>\nPrikladno za vegane, vegetarijance<br \/>\n\u010cuvati na suhom i hladnom mjestu<\/p>\n","protected":false},"featured_media":0,"template":"","meta":{"_seopress_robots_primary_cat":"","_seopress_titles_title":"","_seopress_titles_desc":"","_seopress_robots_index":"","iawp_total_views":0},"product_brand":[425],"product_cat":[261,307],"product_tag":[],"class_list":{"0":"post-42314","1":"product","2":"type-product","3":"status-publish","5":"product_brand-kelloggs","6":"product_cat-hrana-i-pice","7":"product_cat-zitarice-i-dorucak-261","9":"first","10":"instock","11":"shipping-taxable","12":"purchasable","13":"product-type-simple"},"_links":{"self":[{"href":"https:\/\/singuli.wpress.me\/index.php\/wp-json\/wp\/v2\/product\/42314","targetHints":{"allow":["GET"]}}],"collection":[{"href":"https:\/\/singuli.wpress.me\/index.php\/wp-json\/wp\/v2\/product"}],"about":[{"href":"https:\/\/singuli.wpress.me\/index.php\/wp-json\/wp\/v2\/types\/product"}],"version-history":[{"count":0,"href":"https:\/\/singuli.wpress.me\/index.php\/wp-json\/wp\/v2\/product\/42314\/revisions"}],"wp:attachment":[{"href":"https:\/\/singuli.wpress.me\/index.php\/wp-json\/wp\/v2\/media?parent=42314"}],"wp:term":[{"taxonomy":"product_brand","embeddable":true,"href":"https:\/\/singuli.wpress.me\/index.php\/wp-json\/wp\/v2\/product_brand?post=42314"},{"taxonomy":"product_cat","embeddable":true,"href":"https:\/\/singuli.wpress.me\/index.php\/wp-json\/wp\/v2\/product_cat?post=42314"},{"taxonomy":"product_tag","embeddable":true,"href":"https:\/\/singuli.wpress.me\/index.php\/wp-json\/wp\/v2\/product_tag?post=42314"}],"curies":[{"name":"wp","href":"https:\/\/api.w.org\/{rel}","templated":true}]}}