{"id":42317,"date":"2026-04-19T15:26:57","date_gmt":"2026-04-19T15:26:57","guid":{"rendered":"https:\/\/singuli.wpress.me\/index.php\/proizvod\/bison-sanitarno-silikonsko-brtvilo-bez-280-ml\/"},"modified":"2026-04-20T12:33:45","modified_gmt":"2026-04-20T12:33:45","slug":"bison-sanitarno-silikonsko-brtvilo-bez-280-ml","status":"publish","type":"product","link":"https:\/\/singuli.wpress.me\/index.php\/proizvod\/bison-sanitarno-silikonsko-brtvilo-bez-280-ml\/","title":{"rendered":"BISON sanitarno, silikonsko brtvilo, be\u017e, 280\u00a0ml"},"content":{"rendered":"<p>Vodootporno silikonsko brtvilo za sve sanitarne primjene.<\/p>\n<p>Za brtvljenje \u0161avova, spojeva i pukotina izme\u0111u zida, kade, tu\u0161 kabine, umivaonika i radne plo\u010de u sanitarnim prostorijama kao \u0161to su kupaonice, WC-i i kuhinje. Posebno za brtvljenje sanitarija i keramike, npr. spojeva izme\u0111u zida i podnih plo\u010dica, kade, tu\u0161 kabine, umivaonika, kuhinjske radne plo\u010de, sudopera i poplo\u010denih zidova. Idealno i za akrilne kade, plasti\u010dne baze i zidove tu\u0161 kabine. Lijepi se na \u010disto staklo, keramiku, glazirane plo\u010dice, emajl, metal, drvo i razne sinteti\u010dke materijale. Ne lijepi se za bitumen, polietilen, polipropilen i PTFE. Nije prikladno za akvarije; u tu svrhu preporu\u010dujemo BISON Glass prozirno silikonsko brtvilo za staklo.<\/p>\n","protected":false},"excerpt":{"rendered":"<p>Otporno na plijesan<br \/>\nBe\u017e boja<br \/>\nTrajno elasti\u010dno<\/p>\n","protected":false},"featured_media":0,"template":"","meta":{"_seopress_robots_primary_cat":"","_seopress_titles_title":"","_seopress_titles_desc":"","_seopress_robots_index":"","iawp_total_views":0},"product_brand":[494],"product_cat":[264,238],"product_tag":[],"class_list":{"0":"post-42317","1":"product","2":"type-product","3":"status-publish","5":"product_brand-bison","6":"product_cat-ljepila-i-brtvila-238","7":"product_cat-sve-za-dom","9":"first","10":"instock","11":"shipping-taxable","12":"purchasable","13":"product-type-simple"},"_links":{"self":[{"href":"https:\/\/singuli.wpress.me\/index.php\/wp-json\/wp\/v2\/product\/42317","targetHints":{"allow":["GET"]}}],"collection":[{"href":"https:\/\/singuli.wpress.me\/index.php\/wp-json\/wp\/v2\/product"}],"about":[{"href":"https:\/\/singuli.wpress.me\/index.php\/wp-json\/wp\/v2\/types\/product"}],"version-history":[{"count":0,"href":"https:\/\/singuli.wpress.me\/index.php\/wp-json\/wp\/v2\/product\/42317\/revisions"}],"wp:attachment":[{"href":"https:\/\/singuli.wpress.me\/index.php\/wp-json\/wp\/v2\/media?parent=42317"}],"wp:term":[{"taxonomy":"product_brand","embeddable":true,"href":"https:\/\/singuli.wpress.me\/index.php\/wp-json\/wp\/v2\/product_brand?post=42317"},{"taxonomy":"product_cat","embeddable":true,"href":"https:\/\/singuli.wpress.me\/index.php\/wp-json\/wp\/v2\/product_cat?post=42317"},{"taxonomy":"product_tag","embeddable":true,"href":"https:\/\/singuli.wpress.me\/index.php\/wp-json\/wp\/v2\/product_tag?post=42317"}],"curies":[{"name":"wp","href":"https:\/\/api.w.org\/{rel}","templated":true}]}}