{"id":42347,"date":"2026-04-19T15:27:07","date_gmt":"2026-04-19T15:27:07","guid":{"rendered":"https:\/\/singuli.wpress.me\/index.php\/proizvod\/john-deere-plus-50-ii-15w-40-motorno-ulje-209-l\/"},"modified":"2026-04-20T12:33:45","modified_gmt":"2026-04-20T12:33:45","slug":"john-deere-plus-50-ii-15w-40-motorno-ulje-209-l","status":"publish","type":"product","link":"https:\/\/singuli.wpress.me\/index.php\/proizvod\/john-deere-plus-50-ii-15w-40-motorno-ulje-209-l\/","title":{"rendered":"JOHN DEERE Plus 50 II 15W-40, motorno ulje, 209\u00a0l"},"content":{"rendered":"<p>Visokou\u010dinkovito motorno ulje 15W-40 za dizelske i benzinske motore, koje prema\u0161uje API CK-4 i API SN zahtjeve. Osigurava izvrsnu za\u0161titu od tro\u0161enja, oksidacije, taloga i korozije, uz napredno upravljanje \u010da\u0111om i nisku razinu pepela za produljeni vijek DPF sustava. Omogu\u0107uje produljene intervale izmjene ulja te smanjuje tro\u0161kove odr\u017eavanja i zastoje u radu. Prikladno za te\u0161ke off-road i on-road primjene, uklju\u010duju\u0107i industrijska, komercijalna i Tier 4 dizelska vozila.<\/p>\n","protected":false},"excerpt":{"rendered":"<p>Vrhunska za\u0161tita motora: Napredna formula sprje\u010dava tro\u0161enje, oksidaciju i nakupljanje taloga, \u010dime se zna\u010dajno produljuje radni vijek motora u najte\u017eim uvjetima<br \/>\nTehnologija s niskim udjelom pepela (Low SAPS) sprje\u010dava za\u010depljenje filtera \u010destica, smanjuju\u0107i tro\u0161kove odr\u017eavanja i zastoje<br \/>\nOmogu\u0107uje produljene intervale izmjene ulja, \u0161to direktno smanjuje operativne tro\u0161kove za komercijalna i industrijska vozila<\/p>\n","protected":false},"featured_media":0,"template":"","meta":{"_seopress_robots_primary_cat":"","_seopress_titles_title":"","_seopress_titles_desc":"","_seopress_robots_index":"","iawp_total_views":0},"product_brand":[822],"product_cat":[243,272],"product_tag":[],"class_list":{"0":"post-42347","1":"product","2":"type-product","3":"status-publish","5":"product_brand-john-deere","6":"product_cat-automobili-i-motori","7":"product_cat-motorna-ulja-243","9":"first","10":"instock","11":"shipping-taxable","12":"purchasable","13":"product-type-simple"},"_links":{"self":[{"href":"https:\/\/singuli.wpress.me\/index.php\/wp-json\/wp\/v2\/product\/42347","targetHints":{"allow":["GET"]}}],"collection":[{"href":"https:\/\/singuli.wpress.me\/index.php\/wp-json\/wp\/v2\/product"}],"about":[{"href":"https:\/\/singuli.wpress.me\/index.php\/wp-json\/wp\/v2\/types\/product"}],"version-history":[{"count":0,"href":"https:\/\/singuli.wpress.me\/index.php\/wp-json\/wp\/v2\/product\/42347\/revisions"}],"wp:attachment":[{"href":"https:\/\/singuli.wpress.me\/index.php\/wp-json\/wp\/v2\/media?parent=42347"}],"wp:term":[{"taxonomy":"product_brand","embeddable":true,"href":"https:\/\/singuli.wpress.me\/index.php\/wp-json\/wp\/v2\/product_brand?post=42347"},{"taxonomy":"product_cat","embeddable":true,"href":"https:\/\/singuli.wpress.me\/index.php\/wp-json\/wp\/v2\/product_cat?post=42347"},{"taxonomy":"product_tag","embeddable":true,"href":"https:\/\/singuli.wpress.me\/index.php\/wp-json\/wp\/v2\/product_tag?post=42347"}],"curies":[{"name":"wp","href":"https:\/\/api.w.org\/{rel}","templated":true}]}}