{"id":42348,"date":"2026-04-19T15:27:07","date_gmt":"2026-04-19T15:27:07","guid":{"rendered":"https:\/\/singuli.wpress.me\/index.php\/proizvod\/bissell-vacsteam-titanium-parni-cistac\/"},"modified":"2026-04-21T00:27:17","modified_gmt":"2026-04-21T00:27:17","slug":"bissell-vacsteam-titanium-parni-cistac","status":"publish","type":"product","link":"https:\/\/singuli.wpress.me\/index.php\/proizvod\/bissell-vacsteam-titanium-parni-cistac\/","title":{"rendered":"BISSELL Vac&amp;Steam Titanium, parni \u010dista\u010d"},"content":{"rendered":"<p>Kombiniranje snage parnog \u010di\u0161\u0107enja s usisavanjem \u0161tedi vrijeme, novac i prostor za spremanje kojeg nikad dovoljno. Uz pomo\u0107 ure\u0111aja BISSELL\u00ae Vac &amp; Steam lako se prebacujete s usisavanja na \u010di\u0161\u0107enje parom i natrag ili koristite oboje u isto vrijeme. Upravljanje jednim dodirom omogu\u0107uje vam prebacivanje s jedne funkcije na drugu bez muke, tako da mo\u017eete ukloniti mrlje jednim pokretom, a pra\u0161inu i ostatke drugim.<\/p>\n<p>U\u0161tedite vrijeme istovremenim usisavanjem i dezinficiranjem podova, uklanjaju\u0107i 99,9 % svih mikroba i bakterija u \u010ditavom domu koriste\u0107i samo vodu. Jednostavan za kori\u0161tenje, u\u010dinkovit i djelotvoran, parni \u010dista\u010d Vac &amp; Steam prirodan je izbor za dubinsko \u010di\u0161\u0107enje podova. Ugra\u0111eni filter za vodu uklanja sve ne\u010disto\u0107e iz obi\u010dne vode i poma\u017ee u za\u0161titi ure\u0111aja. Tehnologija suhog spremnika zadr\u017eava otpad u posudici za pra\u0161inu gdje \u010ditavo vrijeme ostaje na suhom i podalje od pare. Tipka za lako pra\u017enjenje \u010dini \u010di\u0161\u0107enje nakon kori\u0161tenja lakim i jednostavnim. Dva filtera usisava\u010da (spu\u017evasti i rebrasti) mogu se oprati i zadr\u017eavaju finu pra\u0161inu i ostatke kako bi se osiguralo ispu\u0161tanje \u010distog zraka natrag u prostoriju<\/p>\n<p>Klju\u010dne karakteristike:<br \/>\n&#8211; Sna\u017eni ciklonski usisava\u010d i parni \u010dista\u010d u jednom.<br \/>\n&#8211; \u010cisti i dezinficira: para razbija prljav\u0161tinu, mrlje i bakterije, a povr\u0161ine ostaju besprijekorno \u010diste.<br \/>\n&#8211; Podesivo, lako upravljanje omogu\u0107uje vam da odaberete tip \u010di\u0161\u0107enja koji najbolje odgovara va\u0161im podovima.<br \/>\n&#8211; Integrirana tipka za paru na zahtjev.<br \/>\n&#8211; Zamjenjiv filter za vodu uklanja minerale i ne\u010disto\u0107e.<\/p>\n<p>Vrsta grija\u010da<br \/>\nSustav s izrazito brzim zagrijavanjem<\/p>\n<p>Vrijeme zagrijavanja: 30 sekundi<\/p>\n<p>Vrsta poda: plo\u010dice, drveni podovi, tvrde podloge<\/p>\n","protected":false},"excerpt":{"rendered":"<p>Sna\u017eni ciklonski usisava\u010d i parni \u010dista\u010d u jednom<br \/>\n\u010cisti i dezinficira: para razbija prljav\u0161tinu, mrlje i bakterije, a povr\u0161ine ostaju besprijekorno \u010diste<br \/>\nZamjenjiv filter za vodu uklanja minerale i ne\u010disto\u0107e<\/p>\n","protected":false},"featured_media":0,"template":"","meta":{"_seopress_robots_primary_cat":"","_seopress_titles_title":"","_seopress_titles_desc":"","_seopress_robots_index":"","iawp_total_views":0},"product_brand":[819],"product_cat":[160,271],"product_tag":[],"class_list":{"0":"post-42348","1":"product","2":"type-product","3":"status-publish","5":"product_brand-bissell","6":"product_cat-mali-kucanski-aparati","7":"product_cat-usisavaci-i-ciscenje-160","9":"first","10":"outofstock","11":"shipping-taxable","12":"purchasable","13":"product-type-simple"},"_links":{"self":[{"href":"https:\/\/singuli.wpress.me\/index.php\/wp-json\/wp\/v2\/product\/42348","targetHints":{"allow":["GET"]}}],"collection":[{"href":"https:\/\/singuli.wpress.me\/index.php\/wp-json\/wp\/v2\/product"}],"about":[{"href":"https:\/\/singuli.wpress.me\/index.php\/wp-json\/wp\/v2\/types\/product"}],"version-history":[{"count":0,"href":"https:\/\/singuli.wpress.me\/index.php\/wp-json\/wp\/v2\/product\/42348\/revisions"}],"wp:attachment":[{"href":"https:\/\/singuli.wpress.me\/index.php\/wp-json\/wp\/v2\/media?parent=42348"}],"wp:term":[{"taxonomy":"product_brand","embeddable":true,"href":"https:\/\/singuli.wpress.me\/index.php\/wp-json\/wp\/v2\/product_brand?post=42348"},{"taxonomy":"product_cat","embeddable":true,"href":"https:\/\/singuli.wpress.me\/index.php\/wp-json\/wp\/v2\/product_cat?post=42348"},{"taxonomy":"product_tag","embeddable":true,"href":"https:\/\/singuli.wpress.me\/index.php\/wp-json\/wp\/v2\/product_tag?post=42348"}],"curies":[{"name":"wp","href":"https:\/\/api.w.org\/{rel}","templated":true}]}}