{"id":42350,"date":"2026-04-19T15:27:08","date_gmt":"2026-04-19T15:27:08","guid":{"rendered":"https:\/\/singuli.wpress.me\/index.php\/proizvod\/wahl-deluxe-trimer-2u1\/"},"modified":"2026-04-20T12:33:45","modified_gmt":"2026-04-20T12:33:45","slug":"wahl-deluxe-trimer-2u1","status":"publish","type":"product","link":"https:\/\/singuli.wpress.me\/index.php\/proizvod\/wahl-deluxe-trimer-2u1\/","title":{"rendered":"WAHL Deluxe , trimer, 2u1"},"content":{"rendered":"<p>2-u-1 deluxe trimer s osvjetljenjem. Integrirano mini-svjetlo poma\u017ee da ne propustite niti jednu dla\u010dicu. <\/p>\n<p>Za u\u0161i, nos i obrve. Glave za podrezivanje lako se odvajaju kako bi ih se moglo temeljito o\u010distiti pod teku\u0107om vodom. <\/p>\n<p>Ergonomski mekani prekida\u010d za ugodnost rukovanja.<\/p>\n","protected":false},"excerpt":{"rendered":"<p>\u00a0Integrirano mini-svjetlo poma\u017ee da ne propustite niti jednu dla\u010dicu<br \/>\nErgonomski mekani prekida\u010d za ugodnost rukovanja<br \/>\nZa u\u0161i, nos i obrve<\/p>\n","protected":false},"featured_media":0,"template":"","meta":{"_seopress_robots_primary_cat":"","_seopress_titles_title":"","_seopress_titles_desc":"","_seopress_robots_index":"","iawp_total_views":0},"product_brand":[159],"product_cat":[280,192,279],"product_tag":[],"class_list":{"0":"post-42350","1":"product","2":"type-product","3":"status-publish","5":"product_brand-wahl","6":"product_cat-aparati-za-muskarce-279","7":"product_cat-aparati-za-osobnu-njegu","8":"product_cat-brijanje-i-sisanje-192","10":"first","11":"outofstock","12":"shipping-taxable","13":"purchasable","14":"product-type-simple"},"_links":{"self":[{"href":"https:\/\/singuli.wpress.me\/index.php\/wp-json\/wp\/v2\/product\/42350","targetHints":{"allow":["GET"]}}],"collection":[{"href":"https:\/\/singuli.wpress.me\/index.php\/wp-json\/wp\/v2\/product"}],"about":[{"href":"https:\/\/singuli.wpress.me\/index.php\/wp-json\/wp\/v2\/types\/product"}],"version-history":[{"count":0,"href":"https:\/\/singuli.wpress.me\/index.php\/wp-json\/wp\/v2\/product\/42350\/revisions"}],"wp:attachment":[{"href":"https:\/\/singuli.wpress.me\/index.php\/wp-json\/wp\/v2\/media?parent=42350"}],"wp:term":[{"taxonomy":"product_brand","embeddable":true,"href":"https:\/\/singuli.wpress.me\/index.php\/wp-json\/wp\/v2\/product_brand?post=42350"},{"taxonomy":"product_cat","embeddable":true,"href":"https:\/\/singuli.wpress.me\/index.php\/wp-json\/wp\/v2\/product_cat?post=42350"},{"taxonomy":"product_tag","embeddable":true,"href":"https:\/\/singuli.wpress.me\/index.php\/wp-json\/wp\/v2\/product_tag?post=42350"}],"curies":[{"name":"wp","href":"https:\/\/api.w.org\/{rel}","templated":true}]}}