{"id":42364,"date":"2026-04-19T15:27:13","date_gmt":"2026-04-19T15:27:13","guid":{"rendered":"https:\/\/singuli.wpress.me\/index.php\/proizvod\/pampers-pants-pelene-gacice-velicina-7-17kg-38-kom\/"},"modified":"2026-04-20T12:33:45","modified_gmt":"2026-04-20T12:33:45","slug":"pampers-pants-pelene-gacice-velicina-7-17kg-38-kom","status":"publish","type":"product","link":"https:\/\/singuli.wpress.me\/index.php\/proizvod\/pampers-pants-pelene-gacice-velicina-7-17kg-38-kom\/","title":{"rendered":"PAMPERS Pants, pelene &#8211; ga\u0107ice, veli\u010dina 7, 17+kg, 38\u00a0kom"},"content":{"rendered":"<p>Pelene-ga\u0107ice Pampers Pants imaju revolucionarni d\u017eep STOP &amp; PROTECT koji u kombinaciji s prianjanjem 360\u00b0 Fit pru\u017ea do 12 sati za\u0161tite od propu\u0161tanja sa svih strana. Imaju i iznimno upijaju\u0107u jezgru koja odmah upija vla\u017enost, a dvostruke trakice uz noge poma\u017eu sprije\u010diti propu\u0161tanje oko nogica.<\/p>\n<p>Kada se beba po\u010dne migoljiti tijekom presvla\u010denja, rje\u0161enje su pelene-ga\u0107ice Pampers Pants koje se zahvaljuju\u0107i potpuno rastezlijvom pojasu navla\u010de u samo jednom potezu. Lako se i skidaju: samo ih potrgate sa strana, skinete, zamotate, zalijepite trakicom i odlo\u017eite.<\/p>\n<p>Ba\u0161 kao i vi, i Pampers stavlja sigurnost va\u0161e bebe na prvo mjesto: pelene-ga\u0107ice Pampers Pants dermatolo\u0161ki su ispitane i ne sadr\u017ee ni jedan od mirisnih alergena koje je EU izdvojila kao potencijalno opasne (prema Uredbi EU o kozmeti\u010dkim proizvodima br. 1223\/2009). \u0160tovi\u0161e, odobrili su ih i dermatolozi iz Udru\u017eenja Skin Health Alliance potvrdiv\u0161i da sigurne u dodiru s bebinom ko\u017eom.\u017delite li doznati vi\u0161e o komponentama? Posjetite pampers.com.hr<\/p>\n","protected":false},"excerpt":{"rendered":"<p>Jednostavno mijenjanje: navucite jednim potezom<br \/>\nIzuzetno mo\u0107na upijaju\u0107a jezgra: u trenu upija teku\u0107inu, za do 12 sati za\u0161tite od propu\u0161tanja<br \/>\nDvostruke trakice uz noge poma\u017eu sprije\u010diti propu\u0161tanja oko nogu<\/p>\n","protected":false},"featured_media":0,"template":"","meta":{"_seopress_robots_primary_cat":"","_seopress_titles_title":"","_seopress_titles_desc":"","_seopress_robots_index":"","iawp_total_views":0},"product_brand":[444],"product_cat":[211,310],"product_tag":[],"class_list":{"0":"post-42364","1":"product","2":"type-product","3":"status-publish","5":"product_brand-pampers","6":"product_cat-njega-majke-i-djeteta","7":"product_cat-pelene-211","9":"first","10":"instock","11":"shipping-taxable","12":"purchasable","13":"product-type-simple"},"_links":{"self":[{"href":"https:\/\/singuli.wpress.me\/index.php\/wp-json\/wp\/v2\/product\/42364","targetHints":{"allow":["GET"]}}],"collection":[{"href":"https:\/\/singuli.wpress.me\/index.php\/wp-json\/wp\/v2\/product"}],"about":[{"href":"https:\/\/singuli.wpress.me\/index.php\/wp-json\/wp\/v2\/types\/product"}],"version-history":[{"count":0,"href":"https:\/\/singuli.wpress.me\/index.php\/wp-json\/wp\/v2\/product\/42364\/revisions"}],"wp:attachment":[{"href":"https:\/\/singuli.wpress.me\/index.php\/wp-json\/wp\/v2\/media?parent=42364"}],"wp:term":[{"taxonomy":"product_brand","embeddable":true,"href":"https:\/\/singuli.wpress.me\/index.php\/wp-json\/wp\/v2\/product_brand?post=42364"},{"taxonomy":"product_cat","embeddable":true,"href":"https:\/\/singuli.wpress.me\/index.php\/wp-json\/wp\/v2\/product_cat?post=42364"},{"taxonomy":"product_tag","embeddable":true,"href":"https:\/\/singuli.wpress.me\/index.php\/wp-json\/wp\/v2\/product_tag?post=42364"}],"curies":[{"name":"wp","href":"https:\/\/api.w.org\/{rel}","templated":true}]}}