{"id":42375,"date":"2026-04-19T15:27:16","date_gmt":"2026-04-19T15:27:16","guid":{"rendered":"https:\/\/singuli.wpress.me\/index.php\/proizvod\/revlon-salon-long-last-curl-waves-uvijac-za-kosu\/"},"modified":"2026-04-20T12:33:45","modified_gmt":"2026-04-20T12:33:45","slug":"revlon-salon-long-last-curl-waves-uvijac-za-kosu","status":"publish","type":"product","link":"https:\/\/singuli.wpress.me\/index.php\/proizvod\/revlon-salon-long-last-curl-waves-uvijac-za-kosu\/","title":{"rendered":"REVLON Salon Long-Last Curl &amp; Waves, uvija\u010d za kosu"},"content":{"rendered":"<p>\u017delite li istaknuti svoj izgled i ljepotu? Uvija\u010d za kosu Revlon Salon Long-Last Curl &amp; Waves svojim karakteristikama poma\u017ee vam u postizanju tog cilja!<\/p>\n<p>Rose Gold tehnologija<br \/>\nKombinira zlato i bakar za povr\u0161inu vrhunskog dizajna. Zlato daje izravnu toplinu, dok je bakar izvrstan vodi\u010d topline i omogu\u0107uje trenutni povrat topline i brzo zagrijavanje. Sve to omogu\u0107uje da kovr\u010de traju du\u017ee.<\/p>\n<p>32 mm u promjeru za dugotrajne, srednje kovr\u010de i valove.<\/p>\n<p>Varijabilna temperatura do 200\u00b0C omogu\u0107uje br\u017ee oblikovanje kose.<\/p>\n<p>20 razli\u010ditih postavki topline<br \/>\nPrecizna kontrola za sve tipove kose.<\/p>\n<p>Okretni kabel<br \/>\nUvijena u\u017eeta olak\u0161ava oblikovanje i kretanje.<\/p>\n<p>Dugi hladni \u0161iljak<br \/>\nZa jednostavno dr\u017eanje i udobno oblikovanje.<\/p>\n<p>Tehni\u010dki detalji:<br \/>\n&#8211; Termostat: Podesiv<br \/>\n&#8211; Razine temperature: 20<br \/>\n&#8211; Maksimalna temperatura: 200\u00b0C<br \/>\n&#8211; Jamstvo: 4 godine<\/p>\n","protected":false},"excerpt":{"rendered":"<p>Kombinira zlato i bakar za povr\u0161inu vrhunskog dizajna<br \/>\nMaksimalna temperatura od 200\u00b0C omogu\u0107uje br\u017ee oblikovanje kose<br \/>\n20 razli\u010ditih postavki topline za preciznu kontrolu za sve tipove kose<\/p>\n","protected":false},"featured_media":0,"template":"","meta":{"_seopress_robots_primary_cat":"","_seopress_titles_title":"","_seopress_titles_desc":"","_seopress_robots_index":"","iawp_total_views":0},"product_brand":[155],"product_cat":[192,319],"product_tag":[],"class_list":{"0":"post-42375","1":"product","2":"type-product","3":"status-publish","5":"product_brand-revlon","6":"product_cat-aparati-za-osobnu-njegu","7":"product_cat-susila-za-kosu-pegla-i-uvijaci-192","9":"first","10":"instock","11":"shipping-taxable","12":"purchasable","13":"product-type-simple"},"_links":{"self":[{"href":"https:\/\/singuli.wpress.me\/index.php\/wp-json\/wp\/v2\/product\/42375","targetHints":{"allow":["GET"]}}],"collection":[{"href":"https:\/\/singuli.wpress.me\/index.php\/wp-json\/wp\/v2\/product"}],"about":[{"href":"https:\/\/singuli.wpress.me\/index.php\/wp-json\/wp\/v2\/types\/product"}],"version-history":[{"count":0,"href":"https:\/\/singuli.wpress.me\/index.php\/wp-json\/wp\/v2\/product\/42375\/revisions"}],"wp:attachment":[{"href":"https:\/\/singuli.wpress.me\/index.php\/wp-json\/wp\/v2\/media?parent=42375"}],"wp:term":[{"taxonomy":"product_brand","embeddable":true,"href":"https:\/\/singuli.wpress.me\/index.php\/wp-json\/wp\/v2\/product_brand?post=42375"},{"taxonomy":"product_cat","embeddable":true,"href":"https:\/\/singuli.wpress.me\/index.php\/wp-json\/wp\/v2\/product_cat?post=42375"},{"taxonomy":"product_tag","embeddable":true,"href":"https:\/\/singuli.wpress.me\/index.php\/wp-json\/wp\/v2\/product_tag?post=42375"}],"curies":[{"name":"wp","href":"https:\/\/api.w.org\/{rel}","templated":true}]}}