{"id":42408,"date":"2026-04-19T15:27:26","date_gmt":"2026-04-19T15:27:26","guid":{"rendered":"https:\/\/singuli.wpress.me\/index.php\/proizvod\/kookyloos-lutkica-bff\/"},"modified":"2026-04-20T12:33:45","modified_gmt":"2026-04-20T12:33:45","slug":"kookyloos-lutkica-bff","status":"publish","type":"product","link":"https:\/\/singuli.wpress.me\/index.php\/proizvod\/kookyloos-lutkica-bff\/","title":{"rendered":"KOOKYLOOS, lutkica bff"},"content":{"rendered":"<p>Kooky Loos &#8211; lutkice sa stilom! One su mini, one su slatke, one su zabavne i mogu promijeniti izraz lica samo jednim potezom! Svaka je druga\u010dija, ali zajedno su sve prijateljice!<\/p>\n<p>Kreativne, urbane, slatke i pametne &#8211; vole se zabavljati, dijeliti tajne, istra\u017eivati i u\u017eivati u zajedni\u010dkim pustolovinama &#8211; ba\u0161 kao najbolje prijateljice! BFF zauvijek!<\/p>\n<p>Preporu\u010dena dob: 3+<\/p>\n<p>Igra\u010dka dolazi u vi\u0161e razli\u010ditih modela, a isporuka ovisi o njihovoj trenutnoj raspolo\u017eivosti. <\/p>\n","protected":false},"excerpt":{"rendered":"<p>Kreativne, urbane, slatke i pametne lutkice<br \/>\nIgra\u010dka dolazi u vi\u0161e razli\u010ditih modela<br \/>\nDob: 3+<\/p>\n","protected":false},"featured_media":0,"template":"","meta":{"_seopress_robots_primary_cat":"","_seopress_titles_title":"","_seopress_titles_desc":"","_seopress_robots_index":"","iawp_total_views":0},"product_brand":[533],"product_cat":[221,291],"product_tag":[],"class_list":{"0":"post-42408","1":"product","2":"type-product","3":"status-publish","5":"product_brand-kookyloos","6":"product_cat-igracke","7":"product_cat-igracke-za-djecu-221","9":"first","10":"outofstock","11":"shipping-taxable","12":"purchasable","13":"product-type-simple"},"_links":{"self":[{"href":"https:\/\/singuli.wpress.me\/index.php\/wp-json\/wp\/v2\/product\/42408","targetHints":{"allow":["GET"]}}],"collection":[{"href":"https:\/\/singuli.wpress.me\/index.php\/wp-json\/wp\/v2\/product"}],"about":[{"href":"https:\/\/singuli.wpress.me\/index.php\/wp-json\/wp\/v2\/types\/product"}],"version-history":[{"count":0,"href":"https:\/\/singuli.wpress.me\/index.php\/wp-json\/wp\/v2\/product\/42408\/revisions"}],"wp:attachment":[{"href":"https:\/\/singuli.wpress.me\/index.php\/wp-json\/wp\/v2\/media?parent=42408"}],"wp:term":[{"taxonomy":"product_brand","embeddable":true,"href":"https:\/\/singuli.wpress.me\/index.php\/wp-json\/wp\/v2\/product_brand?post=42408"},{"taxonomy":"product_cat","embeddable":true,"href":"https:\/\/singuli.wpress.me\/index.php\/wp-json\/wp\/v2\/product_cat?post=42408"},{"taxonomy":"product_tag","embeddable":true,"href":"https:\/\/singuli.wpress.me\/index.php\/wp-json\/wp\/v2\/product_tag?post=42408"}],"curies":[{"name":"wp","href":"https:\/\/api.w.org\/{rel}","templated":true}]}}