{"id":42422,"date":"2026-04-19T15:27:32","date_gmt":"2026-04-19T15:27:32","guid":{"rendered":"https:\/\/singuli.wpress.me\/index.php\/proizvod\/lenor-winter-care-omeksivac-48-pranja-1200-ml\/"},"modified":"2026-04-20T12:33:45","modified_gmt":"2026-04-20T12:33:45","slug":"lenor-winter-care-omeksivac-48-pranja-1200-ml","status":"publish","type":"product","link":"https:\/\/singuli.wpress.me\/index.php\/proizvod\/lenor-winter-care-omeksivac-48-pranja-1200-ml\/","title":{"rendered":"LENOR Winter Care, omek\u0161iva\u010d, 48 pranja, 1200\u00a0ml"},"content":{"rendered":"<p>Ugodite svojim osjetilima s osvje\u017eavaju\u0107im mirisom sandalovine, jantara i vanilije za u\u017eitak o\u017eivljavanja prirode. Omek\u0161iva\u010d Lenor Winter Care pru\u017ea dugotrajnu svje\u017einu za svje\u017eu posteljinu do tjedan dana. Omek\u0161iva\u010d tkanine pru\u017ea osje\u0107aj ugode, poma\u017ee smanjiti gu\u017eva i olak\u0161ava gla\u010danje. Osje\u0107ajte se dobro u svim njegovim tkaninama s Lenoreovom najboljom ikad biljnom svje\u017einom i meko\u0107om.<\/p>\n<p>&#8211; Omek\u0161iva\u010d za rublje koji pru\u017ea dugotrajnu svje\u017einu i osje\u0107aj svje\u017ee posteljine svaku ve\u010der do tjedan dana.<br \/>\n&#8211; Omek\u0161iva\u010d za meko\u0107u i udobnost, manje gu\u017evanja i lak\u0161e gla\u010danje.<br \/>\n&#8211; Dermatolo\u0161ki ispitano<br \/>\n&#8211; Boca je izra\u0111ena od 50% reciklirane plastike<\/p>\n<p>Savjet: Koristite s Ariel deterd\u017eentom za dubinsko \u010di\u0161\u0107enje i uskla\u0111ivanje mirisa.<\/p>\n","protected":false},"excerpt":{"rendered":"<p>Ugodite svojim osjetilima osvje\u017eavaju\u0107im mirisom sandalovine, jantara i vanilije<br \/>\nZa osje\u0107aj meko\u0107e i udobnosti, manje gu\u017evanja i lak\u0161eg gla\u010danja<br \/>\nDermatolo\u0161ki ispitano<\/p>\n","protected":false},"featured_media":0,"template":"","meta":{"_seopress_robots_primary_cat":"","_seopress_titles_title":"","_seopress_titles_desc":"","_seopress_robots_index":"","iawp_total_views":0},"product_brand":[446],"product_cat":[283,238],"product_tag":[],"class_list":{"0":"post-42422","1":"product","2":"type-product","3":"status-publish","5":"product_brand-lenor","6":"product_cat-pranje-rublja-238","7":"product_cat-sve-za-dom","9":"first","10":"outofstock","11":"shipping-taxable","12":"purchasable","13":"product-type-simple"},"_links":{"self":[{"href":"https:\/\/singuli.wpress.me\/index.php\/wp-json\/wp\/v2\/product\/42422","targetHints":{"allow":["GET"]}}],"collection":[{"href":"https:\/\/singuli.wpress.me\/index.php\/wp-json\/wp\/v2\/product"}],"about":[{"href":"https:\/\/singuli.wpress.me\/index.php\/wp-json\/wp\/v2\/types\/product"}],"version-history":[{"count":0,"href":"https:\/\/singuli.wpress.me\/index.php\/wp-json\/wp\/v2\/product\/42422\/revisions"}],"wp:attachment":[{"href":"https:\/\/singuli.wpress.me\/index.php\/wp-json\/wp\/v2\/media?parent=42422"}],"wp:term":[{"taxonomy":"product_brand","embeddable":true,"href":"https:\/\/singuli.wpress.me\/index.php\/wp-json\/wp\/v2\/product_brand?post=42422"},{"taxonomy":"product_cat","embeddable":true,"href":"https:\/\/singuli.wpress.me\/index.php\/wp-json\/wp\/v2\/product_cat?post=42422"},{"taxonomy":"product_tag","embeddable":true,"href":"https:\/\/singuli.wpress.me\/index.php\/wp-json\/wp\/v2\/product_tag?post=42422"}],"curies":[{"name":"wp","href":"https:\/\/api.w.org\/{rel}","templated":true}]}}