{"id":42429,"date":"2026-04-19T15:27:34","date_gmt":"2026-04-19T15:27:34","guid":{"rendered":"https:\/\/singuli.wpress.me\/index.php\/proizvod\/mr-proper-sredstvo-za-ciscenje-kuhinje-800-ml\/"},"modified":"2026-04-20T12:33:46","modified_gmt":"2026-04-20T12:33:46","slug":"mr-proper-sredstvo-za-ciscenje-kuhinje-800-ml","status":"publish","type":"product","link":"https:\/\/singuli.wpress.me\/index.php\/proizvod\/mr-proper-sredstvo-za-ciscenje-kuhinje-800-ml\/","title":{"rendered":"MR. PROPER, sredstvo za \u010di\u0161\u0107enje, kuhinje, 800\u00a0ml"},"content":{"rendered":"<p>Sprej Mr. Proper Wipe Done promijenit \u0107e na\u010din na koji \u010distite povr\u0161ine. <\/p>\n<p>Samo po\u0161pricajte posvuda, obri\u0161ite i gotovi ste. Tako je jednostavno. <\/p>\n<p>Trenuta\u010dno, bez daljnjih koraka, uklanja masno\u0107u s povr\u0161ina &#8211; bez ribanja i bez razmazivanja. <\/p>\n<p>Iza sebe ne ostavlja ni\u0161ta osim blistave \u010disto\u0107e i blistavog sjaja zahvaljuju\u0107i sastojku biljnog podrijetla (82% svih povr\u0161inski aktivnih tvari koje su podvrgnute obradi). <\/p>\n<p>Siguran je za povr\u0161ine koje dolaze u dodir s hranom i ne ostavlja \u0161tetne ostatke. <\/p>\n<p>Dostupan s nevjerojatnim peps mirisom mandarine. <\/p>\n<p>Povr\u0161ine koje su u izravnom kontaktu s hranom isperite pitkom vodom nakon upotrebe proizvoda.<\/p>\n","protected":false},"excerpt":{"rendered":"<p>Po\u0161pricajte, obri\u0161ite i gotovi ste &#8211; jednostavan za kori\u0161tenje<br \/>\nMiris mandarine<br \/>\nUklanja masno\u0107u s povr\u0161ina<\/p>\n","protected":false},"featured_media":0,"template":"","meta":{"_seopress_robots_primary_cat":"","_seopress_titles_title":"","_seopress_titles_desc":"","_seopress_robots_index":"","iawp_total_views":0},"product_brand":[521],"product_cat":[284,238],"product_tag":[],"class_list":{"0":"post-42429","1":"product","2":"type-product","3":"status-publish","5":"product_brand-mr-proper","6":"product_cat-sredstva-za-ciscenje-238","7":"product_cat-sve-za-dom","9":"first","10":"instock","11":"shipping-taxable","12":"purchasable","13":"product-type-simple"},"_links":{"self":[{"href":"https:\/\/singuli.wpress.me\/index.php\/wp-json\/wp\/v2\/product\/42429","targetHints":{"allow":["GET"]}}],"collection":[{"href":"https:\/\/singuli.wpress.me\/index.php\/wp-json\/wp\/v2\/product"}],"about":[{"href":"https:\/\/singuli.wpress.me\/index.php\/wp-json\/wp\/v2\/types\/product"}],"version-history":[{"count":0,"href":"https:\/\/singuli.wpress.me\/index.php\/wp-json\/wp\/v2\/product\/42429\/revisions"}],"wp:attachment":[{"href":"https:\/\/singuli.wpress.me\/index.php\/wp-json\/wp\/v2\/media?parent=42429"}],"wp:term":[{"taxonomy":"product_brand","embeddable":true,"href":"https:\/\/singuli.wpress.me\/index.php\/wp-json\/wp\/v2\/product_brand?post=42429"},{"taxonomy":"product_cat","embeddable":true,"href":"https:\/\/singuli.wpress.me\/index.php\/wp-json\/wp\/v2\/product_cat?post=42429"},{"taxonomy":"product_tag","embeddable":true,"href":"https:\/\/singuli.wpress.me\/index.php\/wp-json\/wp\/v2\/product_tag?post=42429"}],"curies":[{"name":"wp","href":"https:\/\/api.w.org\/{rel}","templated":true}]}}