{"id":42434,"date":"2026-04-19T15:27:35","date_gmt":"2026-04-19T15:27:35","guid":{"rendered":"https:\/\/singuli.wpress.me\/index.php\/proizvod\/fisher-price-igracka-djecja-geometrijska-tijela\/"},"modified":"2026-04-20T12:33:46","modified_gmt":"2026-04-20T12:33:46","slug":"fisher-price-igracka-djecja-geometrijska-tijela","status":"publish","type":"product","link":"https:\/\/singuli.wpress.me\/index.php\/proizvod\/fisher-price-igracka-djecja-geometrijska-tijela\/","title":{"rendered":"FISHER PRICE, igra\u010dka, dje\u010dja geometrijska tijela"},"content":{"rendered":"<p>Otvori zabavnu Fisher-Price kutiju prvih dje\u010djih geometrijskim tijela!<\/p>\n<p>Ove \u0161arene kocke poma\u017eu u\u010diti boje i oblike kako maleni sortiraju i sla\u017eu kockice kroz oblike na kutiji.<\/p>\n<p>Isprazni kutiju i zapo\u010dni zabavu iznova!<\/p>\n<p>S ru\u010dkom koja omogu\u0107ava lak\u0161e no\u0161enje, dijete mo\u017ee uzeti igra\u010dku gdje god ide!<\/p>\n<p>Poma\u017ee u razvoju:<\/p>\n<p>\u25cf Fine motorika: uzimanje kockica i ispu\u0161tanje ja\u010daju koordinaciju oka i ruke, te pove\u0107avaju spretnost.<\/p>\n<p>\u25cf Rje\u0161avanje problema: dijete vje\u017eba rje\u0161avanje problema kako poku\u0161avaju staviti kockice u odgovaraju\u0107e oblike.<\/p>\n<p>\u25cf Znati\u017eelja i otkrivanje: vesele boje i oblici poma\u017eu uklju\u010diti dje\u010dje osje\u0107aje i znati\u017eelju tijekom igre.<\/p>\n<p>Dob djeteta: starost 6+ mjeseci <\/p>\n","protected":false},"excerpt":{"rendered":"<p>Kocke poma\u017eu u u\u010denju boja i oblika<br \/>\nPoma\u017eu u razvoju motorike, rje\u0161avanju problema i otkrivanju<br \/>\nDob: 6+m<\/p>\n","protected":false},"featured_media":0,"template":"","meta":{"_seopress_robots_primary_cat":"","_seopress_titles_title":"","_seopress_titles_desc":"","_seopress_robots_index":"","iawp_total_views":0},"product_brand":[458],"product_cat":[221,291],"product_tag":[],"class_list":{"0":"post-42434","1":"product","2":"type-product","3":"status-publish","5":"product_brand-fisher-price","6":"product_cat-igracke","7":"product_cat-igracke-za-djecu-221","9":"first","10":"instock","11":"shipping-taxable","12":"purchasable","13":"product-type-simple"},"_links":{"self":[{"href":"https:\/\/singuli.wpress.me\/index.php\/wp-json\/wp\/v2\/product\/42434","targetHints":{"allow":["GET"]}}],"collection":[{"href":"https:\/\/singuli.wpress.me\/index.php\/wp-json\/wp\/v2\/product"}],"about":[{"href":"https:\/\/singuli.wpress.me\/index.php\/wp-json\/wp\/v2\/types\/product"}],"version-history":[{"count":0,"href":"https:\/\/singuli.wpress.me\/index.php\/wp-json\/wp\/v2\/product\/42434\/revisions"}],"wp:attachment":[{"href":"https:\/\/singuli.wpress.me\/index.php\/wp-json\/wp\/v2\/media?parent=42434"}],"wp:term":[{"taxonomy":"product_brand","embeddable":true,"href":"https:\/\/singuli.wpress.me\/index.php\/wp-json\/wp\/v2\/product_brand?post=42434"},{"taxonomy":"product_cat","embeddable":true,"href":"https:\/\/singuli.wpress.me\/index.php\/wp-json\/wp\/v2\/product_cat?post=42434"},{"taxonomy":"product_tag","embeddable":true,"href":"https:\/\/singuli.wpress.me\/index.php\/wp-json\/wp\/v2\/product_tag?post=42434"}],"curies":[{"name":"wp","href":"https:\/\/api.w.org\/{rel}","templated":true}]}}