{"id":42435,"date":"2026-04-19T15:27:36","date_gmt":"2026-04-19T15:27:36","guid":{"rendered":"https:\/\/singuli.wpress.me\/index.php\/proizvod\/bison-pu-max-d4-konstrukcijsko-ljepilo-za-drvo-250-g\/"},"modified":"2026-04-21T00:27:18","modified_gmt":"2026-04-21T00:27:18","slug":"bison-pu-max-d4-konstrukcijsko-ljepilo-za-drvo-250-g","status":"publish","type":"product","link":"https:\/\/singuli.wpress.me\/index.php\/proizvod\/bison-pu-max-d4-konstrukcijsko-ljepilo-za-drvo-250-g\/","title":{"rendered":"BISON Pu Max D4 konstrukcijsko, ljepilo, za drvo , 250\u00a0g"},"content":{"rendered":"<p>Teku\u0107e, vodootporno (EN 204 D4) konstrukcijsko ljepilo za drvo na bazi poliuretana. <\/p>\n<p>Za vodootporno (EN 204 D4) me\u0111usobno (povr\u0161insko) spajanje gotovo svih vrsta drva kao i spajanje gotovo svih vrsta drva s brojnim gra\u0111evnim materijalima kao \u0161to su gips, (prirodni) kamen, (celularni) beton, metal, tvrda pjena i razni sinteti\u010dki materijali. Osobito za lijepljenje i popravke drvenih konstrukcija i drvenih spojeva koji moraju ispunjavati stroge zahtjeve. Prikladno za zup\u010daste spojeve, spojeve na lastin rep, spojeve na \u010dep i \u017elijeb, mo\u017edanike, opruge i drugo. Prikladno za unutarnje i vanjske primjene, kao \u0161to su fasadne oplate i sendvi\u010d-paneli. Tako\u0111er za spojeve koji slabije prianjaju (npr. nestrugano drvo). D4: Unutra\u0161nji prostori u kojima je teku\u0107a voda ili kondenzacija stalno prisutna tijekom duljeg razdoblja. Vanjski prostori izlo\u017eeni vremenskim utjecajima, uz pru\u017eanje u\u010dinkovite za\u0161tite za zalijepljeno drvo.<\/p>\n<p>Nije prikladno za polietilen (PE), polipropilen (PP), PTFE-a i najlon (PA).<\/p>\n","protected":false},"excerpt":{"rendered":"<p>Na bazi poliuretana<br \/>\nIznimno sna\u017eno<br \/>\nOtporno na (morsku) vodu<\/p>\n","protected":false},"featured_media":0,"template":"","meta":{"_seopress_robots_primary_cat":"","_seopress_titles_title":"","_seopress_titles_desc":"","_seopress_robots_index":"","iawp_total_views":0},"product_brand":[494],"product_cat":[264,238],"product_tag":[],"class_list":{"0":"post-42435","1":"product","2":"type-product","3":"status-publish","5":"product_brand-bison","6":"product_cat-ljepila-i-brtvila-238","7":"product_cat-sve-za-dom","9":"first","10":"instock","11":"shipping-taxable","12":"purchasable","13":"product-type-simple"},"_links":{"self":[{"href":"https:\/\/singuli.wpress.me\/index.php\/wp-json\/wp\/v2\/product\/42435","targetHints":{"allow":["GET"]}}],"collection":[{"href":"https:\/\/singuli.wpress.me\/index.php\/wp-json\/wp\/v2\/product"}],"about":[{"href":"https:\/\/singuli.wpress.me\/index.php\/wp-json\/wp\/v2\/types\/product"}],"version-history":[{"count":0,"href":"https:\/\/singuli.wpress.me\/index.php\/wp-json\/wp\/v2\/product\/42435\/revisions"}],"wp:attachment":[{"href":"https:\/\/singuli.wpress.me\/index.php\/wp-json\/wp\/v2\/media?parent=42435"}],"wp:term":[{"taxonomy":"product_brand","embeddable":true,"href":"https:\/\/singuli.wpress.me\/index.php\/wp-json\/wp\/v2\/product_brand?post=42435"},{"taxonomy":"product_cat","embeddable":true,"href":"https:\/\/singuli.wpress.me\/index.php\/wp-json\/wp\/v2\/product_cat?post=42435"},{"taxonomy":"product_tag","embeddable":true,"href":"https:\/\/singuli.wpress.me\/index.php\/wp-json\/wp\/v2\/product_tag?post=42435"}],"curies":[{"name":"wp","href":"https:\/\/api.w.org\/{rel}","templated":true}]}}