{"id":42449,"date":"2026-04-19T15:27:42","date_gmt":"2026-04-19T15:27:42","guid":{"rendered":"https:\/\/singuli.wpress.me\/index.php\/proizvod\/air-tool-oil-s2-a-32-ulje-za-pneumatske-alate-20-l\/"},"modified":"2026-04-20T12:33:46","modified_gmt":"2026-04-20T12:33:46","slug":"air-tool-oil-s2-a-32-ulje-za-pneumatske-alate-20-l","status":"publish","type":"product","link":"https:\/\/singuli.wpress.me\/index.php\/proizvod\/air-tool-oil-s2-a-32-ulje-za-pneumatske-alate-20-l\/","title":{"rendered":"AIR TOOL OIL  S2 A 32, Ulje za pneumatske alate, 20\u00a0l"},"content":{"rendered":"<p>Mazivo za pneumatske alate razvijeno kako bi <br \/>\nzadovoljilo posebne zahtjeve podmazivanja svih tipova pneumatskih alata, uklju\u010duju\u0107i i one za bu\u0161enje kamena te one podvrgnute te\u0161kim uvjetima rada. Sposobna je za odr\u017eavanje velike \u010dvrsto\u0107e uljnog filma i u\u010dinkovitog podmazivanja zahtjevnih pneumatskih udarnih bu\u0161e\u0107ih mehanizama uz izuzetnu za\u0161titu od habanja i korozije. Aditivi protiv hr\u0111anja i aditivi za prianjanje osiguravaju u\u010dinkovitu za\u0161titu od korozije svih unutarnjih radnih povr\u0161ina. Odolijevaju ispiranju vodom uslijed pojave vodenog kondenzata koji se stvara na kriti\u010dnim povr\u0161inama za vrijeme procesa ekspanzije zraka. Pogodno za upotrebu u pneumatskim alatima koji rade na vrlo niskim temperaturama. Otporno je na formiranje taloga i drugih \u0161tetnih produkata oksidacije.<\/p>\n<p><span style=\"font-weight: bold\">Specifikacija: <\/span>ISO 6743-11 Tip PAC i PBC.<\/p>\n","protected":false},"excerpt":{"rendered":"<p>Mazivo za pneumatske alate<br \/>\nPogodno za upotrebu u pneumatskim alatima koji rade na vrlo niskim temperaturama<br \/>\nOtporno je na formiranje taloga<\/p>\n","protected":false},"featured_media":0,"template":"","meta":{"_seopress_robots_primary_cat":"","_seopress_titles_title":"","_seopress_titles_desc":"","_seopress_robots_index":"","iawp_total_views":0},"product_brand":[860],"product_cat":[243,276],"product_tag":[],"class_list":{"0":"post-42449","1":"product","2":"type-product","3":"status-publish","5":"product_brand-air-tool-oil","6":"product_cat-automobili-i-motori","7":"product_cat-industrijska-i-specijalna-ulja-243","9":"first","10":"instock","11":"shipping-taxable","12":"purchasable","13":"product-type-simple"},"_links":{"self":[{"href":"https:\/\/singuli.wpress.me\/index.php\/wp-json\/wp\/v2\/product\/42449","targetHints":{"allow":["GET"]}}],"collection":[{"href":"https:\/\/singuli.wpress.me\/index.php\/wp-json\/wp\/v2\/product"}],"about":[{"href":"https:\/\/singuli.wpress.me\/index.php\/wp-json\/wp\/v2\/types\/product"}],"version-history":[{"count":0,"href":"https:\/\/singuli.wpress.me\/index.php\/wp-json\/wp\/v2\/product\/42449\/revisions"}],"wp:attachment":[{"href":"https:\/\/singuli.wpress.me\/index.php\/wp-json\/wp\/v2\/media?parent=42449"}],"wp:term":[{"taxonomy":"product_brand","embeddable":true,"href":"https:\/\/singuli.wpress.me\/index.php\/wp-json\/wp\/v2\/product_brand?post=42449"},{"taxonomy":"product_cat","embeddable":true,"href":"https:\/\/singuli.wpress.me\/index.php\/wp-json\/wp\/v2\/product_cat?post=42449"},{"taxonomy":"product_tag","embeddable":true,"href":"https:\/\/singuli.wpress.me\/index.php\/wp-json\/wp\/v2\/product_tag?post=42449"}],"curies":[{"name":"wp","href":"https:\/\/api.w.org\/{rel}","templated":true}]}}