{"id":42470,"date":"2026-04-19T15:27:49","date_gmt":"2026-04-19T15:27:49","guid":{"rendered":"https:\/\/singuli.wpress.me\/index.php\/proizvod\/wc-net-kapsule-za-septicke-jame-216-g\/"},"modified":"2026-04-20T12:33:46","modified_gmt":"2026-04-20T12:33:46","slug":"wc-net-kapsule-za-septicke-jame-216-g","status":"publish","type":"product","link":"https:\/\/singuli.wpress.me\/index.php\/proizvod\/wc-net-kapsule-za-septicke-jame-216-g\/","title":{"rendered":"WC NET, kapsule za septi\u010dke jame, 216\u00a0g"},"content":{"rendered":"<p>WC NET Septi\u010dke jame su jednostavno i ekonomi\u010dno rje\u0161enje protiv neugodnih mirisa i za\u010depljenja. <\/p>\n<p>Samotopive kapsule potpuno se otapaju u sredi\u0161tu cijevi za jo\u0161 u\u010dinkovitije djelovanje.<\/p>\n<p>Zahvaljuju\u0107i koncentriranoj formuli, poja\u010davaju djelovanje enzima i razgra\u0111uju tvrde fekalije sprje\u010davaju\u0107i za\u010depljenja.<\/p>\n<p>Preporu\u010dena doza:<br \/>\n1-4 osobe: 1 kapsula tjedno<br \/>\n5-8 osoba: 2 kapsule tjedno<br \/>\n9-12 osoba: 3 kapsule tjedno<\/p>\n","protected":false},"excerpt":{"rendered":"<p>Samotopive kapsule<br \/>\nKoncentrirana formula<br \/>\nSprje\u010dava za\u010depljenja<\/p>\n","protected":false},"featured_media":0,"template":"","meta":{"_seopress_robots_primary_cat":"","_seopress_titles_title":"","_seopress_titles_desc":"","_seopress_robots_index":"","iawp_total_views":0},"product_brand":[778],"product_cat":[283,238],"product_tag":[],"class_list":{"0":"post-42470","1":"product","2":"type-product","3":"status-publish","5":"product_brand-wc-net","6":"product_cat-pranje-rublja-238","7":"product_cat-sve-za-dom","9":"first","10":"instock","11":"shipping-taxable","12":"purchasable","13":"product-type-simple"},"_links":{"self":[{"href":"https:\/\/singuli.wpress.me\/index.php\/wp-json\/wp\/v2\/product\/42470","targetHints":{"allow":["GET"]}}],"collection":[{"href":"https:\/\/singuli.wpress.me\/index.php\/wp-json\/wp\/v2\/product"}],"about":[{"href":"https:\/\/singuli.wpress.me\/index.php\/wp-json\/wp\/v2\/types\/product"}],"version-history":[{"count":0,"href":"https:\/\/singuli.wpress.me\/index.php\/wp-json\/wp\/v2\/product\/42470\/revisions"}],"wp:attachment":[{"href":"https:\/\/singuli.wpress.me\/index.php\/wp-json\/wp\/v2\/media?parent=42470"}],"wp:term":[{"taxonomy":"product_brand","embeddable":true,"href":"https:\/\/singuli.wpress.me\/index.php\/wp-json\/wp\/v2\/product_brand?post=42470"},{"taxonomy":"product_cat","embeddable":true,"href":"https:\/\/singuli.wpress.me\/index.php\/wp-json\/wp\/v2\/product_cat?post=42470"},{"taxonomy":"product_tag","embeddable":true,"href":"https:\/\/singuli.wpress.me\/index.php\/wp-json\/wp\/v2\/product_tag?post=42470"}],"curies":[{"name":"wp","href":"https:\/\/api.w.org\/{rel}","templated":true}]}}