{"id":42510,"date":"2026-04-19T15:28:04","date_gmt":"2026-04-19T15:28:04","guid":{"rendered":"https:\/\/singuli.wpress.me\/index.php\/proizvod\/autan-tropical-suhi-sprej-protiv-uboda-komaraca-100-ml\/"},"modified":"2026-04-20T12:33:46","modified_gmt":"2026-04-20T12:33:46","slug":"autan-tropical-suhi-sprej-protiv-uboda-komaraca-100-ml","status":"publish","type":"product","link":"https:\/\/singuli.wpress.me\/index.php\/proizvod\/autan-tropical-suhi-sprej-protiv-uboda-komaraca-100-ml\/","title":{"rendered":"AUTAN Tropical, suhi sprej, protiv uboda komaraca, 100\u00a0ml"},"content":{"rendered":"<p>Autan\u00ae Tropical suhi sprej pru\u017ea dugotrajnu za\u0161titu protiv komaraca, a na ko\u017ei ostavlja nje\u017ean i neprimjetan osje\u0107aj.<\/p>\n<p>Pru\u017ea 8 sati za\u0161tite protiv obi\u010dnih, tropskih i tigrastih komaraca te krpelja.<\/p>\n<p>Zahvaljuju\u0107i svojoj formuli koja sadr\u017ei prirodne sastojke, kukuruzni \u0161krob i fine mikro\u010destice, brzo se su\u0161i na ko\u017ei.<\/p>\n<p><span style=\"font-weight: bold\">Upute za uporabu:<\/span><br \/>\nDobro protresite prije uporabe.<\/p>\n<p>Raspr\u0161ite sredstvo ravnomjerno, dr\u017ee\u0107i pri tome spremnik \u0161to uspravnije, kru\u017enim pokretima u trajanju 1 sekunde sa udaljenosti 15 do 20 cm po sljede\u0107im otkrivenim dijelovima tijela:<\/p>\n<p>&#8211; Odrasli: *lice, vrat, ruke, podlaktice i gornji dijelovi stopala<\/p>\n<p>&#8211; Djeca starija od 2 godine: *lice, vrat i gornji dijelovi stopala<\/p>\n<p>* Za lice: raspr\u0161ite sredstvo na dlan odrasle osobe i umjereno nanesite na lice odrasle osobe ili djeteta, izbjegavaju\u0107i o\u010di i usta<\/p>\n","protected":false},"excerpt":{"rendered":"<p>Pru\u017ea za\u0161titu od obi\u010dnih, tropskih I tigrastih komaraca do 8 sati<br \/>\nPru\u017ea za\u0161titu od krpelja do 8 sata<br \/>\nSuha i lagana formula<\/p>\n","protected":false},"featured_media":0,"template":"","meta":{"_seopress_robots_primary_cat":"","_seopress_titles_title":"","_seopress_titles_desc":"","_seopress_robots_index":"","iawp_total_views":0},"product_brand":[821],"product_cat":[268,300],"product_tag":[],"class_list":{"0":"post-42510","1":"product","2":"type-product","3":"status-publish","5":"product_brand-autan","6":"product_cat-kozmetika-2","7":"product_cat-njega-kose-268","9":"first","10":"instock","11":"shipping-taxable","12":"purchasable","13":"product-type-simple"},"_links":{"self":[{"href":"https:\/\/singuli.wpress.me\/index.php\/wp-json\/wp\/v2\/product\/42510","targetHints":{"allow":["GET"]}}],"collection":[{"href":"https:\/\/singuli.wpress.me\/index.php\/wp-json\/wp\/v2\/product"}],"about":[{"href":"https:\/\/singuli.wpress.me\/index.php\/wp-json\/wp\/v2\/types\/product"}],"version-history":[{"count":0,"href":"https:\/\/singuli.wpress.me\/index.php\/wp-json\/wp\/v2\/product\/42510\/revisions"}],"wp:attachment":[{"href":"https:\/\/singuli.wpress.me\/index.php\/wp-json\/wp\/v2\/media?parent=42510"}],"wp:term":[{"taxonomy":"product_brand","embeddable":true,"href":"https:\/\/singuli.wpress.me\/index.php\/wp-json\/wp\/v2\/product_brand?post=42510"},{"taxonomy":"product_cat","embeddable":true,"href":"https:\/\/singuli.wpress.me\/index.php\/wp-json\/wp\/v2\/product_cat?post=42510"},{"taxonomy":"product_tag","embeddable":true,"href":"https:\/\/singuli.wpress.me\/index.php\/wp-json\/wp\/v2\/product_tag?post=42510"}],"curies":[{"name":"wp","href":"https:\/\/api.w.org\/{rel}","templated":true}]}}