{"id":42529,"date":"2026-04-19T15:28:10","date_gmt":"2026-04-19T15:28:10","guid":{"rendered":"https:\/\/singuli.wpress.me\/index.php\/proizvod\/sdf-motorno-ulje-top-multifunction-20-l\/"},"modified":"2026-04-20T12:33:46","modified_gmt":"2026-04-20T12:33:46","slug":"sdf-motorno-ulje-top-multifunction-20-l","status":"publish","type":"product","link":"https:\/\/singuli.wpress.me\/index.php\/proizvod\/sdf-motorno-ulje-top-multifunction-20-l\/","title":{"rendered":"SDF, motorno ulje, TOP MULTIFUNCTION, 20\u00a0l"},"content":{"rendered":"<p>SDF Top Multifunction ulje jedinstvena je formula koja nudi potpunu za\u0161titu za svu poljoprivrednu opremu u jednom univerzalnom ulju koje istovremeno obavlja vi\u0161e razli\u010ditih funkcija za\u0161tite i podmazivanja zup\u010danika, le\u017eaja i povr\u0161ina po cijelom stroju. Dobra razina za\u0161tite podmazivanja svih podmazanih elemenata. jednostavno i lagano rje\u0161enje za podmazivanje svih traktora.<\/p>\n","protected":false},"excerpt":{"rendered":"<p>Jedinstvena formula koja nudi potpunu za\u0161titu za svu poljoprivrednu opremu u jednom univerzalnom ulju<br \/>\nDobra razina za\u0161tite podmazivanja svih podmazanih elemenata. jednostavno i lagano rje\u0161enje za podmazivanje svih traktora<br \/>\nIstovremeno obavlja vi\u0161e razli\u010ditih funkcija za\u0161tite i podmazivanja zup\u010danika, le\u017eaja i povr\u0161ina po cijelom stroju<\/p>\n","protected":false},"featured_media":0,"template":"","meta":{"_seopress_robots_primary_cat":"","_seopress_titles_title":"","_seopress_titles_desc":"","_seopress_robots_index":"","iawp_total_views":0},"product_brand":[816],"product_cat":[243,276],"product_tag":[],"class_list":{"0":"post-42529","1":"product","2":"type-product","3":"status-publish","5":"product_brand-sdf","6":"product_cat-automobili-i-motori","7":"product_cat-industrijska-i-specijalna-ulja-243","9":"first","10":"instock","11":"shipping-taxable","12":"purchasable","13":"product-type-simple"},"_links":{"self":[{"href":"https:\/\/singuli.wpress.me\/index.php\/wp-json\/wp\/v2\/product\/42529","targetHints":{"allow":["GET"]}}],"collection":[{"href":"https:\/\/singuli.wpress.me\/index.php\/wp-json\/wp\/v2\/product"}],"about":[{"href":"https:\/\/singuli.wpress.me\/index.php\/wp-json\/wp\/v2\/types\/product"}],"version-history":[{"count":0,"href":"https:\/\/singuli.wpress.me\/index.php\/wp-json\/wp\/v2\/product\/42529\/revisions"}],"wp:attachment":[{"href":"https:\/\/singuli.wpress.me\/index.php\/wp-json\/wp\/v2\/media?parent=42529"}],"wp:term":[{"taxonomy":"product_brand","embeddable":true,"href":"https:\/\/singuli.wpress.me\/index.php\/wp-json\/wp\/v2\/product_brand?post=42529"},{"taxonomy":"product_cat","embeddable":true,"href":"https:\/\/singuli.wpress.me\/index.php\/wp-json\/wp\/v2\/product_cat?post=42529"},{"taxonomy":"product_tag","embeddable":true,"href":"https:\/\/singuli.wpress.me\/index.php\/wp-json\/wp\/v2\/product_tag?post=42529"}],"curies":[{"name":"wp","href":"https:\/\/api.w.org\/{rel}","templated":true}]}}