{"id":42560,"date":"2026-04-19T15:28:22","date_gmt":"2026-04-19T15:28:22","guid":{"rendered":"https:\/\/singuli.wpress.me\/index.php\/proizvod\/bissell-pet-stain-odour-sredstvo-za-ciscenje-1-l\/"},"modified":"2026-04-20T12:33:47","modified_gmt":"2026-04-20T12:33:47","slug":"bissell-pet-stain-odour-sredstvo-za-ciscenje-1-l","status":"publish","type":"product","link":"https:\/\/singuli.wpress.me\/index.php\/proizvod\/bissell-pet-stain-odour-sredstvo-za-ciscenje-1-l\/","title":{"rendered":"BISSELL Pet Stain &amp; Odour, sredstvo za \u010di\u0161\u0107enje, 1\u00a0l"},"content":{"rendered":"<p>Formula za \u010di\u0161\u0107enje namijenjena domovima s ku\u0107nim ljubimcima. S Pet Stain &amp; Odor mo\u017eete brzo ukloniti mrlje i prolivenu teku\u0107inu s tepiha i presvlaka. Prikladno za upotrebu na tepisima i vodootpornim tkaninama. Formula sadr\u017ei biorazgradive deterd\u017eente i ne sadr\u017ei te\u0161ke metale, fosfate niti bojila.<\/p>\n","protected":false},"excerpt":{"rendered":"<p>Dizajnirano posebno za domove s ku\u0107nim ljubimcima<br \/>\nBrzo uklonite mrlje i prolivenu teku\u0107inu s tepiha i presvlaka<br \/>\nPrikladno za upotrebu na tepisima i vodootpornim tkaninama<\/p>\n","protected":false},"featured_media":0,"template":"","meta":{"_seopress_robots_primary_cat":"","_seopress_titles_title":"","_seopress_titles_desc":"","_seopress_robots_index":"","iawp_total_views":0},"product_brand":[819],"product_cat":[160,271],"product_tag":[],"class_list":{"0":"post-42560","1":"product","2":"type-product","3":"status-publish","5":"product_brand-bissell","6":"product_cat-mali-kucanski-aparati","7":"product_cat-usisavaci-i-ciscenje-160","9":"first","10":"outofstock","11":"shipping-taxable","12":"purchasable","13":"product-type-simple"},"_links":{"self":[{"href":"https:\/\/singuli.wpress.me\/index.php\/wp-json\/wp\/v2\/product\/42560","targetHints":{"allow":["GET"]}}],"collection":[{"href":"https:\/\/singuli.wpress.me\/index.php\/wp-json\/wp\/v2\/product"}],"about":[{"href":"https:\/\/singuli.wpress.me\/index.php\/wp-json\/wp\/v2\/types\/product"}],"version-history":[{"count":0,"href":"https:\/\/singuli.wpress.me\/index.php\/wp-json\/wp\/v2\/product\/42560\/revisions"}],"wp:attachment":[{"href":"https:\/\/singuli.wpress.me\/index.php\/wp-json\/wp\/v2\/media?parent=42560"}],"wp:term":[{"taxonomy":"product_brand","embeddable":true,"href":"https:\/\/singuli.wpress.me\/index.php\/wp-json\/wp\/v2\/product_brand?post=42560"},{"taxonomy":"product_cat","embeddable":true,"href":"https:\/\/singuli.wpress.me\/index.php\/wp-json\/wp\/v2\/product_cat?post=42560"},{"taxonomy":"product_tag","embeddable":true,"href":"https:\/\/singuli.wpress.me\/index.php\/wp-json\/wp\/v2\/product_tag?post=42560"}],"curies":[{"name":"wp","href":"https:\/\/api.w.org\/{rel}","templated":true}]}}