{"id":42572,"date":"2026-04-19T15:28:26","date_gmt":"2026-04-19T15:28:26","guid":{"rendered":"https:\/\/singuli.wpress.me\/index.php\/proizvod\/hot-wheels-transporter-zmaj\/"},"modified":"2026-04-21T00:27:19","modified_gmt":"2026-04-21T00:27:19","slug":"hot-wheels-transporter-zmaj","status":"publish","type":"product","link":"https:\/\/singuli.wpress.me\/index.php\/proizvod\/hot-wheels-transporter-zmaj\/","title":{"rendered":"HOT WHEELS, transporter, zmaj"},"content":{"rendered":"<p>Hot Wheels donosi omiljenu dje\u010dju zvijer &#8211; zmaja.<\/p>\n<p>Umjesto da ispaljuje plamen iz svojih usta, ovaj elegantan zmaj ispaljuje Hot Wheels auti\u0107e.<\/p>\n<p>Djeca u njega stave 3 Hot Wheels auti\u0107a, pritisnu dugme za lansiranje i po\u0161alju svoj auti\u0107 u novu pustolovinu.<\/p>\n<p>Priklju\u010dci na prednjoj i stra\u017enjoj strani zmaja omogu\u0107uju da se zmaj spoji s drugim stazama i setovima.<\/p>\n<p>Uz transporter zmaj dolazi jedan Hot Wheels auti\u0107 kako bi igra mogla odmah zapo\u010deti. Mo\u017ee pohraniti 5 auti\u0107a (dodatni auti\u0107i se prodaju zasebno).<\/p>\n","protected":false},"excerpt":{"rendered":"<p>Umjesto plamena, ispaljuje auti\u0107e iz usta<br \/>\nUz transport dolazi jedan auti\u0107 veli\u010dine 1:64<br \/>\nZmaj mo\u017ee pohraniti 5 auti\u0107a (koji se prodaju odvojeno)<\/p>\n","protected":false},"featured_media":0,"template":"","meta":{"_seopress_robots_primary_cat":"","_seopress_titles_title":"","_seopress_titles_desc":"","_seopress_robots_index":"","iawp_total_views":0},"product_brand":[429],"product_cat":[243,273],"product_tag":[],"class_list":{"0":"post-42572","1":"product","2":"type-product","3":"status-publish","5":"product_brand-hot-wheels","6":"product_cat-automobili-i-motori","7":"product_cat-njega-vozila-243","9":"first","10":"instock","11":"shipping-taxable","12":"purchasable","13":"product-type-simple"},"_links":{"self":[{"href":"https:\/\/singuli.wpress.me\/index.php\/wp-json\/wp\/v2\/product\/42572","targetHints":{"allow":["GET"]}}],"collection":[{"href":"https:\/\/singuli.wpress.me\/index.php\/wp-json\/wp\/v2\/product"}],"about":[{"href":"https:\/\/singuli.wpress.me\/index.php\/wp-json\/wp\/v2\/types\/product"}],"version-history":[{"count":0,"href":"https:\/\/singuli.wpress.me\/index.php\/wp-json\/wp\/v2\/product\/42572\/revisions"}],"wp:attachment":[{"href":"https:\/\/singuli.wpress.me\/index.php\/wp-json\/wp\/v2\/media?parent=42572"}],"wp:term":[{"taxonomy":"product_brand","embeddable":true,"href":"https:\/\/singuli.wpress.me\/index.php\/wp-json\/wp\/v2\/product_brand?post=42572"},{"taxonomy":"product_cat","embeddable":true,"href":"https:\/\/singuli.wpress.me\/index.php\/wp-json\/wp\/v2\/product_cat?post=42572"},{"taxonomy":"product_tag","embeddable":true,"href":"https:\/\/singuli.wpress.me\/index.php\/wp-json\/wp\/v2\/product_tag?post=42572"}],"curies":[{"name":"wp","href":"https:\/\/api.w.org\/{rel}","templated":true}]}}