{"id":42576,"date":"2026-04-19T15:28:27","date_gmt":"2026-04-19T15:28:27","guid":{"rendered":"https:\/\/singuli.wpress.me\/index.php\/proizvod\/oral-b-pureactiv-essential-care-zubna-pasta-75-ml\/"},"modified":"2026-04-20T12:33:47","modified_gmt":"2026-04-20T12:33:47","slug":"oral-b-pureactiv-essential-care-zubna-pasta-75-ml","status":"publish","type":"product","link":"https:\/\/singuli.wpress.me\/index.php\/proizvod\/oral-b-pureactiv-essential-care-zubna-pasta-75-ml\/","title":{"rendered":"ORAL-B PureActiv Essential Care, zubna pasta, 75\u00a0ml"},"content":{"rendered":"<p>Zubna pasta Oral-B PureActiv sadr\u017ei samo one sastojke koje trebate za 24-satnu za\u0161titu od karijesa i osje\u0107aj svje\u017eine, kada perete zube dvaput dnevno. <\/p>\n<p>Oral-B jako dr\u017ei do transparentnosti sastojaka, zato je ova zubna pasta formulirana s 99% prirodno dobivenih sastojaka. <\/p>\n<p>\u017delite li saznati vi\u0161e, posjetite: www.oral-b.com. Karton se mo\u017ee reciklirati. Za vi\u0161e informacija obratite se najbli\u017eem recikla\u017enom dvori\u0161tu.<\/p>\n","protected":false},"excerpt":{"rendered":"<p>24-satna za\u0161tita od karijesa i osje\u0107aj svje\u017eine<br \/>\nPasta formulirana s 99% prirodno dobivenih sastojaka<br \/>\n\u010cuva zdravlje usne \u0161upljine<\/p>\n","protected":false},"featured_media":0,"template":"","meta":{"_seopress_robots_primary_cat":"","_seopress_titles_title":"","_seopress_titles_desc":"","_seopress_robots_index":"","iawp_total_views":0},"product_brand":[423],"product_cat":[268,309,320],"product_tag":[],"class_list":{"0":"post-42576","1":"product","2":"type-product","3":"status-publish","5":"product_brand-oral-b-2","6":"product_cat-kozmetika-2","7":"product_cat-oralna-higijena-268","8":"product_cat-paste-za-zube-309","10":"first","11":"outofstock","12":"shipping-taxable","13":"purchasable","14":"product-type-simple"},"_links":{"self":[{"href":"https:\/\/singuli.wpress.me\/index.php\/wp-json\/wp\/v2\/product\/42576","targetHints":{"allow":["GET"]}}],"collection":[{"href":"https:\/\/singuli.wpress.me\/index.php\/wp-json\/wp\/v2\/product"}],"about":[{"href":"https:\/\/singuli.wpress.me\/index.php\/wp-json\/wp\/v2\/types\/product"}],"version-history":[{"count":0,"href":"https:\/\/singuli.wpress.me\/index.php\/wp-json\/wp\/v2\/product\/42576\/revisions"}],"wp:attachment":[{"href":"https:\/\/singuli.wpress.me\/index.php\/wp-json\/wp\/v2\/media?parent=42576"}],"wp:term":[{"taxonomy":"product_brand","embeddable":true,"href":"https:\/\/singuli.wpress.me\/index.php\/wp-json\/wp\/v2\/product_brand?post=42576"},{"taxonomy":"product_cat","embeddable":true,"href":"https:\/\/singuli.wpress.me\/index.php\/wp-json\/wp\/v2\/product_cat?post=42576"},{"taxonomy":"product_tag","embeddable":true,"href":"https:\/\/singuli.wpress.me\/index.php\/wp-json\/wp\/v2\/product_tag?post=42576"}],"curies":[{"name":"wp","href":"https:\/\/api.w.org\/{rel}","templated":true}]}}