{"id":42587,"date":"2026-04-19T15:28:31","date_gmt":"2026-04-19T15:28:31","guid":{"rendered":"https:\/\/singuli.wpress.me\/index.php\/proizvod\/ambi-pur-punjenje-za-elektricni-aparat-flowers-20-ml\/"},"modified":"2026-04-20T12:33:47","modified_gmt":"2026-04-20T12:33:47","slug":"ambi-pur-punjenje-za-elektricni-aparat-flowers-20-ml","status":"publish","type":"product","link":"https:\/\/singuli.wpress.me\/index.php\/proizvod\/ambi-pur-punjenje-za-elektricni-aparat-flowers-20-ml\/","title":{"rendered":"AMBI PUR, punjenje za elektri\u010dni aparat, Flowers, 20\u00a0ml"},"content":{"rendered":"<p>Ulo\u017eak za elektri\u010dni osvje\u017eiva\u010d zraka Ambi Pur zahvaljuju\u0107i tehnologiji Odourclear tako\u0111er neutralizira neugodne mirise koji se znaju zadr\u017eavati u prostoru. Svje\u017e miris traje i do 80 dana kada se osvje\u017eiva\u010d upotrebljava 12 sati dnevno na postavci 2. Uklanja neugodne mirise i osvje\u017eava tjednima. <\/p>\n","protected":false},"excerpt":{"rendered":"<p>Traje do 80 dana kada se upotrebljava 12 sati dnevno na postavci 2<br \/>\nTehnologija Odourclear ne maskira ve\u0107 uistinu uklanja neugodne mirise<br \/>\nLagan, svje\u017e miris<\/p>\n","protected":false},"featured_media":0,"template":"","meta":{"_seopress_robots_primary_cat":"","_seopress_titles_title":"","_seopress_titles_desc":"","_seopress_robots_index":"","iawp_total_views":0},"product_brand":[447],"product_cat":[243,272],"product_tag":[],"class_list":{"0":"post-42587","1":"product","2":"type-product","3":"status-publish","5":"product_brand-ambi-pur","6":"product_cat-automobili-i-motori","7":"product_cat-motorna-ulja-243","9":"first","10":"outofstock","11":"shipping-taxable","12":"purchasable","13":"product-type-simple"},"_links":{"self":[{"href":"https:\/\/singuli.wpress.me\/index.php\/wp-json\/wp\/v2\/product\/42587","targetHints":{"allow":["GET"]}}],"collection":[{"href":"https:\/\/singuli.wpress.me\/index.php\/wp-json\/wp\/v2\/product"}],"about":[{"href":"https:\/\/singuli.wpress.me\/index.php\/wp-json\/wp\/v2\/types\/product"}],"version-history":[{"count":0,"href":"https:\/\/singuli.wpress.me\/index.php\/wp-json\/wp\/v2\/product\/42587\/revisions"}],"wp:attachment":[{"href":"https:\/\/singuli.wpress.me\/index.php\/wp-json\/wp\/v2\/media?parent=42587"}],"wp:term":[{"taxonomy":"product_brand","embeddable":true,"href":"https:\/\/singuli.wpress.me\/index.php\/wp-json\/wp\/v2\/product_brand?post=42587"},{"taxonomy":"product_cat","embeddable":true,"href":"https:\/\/singuli.wpress.me\/index.php\/wp-json\/wp\/v2\/product_cat?post=42587"},{"taxonomy":"product_tag","embeddable":true,"href":"https:\/\/singuli.wpress.me\/index.php\/wp-json\/wp\/v2\/product_tag?post=42587"}],"curies":[{"name":"wp","href":"https:\/\/api.w.org\/{rel}","templated":true}]}}