{"id":42591,"date":"2026-04-19T15:28:31","date_gmt":"2026-04-19T15:28:31","guid":{"rendered":"https:\/\/singuli.wpress.me\/index.php\/proizvod\/raid-sprej-protiv-letecih-insekata-400-ml\/"},"modified":"2026-04-20T12:33:47","modified_gmt":"2026-04-20T12:33:47","slug":"raid-sprej-protiv-letecih-insekata-400-ml","status":"publish","type":"product","link":"https:\/\/singuli.wpress.me\/index.php\/proizvod\/raid-sprej-protiv-letecih-insekata-400-ml\/","title":{"rendered":"RAID, sprej, protiv lete\u0107ih insekata, 400\u00a0ml"},"content":{"rendered":"<p>Raid\u00ae Essentials Sprej protiv lete\u0107ih insekata pru\u017ea u\u010dinkovitu za\u0161titu vama i va\u0161oj obitelji.<\/p>\n<p>Njegova formula na bazi aktivnih biljnih sastojaka brzo djeluje i ubija muhe, komarce, ose i moljce.<\/p>\n<p>Tako\u0111er koristi tehnologiju na vodenoj bazi.<\/p>\n<p>Upute za uporabu: <br \/>\n1. Dobro protresite prije uporabe. Usmjerite mlaz daleko od lica i pritisnite raspr\u0161iva\u010d, dr\u017ee\u0107i sprej \u0161to uspravnije. Zatvorite sva vrata i prozore.<br \/>\n2. Raspr\u0161ite mlaz prostorijom, usmjeravaju\u0107i sprej prema gore. Koristite proizvod 1 metar dalje od tapeta, unutarnjih zidova i predmeta.<br \/>\n3. Za prostoriju standardne veli\u010dine (23m3), raspr\u0161ujte 8-10 sekundi. Dr\u017eite prostoriju zatvorenu 15 minuta te ju dobro prozra\u010dite prije ponovne uporabe. Prilagodite vrijeme raspr\u0161ivanja veli\u010dini prostorije.<br \/>\n4. Za brzo djelovanje, raspr\u0161ite direktno prema insektu 1-2 sekunde na 45 cm udeljenosti.<br \/>\n5. Prije uporabe, preporu\u010duje se provjeriti mogu\u0107nost potencijalnog bojenja i \u0161tete na nekom neprimjetnom mjestu.<\/p>\n","protected":false},"excerpt":{"rendered":"<p>Brzo djelovanje<br \/>\nNa biljnoj bazi<br \/>\nDjeluje na muhe, komarce, ose i moljce<\/p>\n","protected":false},"featured_media":0,"template":"","meta":{"_seopress_robots_primary_cat":"","_seopress_titles_title":"","_seopress_titles_desc":"","_seopress_robots_index":"","iawp_total_views":0},"product_brand":[457],"product_cat":[268,300],"product_tag":[],"class_list":{"0":"post-42591","1":"product","2":"type-product","3":"status-publish","5":"product_brand-raid","6":"product_cat-kozmetika-2","7":"product_cat-njega-kose-268","9":"first","10":"instock","11":"shipping-taxable","12":"purchasable","13":"product-type-simple"},"_links":{"self":[{"href":"https:\/\/singuli.wpress.me\/index.php\/wp-json\/wp\/v2\/product\/42591","targetHints":{"allow":["GET"]}}],"collection":[{"href":"https:\/\/singuli.wpress.me\/index.php\/wp-json\/wp\/v2\/product"}],"about":[{"href":"https:\/\/singuli.wpress.me\/index.php\/wp-json\/wp\/v2\/types\/product"}],"version-history":[{"count":0,"href":"https:\/\/singuli.wpress.me\/index.php\/wp-json\/wp\/v2\/product\/42591\/revisions"}],"wp:attachment":[{"href":"https:\/\/singuli.wpress.me\/index.php\/wp-json\/wp\/v2\/media?parent=42591"}],"wp:term":[{"taxonomy":"product_brand","embeddable":true,"href":"https:\/\/singuli.wpress.me\/index.php\/wp-json\/wp\/v2\/product_brand?post=42591"},{"taxonomy":"product_cat","embeddable":true,"href":"https:\/\/singuli.wpress.me\/index.php\/wp-json\/wp\/v2\/product_cat?post=42591"},{"taxonomy":"product_tag","embeddable":true,"href":"https:\/\/singuli.wpress.me\/index.php\/wp-json\/wp\/v2\/product_tag?post=42591"}],"curies":[{"name":"wp","href":"https:\/\/api.w.org\/{rel}","templated":true}]}}