{"id":42620,"date":"2026-04-19T15:28:38","date_gmt":"2026-04-19T15:28:38","guid":{"rendered":"https:\/\/singuli.wpress.me\/index.php\/proizvod\/df-motorno-ulje-utto-3x5l-15-l\/"},"modified":"2026-04-20T12:33:47","modified_gmt":"2026-04-20T12:33:47","slug":"df-motorno-ulje-utto-3x5l-15-l","status":"publish","type":"product","link":"https:\/\/singuli.wpress.me\/index.php\/proizvod\/df-motorno-ulje-utto-3x5l-15-l\/","title":{"rendered":"DF, motorno ulje, UTTO, 3x5l, 15\u00a0l"},"content":{"rendered":"<p>Visokokvalitetno &quot;Univerzalno traktorsko transmisijsko ulje&quot; (UTTO) dizajnirano za upotrebu u mjenja\u010dima s integriranim hidrauli\u010dkim sustavima, transmisijama, glavni pogonski prijenosnici, mokre ko\u010dnice, prednjim diferencijalima i drugim pomo\u0107nim sustavima ugra\u0111enim u sve traktore Same Deutz-Fahr, ali i druge marke traktora. Osigurava najbolju za\u0161titu, izvrsnu osidacijsku stabilnost, za\u0161tita proziv tro\u0161enja, korozije i pjenjenja koje dovode do ve\u0107e pouzdanosti i smanjenog vremena zastoja kako bi se smanjili tro\u0161kovi i maksimizirala iskoristivost. <\/p>\n<p>Specifikacije i odobrenja: SAE J 300, SAE J 306, API Gear Performance Ford New Holland, <\/p>\n","protected":false},"excerpt":{"rendered":"<p>Osigurava najbolju za\u0161titu, izvrsnu osidacijsku stabilnost, za\u0161tita proziv tro\u0161enja, korozije i pjenjenja<br \/>\nUniverzalno traktorsko transmisijsko ulje (UTTO) dizajnirano za upotrebu u mjenja\u010dima s integriranim hidrauli\u010dkim sustavima, transmisijama, glavni pogonski prijenosnici, mokre ko\u010dnice, prednjim diferencijalima i drugim pomo\u0107nim sustavima<br \/>\nVe\u0107a pouzdanost i smanjenje vremena zastoja kako bi se smanjili tro\u0161kovi i maksimizirala iskoristivost<\/p>\n","protected":false},"featured_media":0,"template":"","meta":{"_seopress_robots_primary_cat":"","_seopress_titles_title":"","_seopress_titles_desc":"","_seopress_robots_index":"","iawp_total_views":0},"product_brand":[839],"product_cat":[243,276],"product_tag":[],"class_list":{"0":"post-42620","1":"product","2":"type-product","3":"status-publish","5":"product_brand-df","6":"product_cat-automobili-i-motori","7":"product_cat-industrijska-i-specijalna-ulja-243","9":"first","10":"instock","11":"shipping-taxable","12":"purchasable","13":"product-type-simple"},"_links":{"self":[{"href":"https:\/\/singuli.wpress.me\/index.php\/wp-json\/wp\/v2\/product\/42620","targetHints":{"allow":["GET"]}}],"collection":[{"href":"https:\/\/singuli.wpress.me\/index.php\/wp-json\/wp\/v2\/product"}],"about":[{"href":"https:\/\/singuli.wpress.me\/index.php\/wp-json\/wp\/v2\/types\/product"}],"version-history":[{"count":0,"href":"https:\/\/singuli.wpress.me\/index.php\/wp-json\/wp\/v2\/product\/42620\/revisions"}],"wp:attachment":[{"href":"https:\/\/singuli.wpress.me\/index.php\/wp-json\/wp\/v2\/media?parent=42620"}],"wp:term":[{"taxonomy":"product_brand","embeddable":true,"href":"https:\/\/singuli.wpress.me\/index.php\/wp-json\/wp\/v2\/product_brand?post=42620"},{"taxonomy":"product_cat","embeddable":true,"href":"https:\/\/singuli.wpress.me\/index.php\/wp-json\/wp\/v2\/product_cat?post=42620"},{"taxonomy":"product_tag","embeddable":true,"href":"https:\/\/singuli.wpress.me\/index.php\/wp-json\/wp\/v2\/product_tag?post=42620"}],"curies":[{"name":"wp","href":"https:\/\/api.w.org\/{rel}","templated":true}]}}