{"id":42662,"date":"2026-04-19T15:28:59","date_gmt":"2026-04-19T15:28:59","guid":{"rendered":"https:\/\/singuli.wpress.me\/index.php\/proizvod\/helix-hx7-prof-av-5w30-motorno-ulje-za-osobna-vozila-55-l\/"},"modified":"2026-04-20T12:33:47","modified_gmt":"2026-04-20T12:33:47","slug":"helix-hx7-prof-av-5w30-motorno-ulje-za-osobna-vozila-55-l","status":"publish","type":"product","link":"https:\/\/singuli.wpress.me\/index.php\/proizvod\/helix-hx7-prof-av-5w30-motorno-ulje-za-osobna-vozila-55-l\/","title":{"rendered":"HELIX HX7 PROF AV 5W30, motorno ulje za osobna vozila, 55\u00a0l"},"content":{"rendered":"<p>Motorno ulje sinteti\u010dke tehnologije posebno formulirano i prilago\u0111eno da udovolji potrebama pojedinih motora visokih performansi, uklju\u010duju\u0107i Audi i Volkswagen motore sa pumpa-brizgalka sistemom kao i motore koji zahtijevaju ACEA C3 specifikaciju. <\/p>\n<p>Specifikacija: ACEA C3, VW 505.00\/505.01.<\/p>\n","protected":false},"excerpt":{"rendered":"<p>Pove\u0107ava u\u010dinkovitost goriva<br \/>\nPove\u0107ava viskoznost<br \/>\nSpecifikacija u opisu<\/p>\n","protected":false},"featured_media":0,"template":"","meta":{"_seopress_robots_primary_cat":"","_seopress_titles_title":"","_seopress_titles_desc":"","_seopress_robots_index":"","iawp_total_views":0},"product_brand":[398],"product_cat":[243,272],"product_tag":[],"class_list":{"0":"post-42662","1":"product","2":"type-product","3":"status-publish","5":"product_brand-helix","6":"product_cat-automobili-i-motori","7":"product_cat-motorna-ulja-243","9":"first","10":"instock","11":"shipping-taxable","12":"purchasable","13":"product-type-simple"},"_links":{"self":[{"href":"https:\/\/singuli.wpress.me\/index.php\/wp-json\/wp\/v2\/product\/42662","targetHints":{"allow":["GET"]}}],"collection":[{"href":"https:\/\/singuli.wpress.me\/index.php\/wp-json\/wp\/v2\/product"}],"about":[{"href":"https:\/\/singuli.wpress.me\/index.php\/wp-json\/wp\/v2\/types\/product"}],"version-history":[{"count":0,"href":"https:\/\/singuli.wpress.me\/index.php\/wp-json\/wp\/v2\/product\/42662\/revisions"}],"wp:attachment":[{"href":"https:\/\/singuli.wpress.me\/index.php\/wp-json\/wp\/v2\/media?parent=42662"}],"wp:term":[{"taxonomy":"product_brand","embeddable":true,"href":"https:\/\/singuli.wpress.me\/index.php\/wp-json\/wp\/v2\/product_brand?post=42662"},{"taxonomy":"product_cat","embeddable":true,"href":"https:\/\/singuli.wpress.me\/index.php\/wp-json\/wp\/v2\/product_cat?post=42662"},{"taxonomy":"product_tag","embeddable":true,"href":"https:\/\/singuli.wpress.me\/index.php\/wp-json\/wp\/v2\/product_tag?post=42662"}],"curies":[{"name":"wp","href":"https:\/\/api.w.org\/{rel}","templated":true}]}}