{"id":42666,"date":"2026-04-19T15:29:01","date_gmt":"2026-04-19T15:29:01","guid":{"rendered":"https:\/\/singuli.wpress.me\/index.php\/proizvod\/medex-gelee-royale-svjeza-maticna-mlijec-30-g\/"},"modified":"2026-04-20T12:33:47","modified_gmt":"2026-04-20T12:33:47","slug":"medex-gelee-royale-svjeza-maticna-mlijec-30-g","status":"publish","type":"product","link":"https:\/\/singuli.wpress.me\/index.php\/proizvod\/medex-gelee-royale-svjeza-maticna-mlijec-30-g\/","title":{"rendered":"MEDEX Gel\u00e9e royale, svje\u017ea mati\u010dna mlije\u010d, 30\u00a0g"},"content":{"rendered":"<p>Jeste li znali da p\u010delar za 1 kg mati\u010dne mlije\u010di mora isprazniti \u010dak 2000 ko\u0161nica za matice za \u0161to mu treba 60 sati?  Mati\u010dna mlije\u010d ili gel\u00e9e royale je najdragocjeniji proizvod iz p\u010delinje ko\u0161nice i tajna dugog \u017eivota, veli\u010dine i izuzetne plodnosti matice. Mati\u010dnu mlije\u010d p\u010dele ne skupljaju, ve\u0107 je to izlu\u010devina iz \u017elijezda mladih p\u010dela radilica, u dobi od pet do dvanaest dana, koje jo\u0161 ne lete.  Njome cijeli \u017eivot hrane p\u010delinju kraljicu \u2013 maticu, koja zna\u010di pre\u017eivljavanje vrste. Upravo vrijednost mati\u010dne mlije\u010di, kojom dojilje hrane maticu, odr\u017eava p\u010delinju vrstu ve\u0107 vi\u0161e od 40 miliona godina. Neizmjerno bogatstvo mati\u010dne mlije\u010di cijene i ljudi, zato \u0161to su svjesni da je to bogatstvo iz p\u010delinje ko\u0161nice jedno od najva\u017enijih dodataka prehrani. Svje\u017ea mati\u010dna mlije\u010d je gusta teku\u0107a tvar specifi\u010dna okusa. Stavite je ispod jezika i zadr\u017eite u ustima \u0161to dulje. Tako \u0107ete osigurati najbolju mogu\u0107u apsorpciju u organizam.  Svje\u017e oblik mati\u010dne mlije\u010di zahtjeva da nakon otvaranja proizvod \u010duvate u hladnjaku i potro\u0161ite u roku od 30 dana.<\/p>\n<p>Mati\u010dna mlije\u010d<br \/>\nMati\u010dna mlije\u010d ili gel\u00e9e royale najdragocjeniji je dar p\u010delinje ko\u0161nice. Proizvode je mlade p\u010dele hraniteljice u dobi od 5 do 12 dana i njome \u010ditav \u017eivot hrane p\u010delinju kraljicu \u2013 maticu, koja se brine za pre\u017eivljavanje vrste. Matica je genetski posve jednaka drugim p\u010delama, ali je zbog hranjenja samo mati\u010dnom mlije\u010di gotovo dva puta ve\u0107a od p\u010dela radilica, pre\u017eivi \u010dak 15 rodova p\u010dela i u ko\u0161nici je jedina spolno razvijena. Smatra se najplodnijim bi\u0107em na planetu jer na dan izle\u017ee i do 3000 jaja\u0161aca, \u010dija ukupna masa prelazi njezinu vlastitu. U starom su Egiptu mati\u010dnu mlije\u010d koristili jo\u0161 faraoni koji su je nazivali \u00bbhranom za bogove\u00ab, a danas znamo da se njezina izuzetnost temelji na sadr\u017eaju jedinstvene nezasi\u0107ene masne kiseline 10 HDA (10-hidroksi-2-decenska kiselina) koja se u prirodi nigdje drugdje ne mo\u017ee na\u0107i. Sadr\u017eaj 10 HDA va\u017eno je mjerilo kvalitete mati\u010dne mlije\u010di, stoga smo u Medexu njezinu vrijednosti u proizvodima standardizirali i tako osigurali njihovu stalnu kvalitetu.<\/p>\n<p><span style=\"font-weight: bold\">Na\u010din primjene:<\/span> Preporu\u010dena dnevna koli\u010dina je 1 prilo\u017eena \u017eli\u010dica (1 g) mati\u010dne mlije\u010di. Uzmite je ujutro nata\u0161te tako \u0161to \u0107ete je istopiti ispod jezika.<\/p>\n<p>Preporu\u010dena dnevna koli\u010dina je 1 prilo\u017eena \u017eli\u010dica (1 g) mati\u010dne mlije\u010di<\/p>\n","protected":false},"excerpt":{"rendered":"<p>Sadr\u017ei 100% svje\u017eu mati\u010dnu mlije\u010d<br \/>\nPrilo\u017eena \u017eli\u010dica za pravilno doziranje.<br \/>\nUzmite je nata\u0161te, ispod jezika<\/p>\n","protected":false},"featured_media":0,"template":"","meta":{"_seopress_robots_primary_cat":"","_seopress_titles_title":"","_seopress_titles_desc":"","_seopress_robots_index":"","iawp_total_views":0},"product_brand":[415],"product_cat":[268,269],"product_tag":[],"class_list":{"0":"post-42666","1":"product","2":"type-product","3":"status-publish","5":"product_brand-medex","6":"product_cat-kozmetika-2","7":"product_cat-zastita-koze-268","9":"first","10":"outofstock","11":"shipping-taxable","12":"purchasable","13":"product-type-simple"},"_links":{"self":[{"href":"https:\/\/singuli.wpress.me\/index.php\/wp-json\/wp\/v2\/product\/42666","targetHints":{"allow":["GET"]}}],"collection":[{"href":"https:\/\/singuli.wpress.me\/index.php\/wp-json\/wp\/v2\/product"}],"about":[{"href":"https:\/\/singuli.wpress.me\/index.php\/wp-json\/wp\/v2\/types\/product"}],"version-history":[{"count":0,"href":"https:\/\/singuli.wpress.me\/index.php\/wp-json\/wp\/v2\/product\/42666\/revisions"}],"wp:attachment":[{"href":"https:\/\/singuli.wpress.me\/index.php\/wp-json\/wp\/v2\/media?parent=42666"}],"wp:term":[{"taxonomy":"product_brand","embeddable":true,"href":"https:\/\/singuli.wpress.me\/index.php\/wp-json\/wp\/v2\/product_brand?post=42666"},{"taxonomy":"product_cat","embeddable":true,"href":"https:\/\/singuli.wpress.me\/index.php\/wp-json\/wp\/v2\/product_cat?post=42666"},{"taxonomy":"product_tag","embeddable":true,"href":"https:\/\/singuli.wpress.me\/index.php\/wp-json\/wp\/v2\/product_tag?post=42666"}],"curies":[{"name":"wp","href":"https:\/\/api.w.org\/{rel}","templated":true}]}}