{"id":42704,"date":"2026-04-19T15:29:12","date_gmt":"2026-04-19T15:29:12","guid":{"rendered":"https:\/\/singuli.wpress.me\/index.php\/proizvod\/wahl-color-pro-sisac\/"},"modified":"2026-04-20T12:33:48","modified_gmt":"2026-04-20T12:33:48","slug":"wahl-color-pro-sisac","status":"publish","type":"product","link":"https:\/\/singuli.wpress.me\/index.php\/proizvod\/wahl-color-pro-sisac\/","title":{"rendered":"WAHL Color Pro, \u0161i\u0161a\u010d"},"content":{"rendered":"<p><span style=\"font-weight: bold;color: #4472C4\">Wahl Color Pro<\/span><span style=\"color: #4472C4\"> opremljen je sustavom kodiranja boja koji svakoj duljini \u0161i\u0161anja dodjeljuje boju, \u0161to olak\u0161ava prepoznavanje \u010de\u0161ljeva za \u017eeljenu duljinu \u0161i\u0161anja.<\/span><\/p>\n","protected":false},"excerpt":{"rendered":"<p>Precizni visoko profesionalni ure\u0111aj od uglji\u010dnog \u010delika<br \/>\nJednostavno pode\u0161avanje duljine rezanja<br \/>\nSamoo\u0161tre\u0107e o\u0161trice za precizno i \u200b\u200b\u010disto \u0161i\u0161anje.<\/p>\n","protected":false},"featured_media":0,"template":"","meta":{"_seopress_robots_primary_cat":"","_seopress_titles_title":"","_seopress_titles_desc":"","_seopress_robots_index":"","iawp_total_views":0},"product_brand":[159],"product_cat":[192,279],"product_tag":[],"class_list":{"0":"post-42704","1":"product","2":"type-product","3":"status-publish","5":"product_brand-wahl","6":"product_cat-aparati-za-osobnu-njegu","7":"product_cat-brijanje-i-sisanje-192","9":"first","10":"outofstock","11":"shipping-taxable","12":"purchasable","13":"product-type-simple"},"_links":{"self":[{"href":"https:\/\/singuli.wpress.me\/index.php\/wp-json\/wp\/v2\/product\/42704","targetHints":{"allow":["GET"]}}],"collection":[{"href":"https:\/\/singuli.wpress.me\/index.php\/wp-json\/wp\/v2\/product"}],"about":[{"href":"https:\/\/singuli.wpress.me\/index.php\/wp-json\/wp\/v2\/types\/product"}],"version-history":[{"count":0,"href":"https:\/\/singuli.wpress.me\/index.php\/wp-json\/wp\/v2\/product\/42704\/revisions"}],"wp:attachment":[{"href":"https:\/\/singuli.wpress.me\/index.php\/wp-json\/wp\/v2\/media?parent=42704"}],"wp:term":[{"taxonomy":"product_brand","embeddable":true,"href":"https:\/\/singuli.wpress.me\/index.php\/wp-json\/wp\/v2\/product_brand?post=42704"},{"taxonomy":"product_cat","embeddable":true,"href":"https:\/\/singuli.wpress.me\/index.php\/wp-json\/wp\/v2\/product_cat?post=42704"},{"taxonomy":"product_tag","embeddable":true,"href":"https:\/\/singuli.wpress.me\/index.php\/wp-json\/wp\/v2\/product_tag?post=42704"}],"curies":[{"name":"wp","href":"https:\/\/api.w.org\/{rel}","templated":true}]}}