{"id":42709,"date":"2026-04-19T15:29:14","date_gmt":"2026-04-19T15:29:14","guid":{"rendered":"https:\/\/singuli.wpress.me\/index.php\/proizvod\/paclan-latex-rukavice-velicina-l-100-kom\/"},"modified":"2026-04-20T12:33:48","modified_gmt":"2026-04-20T12:33:48","slug":"paclan-latex-rukavice-velicina-l-100-kom","status":"publish","type":"product","link":"https:\/\/singuli.wpress.me\/index.php\/proizvod\/paclan-latex-rukavice-velicina-l-100-kom\/","title":{"rendered":"PACLAN, latex rukavice, veli\u010dina L, 100\u00a0kom"},"content":{"rendered":"<p>Imate naviku nositi rukavice kada \u010distite? Mi to poti\u010demo.<\/p>\n<p>Tako\u0111er znamo da nam se ruke znoje nakon \u0161to smo dugo \u010distili i ne \u017eelimo uvijek nositi isti par rukavica. <\/p>\n<p>Zato vam nudimo set od sto jednokratnih rukavica od lateksa. Takva \u0107e koli\u010dina biti dovoljna za dugo vremena!<\/p>\n","protected":false},"excerpt":{"rendered":"<p>Veli\u010dina L<br \/>\nPrakti\u010dno pakiranje<br \/>\nJednokratne rukavice<\/p>\n","protected":false},"featured_media":0,"template":"","meta":{"_seopress_robots_primary_cat":"","_seopress_titles_title":"","_seopress_titles_desc":"","_seopress_robots_index":"","iawp_total_views":0},"product_brand":[474],"product_cat":[274,238],"product_tag":[],"class_list":{"0":"post-42709","1":"product","2":"type-product","3":"status-publish","5":"product_brand-paclan","6":"product_cat-kucanski-pribor-238","7":"product_cat-sve-za-dom","9":"first","10":"instock","11":"shipping-taxable","12":"purchasable","13":"product-type-simple"},"_links":{"self":[{"href":"https:\/\/singuli.wpress.me\/index.php\/wp-json\/wp\/v2\/product\/42709","targetHints":{"allow":["GET"]}}],"collection":[{"href":"https:\/\/singuli.wpress.me\/index.php\/wp-json\/wp\/v2\/product"}],"about":[{"href":"https:\/\/singuli.wpress.me\/index.php\/wp-json\/wp\/v2\/types\/product"}],"version-history":[{"count":0,"href":"https:\/\/singuli.wpress.me\/index.php\/wp-json\/wp\/v2\/product\/42709\/revisions"}],"wp:attachment":[{"href":"https:\/\/singuli.wpress.me\/index.php\/wp-json\/wp\/v2\/media?parent=42709"}],"wp:term":[{"taxonomy":"product_brand","embeddable":true,"href":"https:\/\/singuli.wpress.me\/index.php\/wp-json\/wp\/v2\/product_brand?post=42709"},{"taxonomy":"product_cat","embeddable":true,"href":"https:\/\/singuli.wpress.me\/index.php\/wp-json\/wp\/v2\/product_cat?post=42709"},{"taxonomy":"product_tag","embeddable":true,"href":"https:\/\/singuli.wpress.me\/index.php\/wp-json\/wp\/v2\/product_tag?post=42709"}],"curies":[{"name":"wp","href":"https:\/\/api.w.org\/{rel}","templated":true}]}}