{"id":42723,"date":"2026-04-19T15:29:20","date_gmt":"2026-04-19T15:29:20","guid":{"rendered":"https:\/\/singuli.wpress.me\/index.php\/proizvod\/argina-s4-40-motorno-ulje-209-l\/"},"modified":"2026-04-20T12:33:48","modified_gmt":"2026-04-20T12:33:48","slug":"argina-s4-40-motorno-ulje-209-l","status":"publish","type":"product","link":"https:\/\/singuli.wpress.me\/index.php\/proizvod\/argina-s4-40-motorno-ulje-209-l\/","title":{"rendered":"ARGINA S4 40 , motorno ulje, 209\u00a0l"},"content":{"rendered":"<p>Vi\u0161enamjensko ulje za \u010detverotaktne srednjohodne dizel motore koji rade na preostalom gorivu. Dizajniran je za uvjete visokog naprezanja ulja. Osim toga, Argina S4 40 optimizirana je za pobolj\u0161anje kontrole depozita. Argina S4 40 je ulje BN40 koje je optimizirano da se odupre oksidaciji, odr\u017eavanju BN-a i viskoznosti kako bi se smanjila koli\u010dina potrebnog zasla\u0111ivanja ulja.<\/p>\n<p><span style=\"font-weight: bold\">Specifikacija:<\/span> Wartsila, MAN Energy Solutions<\/p>\n","protected":false},"excerpt":{"rendered":"<p>Ulje za \u010detverotaktne srednjohodne dizel motore<br \/>\nPobolj\u0161anje kontrole depozita<br \/>\nOdr\u017eava viskoznost<\/p>\n","protected":false},"featured_media":0,"template":"","meta":{"_seopress_robots_primary_cat":"","_seopress_titles_title":"","_seopress_titles_desc":"","_seopress_robots_index":"","iawp_total_views":0},"product_brand":[455],"product_cat":[243,276],"product_tag":[],"class_list":{"0":"post-42723","1":"product","2":"type-product","3":"status-publish","5":"product_brand-argina","6":"product_cat-automobili-i-motori","7":"product_cat-industrijska-i-specijalna-ulja-243","9":"first","10":"instock","11":"shipping-taxable","12":"purchasable","13":"product-type-simple"},"_links":{"self":[{"href":"https:\/\/singuli.wpress.me\/index.php\/wp-json\/wp\/v2\/product\/42723","targetHints":{"allow":["GET"]}}],"collection":[{"href":"https:\/\/singuli.wpress.me\/index.php\/wp-json\/wp\/v2\/product"}],"about":[{"href":"https:\/\/singuli.wpress.me\/index.php\/wp-json\/wp\/v2\/types\/product"}],"version-history":[{"count":0,"href":"https:\/\/singuli.wpress.me\/index.php\/wp-json\/wp\/v2\/product\/42723\/revisions"}],"wp:attachment":[{"href":"https:\/\/singuli.wpress.me\/index.php\/wp-json\/wp\/v2\/media?parent=42723"}],"wp:term":[{"taxonomy":"product_brand","embeddable":true,"href":"https:\/\/singuli.wpress.me\/index.php\/wp-json\/wp\/v2\/product_brand?post=42723"},{"taxonomy":"product_cat","embeddable":true,"href":"https:\/\/singuli.wpress.me\/index.php\/wp-json\/wp\/v2\/product_cat?post=42723"},{"taxonomy":"product_tag","embeddable":true,"href":"https:\/\/singuli.wpress.me\/index.php\/wp-json\/wp\/v2\/product_tag?post=42723"}],"curies":[{"name":"wp","href":"https:\/\/api.w.org\/{rel}","templated":true}]}}