{"id":42748,"date":"2026-04-19T15:29:30","date_gmt":"2026-04-19T15:29:30","guid":{"rendered":"https:\/\/singuli.wpress.me\/index.php\/proizvod\/barbie-igracka-ljetna-vila-s-lutkom\/"},"modified":"2026-04-20T12:33:48","modified_gmt":"2026-04-20T12:33:48","slug":"barbie-igracka-ljetna-vila-s-lutkom","status":"publish","type":"product","link":"https:\/\/singuli.wpress.me\/index.php\/proizvod\/barbie-igracka-ljetna-vila-s-lutkom\/","title":{"rendered":"BARBIE, igra\u010dka, ljetna vila s lutkom"},"content":{"rendered":"<p>este li spremni za odmor sa Barbie i njenim prijateljicama? Vila te \u010deka! Zabavi se sastavljaju\u0107i 2-eta\u017enu vilu sa mnogo prostorija i namje\u0161tajem za tvoju Barbie! Prizemlje: ulazni prostor, dnevna soba sa kaminom, dobro opremljena kuhinja; napravi party za Barbie na verandi, sa barom u kutu, ro\u0161tiljem i DJ setom. Gosti mogu vanjskim stepeni\u0161tem i\u0107i na prvu eta\u017eu gdje se nalazi moderna kupaona, velika terasa za sun\u010danje i bazen! I jo\u0161 le\u017ealjke, stolice, stolovi, garderoba.. Barbi lutka je uklju\u010dena u pakiranje! ZABAVI SE!<\/p>\n<p><span style=\"font-weight: bold\">SADR\u017dAJ:<\/span> kartonska ku\u0107a (3 baze za eta\u017ee, 2 krovi\u0161na pokrova, 2 zida, 1 veranda, 1 bazen, 1 garderoba, 1 ro\u0161tilj, 1 DJ set, 4 stepenice); kartonski namje\u0161taj (2 le\u017ealjke, 1 stol, 1 stoli\u0107za kavu, 2 stoli\u0107a); 6 karonskih svjetiljki za zalijepiti za vilu; naljepnice; upute; Barbie lutka<\/p>\n<p><span style=\"font-weight: bold\">UPUTE ZA SLAGANJE:<\/span> slaganje ku\u0107e je jednostavno \u2013 samo prati \u201ekorak-po-korak\u201c slikovne prikaze \u2013 obra\u0107aju\u0107i pa\u017enju na crte\u017ee.<\/p>\n<p>Veli\u010dina pakiranja: \u0160 70 cm \/ V 50 cm \/ D 8 cm <\/p>\n<p>Te\u017eina pakiranja 4.5 kg<\/p>\n<p>Dob: 4+ godine<\/p>\n","protected":false},"excerpt":{"rendered":"<p>Sadr\u017ei vi\u0161e komponenti<br \/>\nDimenzije: \u0160 70 cm \/ V 50 cm \/ D 8 cm<br \/>\nDob: 4+god<\/p>\n","protected":false},"featured_media":0,"template":"","meta":{"_seopress_robots_primary_cat":"","_seopress_titles_title":"","_seopress_titles_desc":"","_seopress_robots_index":"","iawp_total_views":0},"product_brand":[324],"product_cat":[274,238],"product_tag":[],"class_list":{"0":"post-42748","1":"product","2":"type-product","3":"status-publish","5":"product_brand-barbie","6":"product_cat-kucanski-pribor-238","7":"product_cat-sve-za-dom","9":"first","10":"instock","11":"shipping-taxable","12":"purchasable","13":"product-type-simple"},"_links":{"self":[{"href":"https:\/\/singuli.wpress.me\/index.php\/wp-json\/wp\/v2\/product\/42748","targetHints":{"allow":["GET"]}}],"collection":[{"href":"https:\/\/singuli.wpress.me\/index.php\/wp-json\/wp\/v2\/product"}],"about":[{"href":"https:\/\/singuli.wpress.me\/index.php\/wp-json\/wp\/v2\/types\/product"}],"version-history":[{"count":0,"href":"https:\/\/singuli.wpress.me\/index.php\/wp-json\/wp\/v2\/product\/42748\/revisions"}],"wp:attachment":[{"href":"https:\/\/singuli.wpress.me\/index.php\/wp-json\/wp\/v2\/media?parent=42748"}],"wp:term":[{"taxonomy":"product_brand","embeddable":true,"href":"https:\/\/singuli.wpress.me\/index.php\/wp-json\/wp\/v2\/product_brand?post=42748"},{"taxonomy":"product_cat","embeddable":true,"href":"https:\/\/singuli.wpress.me\/index.php\/wp-json\/wp\/v2\/product_cat?post=42748"},{"taxonomy":"product_tag","embeddable":true,"href":"https:\/\/singuli.wpress.me\/index.php\/wp-json\/wp\/v2\/product_tag?post=42748"}],"curies":[{"name":"wp","href":"https:\/\/api.w.org\/{rel}","templated":true}]}}