{"id":42801,"date":"2026-04-19T15:29:48","date_gmt":"2026-04-19T15:29:48","guid":{"rendered":"https:\/\/singuli.wpress.me\/index.php\/proizvod\/barbie-kuca-iz-snova-75-rodendan\/"},"modified":"2026-04-21T00:27:21","modified_gmt":"2026-04-21T00:27:21","slug":"barbie-kuca-iz-snova-75-rodendan","status":"publish","type":"product","link":"https:\/\/singuli.wpress.me\/index.php\/proizvod\/barbie-kuca-iz-snova-75-rodendan\/","title":{"rendered":"BARBIE, ku\u0107a iz snova 75. ro\u0111endan"},"content":{"rendered":"<p>Za 75. ro\u0111endan Mattel je kreirao repliku originalne Barbie vile iz 1962 godine.<\/p>\n<p>Ova retro replika vjerna je preslika stila, mode i namje\u0161taja tog vremena.<\/p>\n<p>Barbie lutka je uklju\u010dena u pakiranje i nosi klasi\u010dnu tirkiznu haljinu iz 1962. godine s pripadaju\u0107im cipelama.<\/p>\n<p>Replika uklju\u010duje i retro odje\u0107u i nakit koji Barbie mo\u017ee obu\u0107i.<\/p>\n<p>Podigni slu\u0161alicu telefona i napravi planove.<\/p>\n<p>Otvori ormar i obuci drugu haljinu i cipele.<\/p>\n<p><span style=\"font-weight: bold\">Uklju\u010duje:<\/span><br \/>\nBarbie lutku s replikom odje\u0107e i dodataka.<br \/>\nCertifikat autenti\u010dnosti.<br \/>\nStalak za lutku.<br \/>\nRepliku namje\u0161taja iz navedenog razdoblja.<br \/>\nTelefon, ormar, budilicu, \u010detku za kosu, modne \u010dasopise, okvir za slike i jo\u0161 mnogo toga.<\/p>\n<p>Dizajn: Bill Greening<\/p>\n","protected":false},"excerpt":{"rendered":"<p>Replika originalne Barbie vile iz 1962 godine<br \/>\nvjerna je preslika stila, mode i namje\u0161taja tog vremena<br \/>\nDizajn: Bill Greening<\/p>\n","protected":false},"featured_media":0,"template":"","meta":{"_seopress_robots_primary_cat":"","_seopress_titles_title":"","_seopress_titles_desc":"","_seopress_robots_index":"","iawp_total_views":0},"product_brand":[324],"product_cat":[274,238],"product_tag":[],"class_list":{"0":"post-42801","1":"product","2":"type-product","3":"status-publish","5":"product_brand-barbie","6":"product_cat-kucanski-pribor-238","7":"product_cat-sve-za-dom","9":"first","10":"instock","11":"shipping-taxable","12":"purchasable","13":"product-type-simple"},"_links":{"self":[{"href":"https:\/\/singuli.wpress.me\/index.php\/wp-json\/wp\/v2\/product\/42801","targetHints":{"allow":["GET"]}}],"collection":[{"href":"https:\/\/singuli.wpress.me\/index.php\/wp-json\/wp\/v2\/product"}],"about":[{"href":"https:\/\/singuli.wpress.me\/index.php\/wp-json\/wp\/v2\/types\/product"}],"version-history":[{"count":0,"href":"https:\/\/singuli.wpress.me\/index.php\/wp-json\/wp\/v2\/product\/42801\/revisions"}],"wp:attachment":[{"href":"https:\/\/singuli.wpress.me\/index.php\/wp-json\/wp\/v2\/media?parent=42801"}],"wp:term":[{"taxonomy":"product_brand","embeddable":true,"href":"https:\/\/singuli.wpress.me\/index.php\/wp-json\/wp\/v2\/product_brand?post=42801"},{"taxonomy":"product_cat","embeddable":true,"href":"https:\/\/singuli.wpress.me\/index.php\/wp-json\/wp\/v2\/product_cat?post=42801"},{"taxonomy":"product_tag","embeddable":true,"href":"https:\/\/singuli.wpress.me\/index.php\/wp-json\/wp\/v2\/product_tag?post=42801"}],"curies":[{"name":"wp","href":"https:\/\/api.w.org\/{rel}","templated":true}]}}